{"id":389657,"date":"2026-03-08T04:30:10","date_gmt":"2026-03-08T03:30:10","guid":{"rendered":"https:\/\/grupotextil.es\/producto\/polo-pique-hombre\/"},"modified":"2026-03-08T04:30:10","modified_gmt":"2026-03-08T03:30:10","slug":"polo-pique-hombre","status":"publish","type":"product","link":"https:\/\/grupotextil.es\/en\/product\/polo-pique-hombre\/","title":{"rendered":"Polo piqu\u00e9 hombre"},"content":{"rendered":"<ul>\n<li>200 g\/m\u00b2 (White: 195 g\/m\u00b2)<\/li>\n<li>100% algod\u00f3n peinado<\/li>\n<li>Cuello encintado<\/li>\n<li>Tapeta con 2 botones en el mismo color de la prenda<\/li>\n<li>Cuello y pu\u00f1os de canal\u00e9<\/li>\n<li>Hombros reforzados<\/li>\n<li>Costuras dobles<\/li>\n<li>Aberturas laterales<\/li>\n<\/ul>","protected":false},"excerpt":{"rendered":"<p>200 g\/m\u00b2 (White: 195 g\/m\u00b2)100% algod\u00f3n peinadoCuello encintadoTapeta con 2 botones en el mismo color de la prendaCuello y pu\u00f1os de canal\u00e9Hombros reforzadosCosturas doblesAberturas laterales<\/p>","protected":false},"featured_media":421829,"comment_status":"open","ping_status":"closed","template":"","meta":{"_acf_changed":false},"product_brand":[11670],"product_cat":[13974,13975,13979,13988,13973],"product_tag":[],"class_list":{"0":"post-389657","1":"product","2":"type-product","3":"status-publish","4":"has-post-thumbnail","6":"product_brand-russell-europe","7":"product_cat-ropa-hombre","8":"product_cat-ropa-mujer","9":"product_cat-h-polos","10":"product_cat-m-polos","11":"product_cat-ropa","12":"tm-no-options","14":"first","15":"instock","16":"taxable","17":"shipping-taxable","18":"product-type-variable"},"acf":[],"_links":{"self":[{"href":"https:\/\/grupotextil.es\/en\/wp-json\/wp\/v2\/product\/389657","targetHints":{"allow":["GET"]}}],"collection":[{"href":"https:\/\/grupotextil.es\/en\/wp-json\/wp\/v2\/product"}],"about":[{"href":"https:\/\/grupotextil.es\/en\/wp-json\/wp\/v2\/types\/product"}],"replies":[{"embeddable":true,"href":"https:\/\/grupotextil.es\/en\/wp-json\/wp\/v2\/comments?post=389657"}],"wp:featuredmedia":[{"embeddable":true,"href":"https:\/\/grupotextil.es\/en\/wp-json\/wp\/v2\/media\/421829"}],"wp:attachment":[{"href":"https:\/\/grupotextil.es\/en\/wp-json\/wp\/v2\/media?parent=389657"}],"wp:term":[{"taxonomy":"product_brand","embeddable":true,"href":"https:\/\/grupotextil.es\/en\/wp-json\/wp\/v2\/product_brand?post=389657"},{"taxonomy":"product_cat","embeddable":true,"href":"https:\/\/grupotextil.es\/en\/wp-json\/wp\/v2\/product_cat?post=389657"},{"taxonomy":"product_tag","embeddable":true,"href":"https:\/\/grupotextil.es\/en\/wp-json\/wp\/v2\/product_tag?post=389657"}],"curies":[{"name":"wp","href":"https:\/\/api.w.org\/{rel}","templated":true}]}}

Polo piqué hombre

<ul>
<li>200 g/m² (White: 195 g/m²)</li>
<li>100% algodón peinado</li>
<li>Cuello encintado</li>
<li>Tapeta con 2 botones en el mismo color de la prenda</li>
<li>Cuello y puños de canalé</li>
<li>Hombros reforzados</li>
<li>Costuras dobles</li>
<li>Aberturas laterales</li>
</ul>

<p>200 g/m² (White: 195 g/m²)100% algodón peinadoCuello encintadoTapeta con 2 botones en el mismo color de la prendaCuello y puños de canaléHombros reforzadosCosturas doblesAberturas laterales</p>
