{"id":389946,"date":"2026-03-08T04:30:32","date_gmt":"2026-03-08T03:30:32","guid":{"rendered":"https:\/\/grupotextil.es\/producto\/polo-pique-manga-larga-safran-lsl\/"},"modified":"2026-03-08T04:30:32","modified_gmt":"2026-03-08T03:30:32","slug":"polo-pique-manga-larga-safran-lsl","status":"publish","type":"product","link":"https:\/\/grupotextil.es\/en\/product\/polo-pique-manga-larga-safran-lsl\/","title":{"rendered":"Polo piqu\u00e9 Long Sleeve Safran Long Sleeve"},"content":{"rendered":"<ul>\n<li>180 g\/m\u00b2<\/li>\n<li>100% algod\u00f3n ring-spun<\/li>\n<li>Ash: 99% algod\u00f3n, 1% viscosa<\/li>\n<li>Heather Grey: 90% algod\u00f3n, 10% viscosa<\/li>\n<li>Tapeta con 3 botones en el mismo color de la prenda<\/li>\n<li>Pu\u00f1os con elast\u00e1n<\/li>\n<li>Cuello encintado<\/li>\n<li>Costuras dobles<\/li>\n<\/ul>","protected":false},"excerpt":{"rendered":"<p>180 g\/m\u00b2100% algod\u00f3n ring-spunAsh: 99% algod\u00f3n, 1% viscosaHeather Grey: 90% algod\u00f3n, 10% viscosaTapeta con 3 botones en el mismo color de la prendaPu\u00f1os con elast\u00e1nCuello encintadoCosturas dobles<\/p>","protected":false},"featured_media":421886,"comment_status":"open","ping_status":"closed","template":"","meta":{"_acf_changed":false},"product_brand":[11653],"product_cat":[13974,13975,13979,13988,13973],"product_tag":[],"class_list":{"0":"post-389946","1":"product","2":"type-product","3":"status-publish","4":"has-post-thumbnail","6":"product_brand-b-c","7":"product_cat-ropa-hombre","8":"product_cat-ropa-mujer","9":"product_cat-h-polos","10":"product_cat-m-polos","11":"product_cat-ropa","12":"tm-no-options","14":"first","15":"instock","16":"taxable","17":"shipping-taxable","18":"product-type-variable"},"acf":[],"_links":{"self":[{"href":"https:\/\/grupotextil.es\/en\/wp-json\/wp\/v2\/product\/389946","targetHints":{"allow":["GET"]}}],"collection":[{"href":"https:\/\/grupotextil.es\/en\/wp-json\/wp\/v2\/product"}],"about":[{"href":"https:\/\/grupotextil.es\/en\/wp-json\/wp\/v2\/types\/product"}],"replies":[{"embeddable":true,"href":"https:\/\/grupotextil.es\/en\/wp-json\/wp\/v2\/comments?post=389946"}],"wp:featuredmedia":[{"embeddable":true,"href":"https:\/\/grupotextil.es\/en\/wp-json\/wp\/v2\/media\/421886"}],"wp:attachment":[{"href":"https:\/\/grupotextil.es\/en\/wp-json\/wp\/v2\/media?parent=389946"}],"wp:term":[{"taxonomy":"product_brand","embeddable":true,"href":"https:\/\/grupotextil.es\/en\/wp-json\/wp\/v2\/product_brand?post=389946"},{"taxonomy":"product_cat","embeddable":true,"href":"https:\/\/grupotextil.es\/en\/wp-json\/wp\/v2\/product_cat?post=389946"},{"taxonomy":"product_tag","embeddable":true,"href":"https:\/\/grupotextil.es\/en\/wp-json\/wp\/v2\/product_tag?post=389946"}],"curies":[{"name":"wp","href":"https:\/\/api.w.org\/{rel}","templated":true}]}}

Polo piqué Long Sleeve Safran Long Sleeve

<ul>
<li>180 g/m²</li>
<li>100% algodón ring-spun</li>
<li>Ash: 99% algodón, 1% viscosa</li>
<li>Heather Grey: 90% algodón, 10% viscosa</li>
<li>Tapeta con 3 botones en el mismo color de la prenda</li>
<li>Puños con elastán</li>
<li>Cuello encintado</li>
<li>Costuras dobles</li>
</ul>

<p>180 g/m²100% algodón ring-spunAsh: 99% algodón, 1% viscosaHeather Grey: 90% algodón, 10% viscosaTapeta con 3 botones en el mismo color de la prendaPuños con elastánCuello encintadoCosturas dobles</p>
