{"id":390628,"date":"2026-03-08T04:32:18","date_gmt":"2026-03-08T03:32:18","guid":{"rendered":"https:\/\/grupotextil.es\/producto\/polo-de-trabajo-con-bolsillo-skill-pro\/"},"modified":"2026-03-08T04:32:18","modified_gmt":"2026-03-08T03:32:18","slug":"polo-de-trabajo-con-bolsillo-skill-pro","status":"publish","type":"product","link":"https:\/\/grupotextil.es\/en\/product\/polo-de-trabajo-con-bolsillo-skill-pro\/","title":{"rendered":"Polo de trabajo con bolsillo Skill Pro"},"content":{"rendered":"<ul>\n<li>230 g\/m\u00b2<\/li>\n<li>100% Algod\u00f3n, preencogido, ring-spun y peinado<\/li>\n<li>Cuello y bajo de manga en canal\u00e9<\/li>\n<li>Canes\u00fa media luna detr\u00e1s del cuello con presilla<\/li>\n<li>Tapeta con tres botones del mismo color de la prenda<\/li>\n<li>Bolsillo interior en pechera izquierda<\/li>\n<li>Lavable a 60\u00baC<\/li>\n<\/ul>","protected":false},"excerpt":{"rendered":"<p>230 g\/m\u00b2100% Algod\u00f3n, preencogido, ring-spun y peinadoCuello y bajo de manga en canal\u00e9Canes\u00fa media luna detr\u00e1s del cuello con presillaTapeta con tres botones del mismo color de la prendaBolsillo inter<\/p>","protected":false},"featured_media":422097,"comment_status":"open","ping_status":"closed","template":"","meta":{"_acf_changed":false},"product_brand":[11653],"product_cat":[13974,13975,13988,13979,13973],"product_tag":[],"class_list":{"0":"post-390628","1":"product","2":"type-product","3":"status-publish","4":"has-post-thumbnail","6":"product_brand-b-c","7":"product_cat-ropa-hombre","8":"product_cat-ropa-mujer","9":"product_cat-m-polos","10":"product_cat-h-polos","11":"product_cat-ropa","12":"tm-no-options","14":"first","15":"instock","16":"taxable","17":"shipping-taxable","18":"product-type-variable"},"acf":[],"_links":{"self":[{"href":"https:\/\/grupotextil.es\/en\/wp-json\/wp\/v2\/product\/390628","targetHints":{"allow":["GET"]}}],"collection":[{"href":"https:\/\/grupotextil.es\/en\/wp-json\/wp\/v2\/product"}],"about":[{"href":"https:\/\/grupotextil.es\/en\/wp-json\/wp\/v2\/types\/product"}],"replies":[{"embeddable":true,"href":"https:\/\/grupotextil.es\/en\/wp-json\/wp\/v2\/comments?post=390628"}],"wp:featuredmedia":[{"embeddable":true,"href":"https:\/\/grupotextil.es\/en\/wp-json\/wp\/v2\/media\/422097"}],"wp:attachment":[{"href":"https:\/\/grupotextil.es\/en\/wp-json\/wp\/v2\/media?parent=390628"}],"wp:term":[{"taxonomy":"product_brand","embeddable":true,"href":"https:\/\/grupotextil.es\/en\/wp-json\/wp\/v2\/product_brand?post=390628"},{"taxonomy":"product_cat","embeddable":true,"href":"https:\/\/grupotextil.es\/en\/wp-json\/wp\/v2\/product_cat?post=390628"},{"taxonomy":"product_tag","embeddable":true,"href":"https:\/\/grupotextil.es\/en\/wp-json\/wp\/v2\/product_tag?post=390628"}],"curies":[{"name":"wp","href":"https:\/\/api.w.org\/{rel}","templated":true}]}}

<ul>
<li>230 g/m²</li>
<li>100% Algodón, preencogido, ring-spun y peinado</li>
<li>Cuello y bajo de manga en canalé</li>
<li>Canesú media luna detrás del cuello con presilla</li>
<li>Tapeta con tres botones del mismo color de la prenda</li>
<li>Bolsillo interior en pechera izquierda</li>
<li>Lavable a 60ºC</li>
</ul>

<p>230 g/m²100% Algodón, preencogido, ring-spun y peinadoCuello y bajo de manga en canaléCanesú media luna detrás del cuello con presillaTapeta con tres botones del mismo color de la prendaBolsillo inter</p>
