{"id":391348,"date":"2026-03-08T04:36:54","date_gmt":"2026-03-08T03:36:54","guid":{"rendered":"https:\/\/grupotextil.es\/producto\/pro-hi-vis-ablaze-softshell\/"},"modified":"2026-03-08T04:36:54","modified_gmt":"2026-03-08T03:36:54","slug":"pro-hi-vis-ablaze-softshell","status":"publish","type":"product","link":"https:\/\/grupotextil.es\/en\/product\/pro-hi-vis-ablaze-softshell\/","title":{"rendered":"Pro Hi-Vis Ablaze Softshell"},"content":{"rendered":"<ul>\n<li>100% poli\u00e9ster (reciclado parcialmente)<\/li>\n<li>Softshell tejido con respaldo c\u00e1lido<\/li>\n<li>Certificado seg\u00fan EN ISO 20471:2013 A1:2016 Clase 3.<\/li>\n<li>2 bolsillos inferiores con cremallera<\/li>\n<\/ul>","protected":false},"excerpt":{"rendered":"<p>100% poli\u00e9ster (reciclado parcialmente)Softshell tejido con respaldo c\u00e1lidoCertificado seg\u00fan EN ISO 20471:2013 A1:2016 Clase 3.<\/p>","protected":false},"featured_media":422549,"comment_status":"open","ping_status":"closed","template":"","meta":{"_acf_changed":false},"product_brand":[11656],"product_cat":[13948,13954,13930],"product_tag":[],"class_list":{"0":"post-391348","1":"product","2":"type-product","3":"status-publish","4":"has-post-thumbnail","6":"product_brand-regatta","7":"product_cat-accesorios","8":"product_cat-acc-bolsas-y-mochilas","9":"product_cat-laboral","10":"tm-no-options","12":"first","13":"instock","14":"taxable","15":"shipping-taxable","16":"product-type-variable"},"acf":[],"_links":{"self":[{"href":"https:\/\/grupotextil.es\/en\/wp-json\/wp\/v2\/product\/391348","targetHints":{"allow":["GET"]}}],"collection":[{"href":"https:\/\/grupotextil.es\/en\/wp-json\/wp\/v2\/product"}],"about":[{"href":"https:\/\/grupotextil.es\/en\/wp-json\/wp\/v2\/types\/product"}],"replies":[{"embeddable":true,"href":"https:\/\/grupotextil.es\/en\/wp-json\/wp\/v2\/comments?post=391348"}],"wp:featuredmedia":[{"embeddable":true,"href":"https:\/\/grupotextil.es\/en\/wp-json\/wp\/v2\/media\/422549"}],"wp:attachment":[{"href":"https:\/\/grupotextil.es\/en\/wp-json\/wp\/v2\/media?parent=391348"}],"wp:term":[{"taxonomy":"product_brand","embeddable":true,"href":"https:\/\/grupotextil.es\/en\/wp-json\/wp\/v2\/product_brand?post=391348"},{"taxonomy":"product_cat","embeddable":true,"href":"https:\/\/grupotextil.es\/en\/wp-json\/wp\/v2\/product_cat?post=391348"},{"taxonomy":"product_tag","embeddable":true,"href":"https:\/\/grupotextil.es\/en\/wp-json\/wp\/v2\/product_tag?post=391348"}],"curies":[{"name":"wp","href":"https:\/\/api.w.org\/{rel}","templated":true}]}}

<ul>
<li>100% poliéster (reciclado parcialmente)</li>
<li>Softshell tejido con respaldo cálido</li>
<li>Certificado según EN ISO 20471:2013 A1:2016 Clase 3.</li>
<li>2 bolsillos inferiores con cremallera</li>
</ul>

<p>100% poliéster (reciclado parcialmente)Softshell tejido con respaldo cálidoCertificado según EN ISO 20471:2013 A1:2016 Clase 3.</p>
