{"id":391569,"date":"2026-03-08T04:40:20","date_gmt":"2026-03-08T03:40:20","guid":{"rendered":"https:\/\/grupotextil.es\/producto\/bolsa-mochila-earthaware\/"},"modified":"2026-03-08T04:40:20","modified_gmt":"2026-03-08T03:40:20","slug":"bolsa-mochila-earthaware","status":"publish","type":"product","link":"https:\/\/grupotextil.es\/en\/product\/bolsa-mochila-earthaware\/","title":{"rendered":"Bag\/Mochila EarthAware\u2122"},"content":{"rendered":"<ul>\n<li>340 g\/m\u00b2<\/li>\n<li>100% algod\u00f3n org\u00e1nico<\/li>\n<li>Resistente<\/li>\n<li>Cierre con cord\u00f3n ajustable<\/li>\n<li>Capacidad: 13 litros<\/li>\n<li>Medidas: 34 x 47 cm<\/li>\n<li>Bordado m\u00e1ximo: aro tubular de 18<\/li>\n<li>\u00c1rea m\u00e1xima de impresi\u00f3n: 32 x 42 cm<\/li>\n<\/ul>","protected":false},"excerpt":{"rendered":"<p>340 g\/m\u00b2100% algod\u00f3n org\u00e1nicoResistenteCierre con cord\u00f3n ajustableCapacidad: 13 litrosMedidas: 34 x 47 cmBordado m\u00e1ximo: aro tubular de 18\u00c1rea m\u00e1xima de impresi\u00f3n: 32 x 42 cm<\/p>","protected":false},"featured_media":422670,"comment_status":"open","ping_status":"closed","template":"","meta":{"_acf_changed":false},"product_brand":[11680],"product_cat":[13948,13954,13930],"product_tag":[],"class_list":{"0":"post-391569","1":"product","2":"type-product","3":"status-publish","4":"has-post-thumbnail","6":"product_brand-westford-mill","7":"product_cat-accesorios","8":"product_cat-acc-bolsas-y-mochilas","9":"product_cat-laboral","10":"tm-no-options","12":"first","13":"instock","14":"taxable","15":"shipping-taxable","16":"product-type-variable"},"acf":[],"_links":{"self":[{"href":"https:\/\/grupotextil.es\/en\/wp-json\/wp\/v2\/product\/391569","targetHints":{"allow":["GET"]}}],"collection":[{"href":"https:\/\/grupotextil.es\/en\/wp-json\/wp\/v2\/product"}],"about":[{"href":"https:\/\/grupotextil.es\/en\/wp-json\/wp\/v2\/types\/product"}],"replies":[{"embeddable":true,"href":"https:\/\/grupotextil.es\/en\/wp-json\/wp\/v2\/comments?post=391569"}],"wp:featuredmedia":[{"embeddable":true,"href":"https:\/\/grupotextil.es\/en\/wp-json\/wp\/v2\/media\/422670"}],"wp:attachment":[{"href":"https:\/\/grupotextil.es\/en\/wp-json\/wp\/v2\/media?parent=391569"}],"wp:term":[{"taxonomy":"product_brand","embeddable":true,"href":"https:\/\/grupotextil.es\/en\/wp-json\/wp\/v2\/product_brand?post=391569"},{"taxonomy":"product_cat","embeddable":true,"href":"https:\/\/grupotextil.es\/en\/wp-json\/wp\/v2\/product_cat?post=391569"},{"taxonomy":"product_tag","embeddable":true,"href":"https:\/\/grupotextil.es\/en\/wp-json\/wp\/v2\/product_tag?post=391569"}],"curies":[{"name":"wp","href":"https:\/\/api.w.org\/{rel}","templated":true}]}}

<ul>
<li>340 g/m²</li>
<li>100% algodón orgánico</li>
<li>Resistente</li>
<li>Cierre con cordón ajustable</li>
<li>Capacidad: 13 litros</li>
<li>Medidas: 34 x 47 cm</li>
<li>Bordado máximo: aro tubular de 18</li>
<li>Área máxima de impresión: 32 x 42 cm</li>
</ul>

<p>340 g/m²100% algodón orgánicoResistenteCierre con cordón ajustableCapacidad: 13 litrosMedidas: 34 x 47 cmBordado máximo: aro tubular de 18Área máxima de impresión: 32 x 42 cm</p>
