{"id":391770,"date":"2026-03-08T04:42:16","date_gmt":"2026-03-08T03:42:16","guid":{"rendered":"https:\/\/grupotextil.es\/producto\/bolsa-algodon-pequena-asa-corta\/"},"modified":"2026-03-08T04:42:16","modified_gmt":"2026-03-08T03:42:16","slug":"bolsa-algodon-pequena-asa-corta","status":"publish","type":"product","link":"https:\/\/grupotextil.es\/en\/product\/bolsa-algodon-pequena-asa-corta\/","title":{"rendered":"Bag algod\u00f3n peque\u00f1a asa corta"},"content":{"rendered":"<ul>\n<li>140 g\/m\u00b2<\/li>\n<li>100% algod\u00f3n<\/li>\n<li>Bolsa peque\u00f1a<\/li>\n<li>Asas cortas (24 cm aprox)<\/li>\n<li>Puntos formando una cruz en la base de las asas para m\u00e1s estabilidad<\/li>\n<li>Costuras laterales enrolladas para evitar que se encoja<\/li>\n<li>Medidas: 22 x 26 cm<\/li>\n<li>Apropiado para bordado, serigraf\u00eda y transfer (bolsa planchada)<\/li>\n<li>\u00c1rea m\u00e1xima de impresi\u00f3n:15 x 15 cm<\/li>\n<li>Lavado solo a mano con agua tibia<\/li>\n<\/ul>","protected":false},"excerpt":{"rendered":"<p>140 g\/m\u00b2100% algod\u00f3nBolsa peque\u00f1aAsas cortas (24 cm aprox)Puntos formando una cruz en la base de las asas para m\u00e1s estabilidadCosturas laterales enrolladas para evitar que se encojaMedidas: 22 x 26 cm<\/p>","protected":false},"featured_media":422761,"comment_status":"open","ping_status":"closed","template":"","meta":{"_acf_changed":false},"product_brand":[11681],"product_cat":[13948,13954],"product_tag":[14009],"class_list":{"0":"post-391770","1":"product","2":"type-product","3":"status-publish","4":"has-post-thumbnail","6":"product_brand-sg-accessories-bags","7":"product_cat-accesorios","8":"product_cat-acc-bolsas-y-mochilas","9":"product_tag-top-ventas","10":"tm-no-options","12":"first","13":"instock","14":"taxable","15":"shipping-taxable","16":"product-type-variable"},"acf":[],"_links":{"self":[{"href":"https:\/\/grupotextil.es\/en\/wp-json\/wp\/v2\/product\/391770","targetHints":{"allow":["GET"]}}],"collection":[{"href":"https:\/\/grupotextil.es\/en\/wp-json\/wp\/v2\/product"}],"about":[{"href":"https:\/\/grupotextil.es\/en\/wp-json\/wp\/v2\/types\/product"}],"replies":[{"embeddable":true,"href":"https:\/\/grupotextil.es\/en\/wp-json\/wp\/v2\/comments?post=391770"}],"wp:featuredmedia":[{"embeddable":true,"href":"https:\/\/grupotextil.es\/en\/wp-json\/wp\/v2\/media\/422761"}],"wp:attachment":[{"href":"https:\/\/grupotextil.es\/en\/wp-json\/wp\/v2\/media?parent=391770"}],"wp:term":[{"taxonomy":"product_brand","embeddable":true,"href":"https:\/\/grupotextil.es\/en\/wp-json\/wp\/v2\/product_brand?post=391770"},{"taxonomy":"product_cat","embeddable":true,"href":"https:\/\/grupotextil.es\/en\/wp-json\/wp\/v2\/product_cat?post=391770"},{"taxonomy":"product_tag","embeddable":true,"href":"https:\/\/grupotextil.es\/en\/wp-json\/wp\/v2\/product_tag?post=391770"}],"curies":[{"name":"wp","href":"https:\/\/api.w.org\/{rel}","templated":true}]}}

Bag algodón pequeña asa corta

<ul>
<li>140 g/m²</li>
<li>100% algodón</li>
<li>Bolsa pequeña</li>
<li>Asas cortas (24 cm aprox)</li>
<li>Puntos formando una cruz en la base de las asas para más estabilidad</li>
<li>Costuras laterales enrolladas para evitar que se encoja</li>
<li>Medidas: 22 x 26 cm</li>
<li>Apropiado para bordado, serigrafía y transfer (bolsa planchada)</li>
<li>Área máxima de impresión:15 x 15 cm</li>
<li>Lavado solo a mano con agua tibia</li>
</ul>

<p>140 g/m²100% algodónBolsa pequeñaAsas cortas (24 cm aprox)Puntos formando una cruz en la base de las asas para más estabilidadCosturas laterales enrolladas para evitar que se encojaMedidas: 22 x 26 cm</p>
