{"id":392111,"date":"2026-03-08T04:45:56","date_gmt":"2026-03-08T03:45:56","guid":{"rendered":"https:\/\/grupotextil.es\/producto\/bolsa-barrel-packaway\/"},"modified":"2026-03-08T04:45:56","modified_gmt":"2026-03-08T03:45:56","slug":"bolsa-barrel-packaway","status":"publish","type":"product","link":"https:\/\/grupotextil.es\/en\/product\/bolsa-barrel-packaway\/","title":{"rendered":"Bag Barrel Packaway"},"content":{"rendered":"<ul>\n<li>140 g\/m\u00b2<\/li>\n<li>100% Poli\u00e9ster (210D)<\/li>\n<li>Asas de mano trenzadas<\/li>\n<li>Cremallera completa para f\u00e1cil acceso<\/li>\n<li>Combinaci\u00f3n bolsa-bolsillo interior<\/li>\n<li>Bolsillo interior<\/li>\n<li>Capacidad : 32 litros<\/li>\n<li>Medidas: 50 x 30 x 26 cm<\/li>\n<li>\u00c1rea de decoraci\u00f3n: laterales: 18 x 20 cm; extremos: 20 x 18 cm; bolsillo: 18 x 11 cm<\/li>\n<\/ul>","protected":false},"excerpt":{"rendered":"<p>140 g\/m\u00b2100% Poli\u00e9ster (210D)Asas de mano trenzadasCremallera completa para f\u00e1cil accesoCombinaci\u00f3n bolsa-bolsillo interiorBolsillo interiorCapacidad : 32 litrosMedidas: 50 x 30 x 26 cm\u00c1rea de decorac<\/p>","protected":false},"featured_media":423082,"comment_status":"open","ping_status":"closed","template":"","meta":{"_acf_changed":false},"product_brand":[11668],"product_cat":[13948,13954],"product_tag":[],"class_list":{"0":"post-392111","1":"product","2":"type-product","3":"status-publish","4":"has-post-thumbnail","6":"product_brand-bag-base","7":"product_cat-accesorios","8":"product_cat-acc-bolsas-y-mochilas","9":"tm-no-options","11":"first","12":"instock","13":"taxable","14":"shipping-taxable","15":"product-type-variable"},"acf":[],"_links":{"self":[{"href":"https:\/\/grupotextil.es\/en\/wp-json\/wp\/v2\/product\/392111","targetHints":{"allow":["GET"]}}],"collection":[{"href":"https:\/\/grupotextil.es\/en\/wp-json\/wp\/v2\/product"}],"about":[{"href":"https:\/\/grupotextil.es\/en\/wp-json\/wp\/v2\/types\/product"}],"replies":[{"embeddable":true,"href":"https:\/\/grupotextil.es\/en\/wp-json\/wp\/v2\/comments?post=392111"}],"wp:featuredmedia":[{"embeddable":true,"href":"https:\/\/grupotextil.es\/en\/wp-json\/wp\/v2\/media\/423082"}],"wp:attachment":[{"href":"https:\/\/grupotextil.es\/en\/wp-json\/wp\/v2\/media?parent=392111"}],"wp:term":[{"taxonomy":"product_brand","embeddable":true,"href":"https:\/\/grupotextil.es\/en\/wp-json\/wp\/v2\/product_brand?post=392111"},{"taxonomy":"product_cat","embeddable":true,"href":"https:\/\/grupotextil.es\/en\/wp-json\/wp\/v2\/product_cat?post=392111"},{"taxonomy":"product_tag","embeddable":true,"href":"https:\/\/grupotextil.es\/en\/wp-json\/wp\/v2\/product_tag?post=392111"}],"curies":[{"name":"wp","href":"https:\/\/api.w.org\/{rel}","templated":true}]}}

<ul>
<li>140 g/m²</li>
<li>100% Poliéster (210D)</li>
<li>Asas de mano trenzadas</li>
<li>Cremallera completa para fácil acceso</li>
<li>Combinación bolsa-bolsillo interior</li>
<li>Bolsillo interior</li>
<li>Capacidad : 32 litros</li>
<li>Medidas: 50 x 30 x 26 cm</li>
<li>Área de decoración: laterales: 18 x 20 cm; extremos: 20 x 18 cm; bolsillo: 18 x 11 cm</li>
</ul>

<p>140 g/m²100% Poliéster (210D)Asas de mano trenzadasCremallera completa para fácil accesoCombinación bolsa-bolsillo interiorBolsillo interiorCapacidad : 32 litrosMedidas: 50 x 30 x 26 cmÁrea de decorac</p>
