{"id":392250,"date":"2026-03-08T04:46:14","date_gmt":"2026-03-08T03:46:14","guid":{"rendered":"https:\/\/grupotextil.es\/producto\/cartera-digital-2-tonos\/"},"modified":"2026-03-08T04:46:14","modified_gmt":"2026-03-08T03:46:14","slug":"cartera-digital-2-tonos","status":"publish","type":"product","link":"https:\/\/grupotextil.es\/en\/product\/cartera-digital-2-tonos\/","title":{"rendered":"Cartera Digital 2 tonos"},"content":{"rendered":"<ul>\n<li>100% poli\u00e9ster (600D)<\/li>\n<li>Correa de hombro ajustable acolchada<\/li>\n<li>Asa de mano<\/li>\n<li>Compartimento para port\u00e1til acolchado, compatible hasta 15.6<\/li>\n<li>Organizador interior<\/li>\n<li>Bolsillo trasero con cremallera<\/li>\n<li>Etiqueta extra\u00edble para f\u00e1cil re-etiquetado<\/li>\n<li>Capacidad: 11 litros<\/li>\n<li>Tama\u00f1o: 39 x 31 x 12 cm<\/li>\n<li>Bordado m\u00e1ximo: aro plano de 18<\/li>\n<li>\u00c1rea m\u00e1xima de impresi\u00f3n: 32 x 20 cm<\/li>\n<\/ul>","protected":false},"excerpt":{"rendered":"<p>100% poli\u00e9ster (600D)Correa de hombro ajustable acolchadaAsa de manoCompartimento para port\u00e1til acolchado, compatible hasta 15.<\/p>","protected":false},"featured_media":423201,"comment_status":"open","ping_status":"closed","template":"","meta":{"_acf_changed":false},"product_brand":[11668],"product_cat":[13948,13954],"product_tag":[],"class_list":{"0":"post-392250","1":"product","2":"type-product","3":"status-publish","4":"has-post-thumbnail","6":"product_brand-bag-base","7":"product_cat-accesorios","8":"product_cat-acc-bolsas-y-mochilas","9":"tm-no-options","11":"first","12":"instock","13":"taxable","14":"shipping-taxable","15":"product-type-variable"},"acf":[],"_links":{"self":[{"href":"https:\/\/grupotextil.es\/en\/wp-json\/wp\/v2\/product\/392250","targetHints":{"allow":["GET"]}}],"collection":[{"href":"https:\/\/grupotextil.es\/en\/wp-json\/wp\/v2\/product"}],"about":[{"href":"https:\/\/grupotextil.es\/en\/wp-json\/wp\/v2\/types\/product"}],"replies":[{"embeddable":true,"href":"https:\/\/grupotextil.es\/en\/wp-json\/wp\/v2\/comments?post=392250"}],"wp:featuredmedia":[{"embeddable":true,"href":"https:\/\/grupotextil.es\/en\/wp-json\/wp\/v2\/media\/423201"}],"wp:attachment":[{"href":"https:\/\/grupotextil.es\/en\/wp-json\/wp\/v2\/media?parent=392250"}],"wp:term":[{"taxonomy":"product_brand","embeddable":true,"href":"https:\/\/grupotextil.es\/en\/wp-json\/wp\/v2\/product_brand?post=392250"},{"taxonomy":"product_cat","embeddable":true,"href":"https:\/\/grupotextil.es\/en\/wp-json\/wp\/v2\/product_cat?post=392250"},{"taxonomy":"product_tag","embeddable":true,"href":"https:\/\/grupotextil.es\/en\/wp-json\/wp\/v2\/product_tag?post=392250"}],"curies":[{"name":"wp","href":"https:\/\/api.w.org\/{rel}","templated":true}]}}

<ul>
<li>100% poliéster (600D)</li>
<li>Correa de hombro ajustable acolchada</li>
<li>Asa de mano</li>
<li>Compartimento para portátil acolchado, compatible hasta 15.6</li>
<li>Organizador interior</li>
<li>Bolsillo trasero con cremallera</li>
<li>Etiqueta extraíble para fácil re-etiquetado</li>
<li>Capacidad: 11 litros</li>
<li>Tamaño: 39 x 31 x 12 cm</li>
<li>Bordado máximo: aro plano de 18</li>
<li>Área máxima de impresión: 32 x 20 cm</li>
</ul>

<p>100% poliéster (600D)Correa de hombro ajustable acolchadaAsa de manoCompartimento para portátil acolchado, compatible hasta 15.</p>
