{"id":392367,"date":"2026-03-08T04:46:41","date_gmt":"2026-03-08T03:46:41","guid":{"rendered":"https:\/\/grupotextil.es\/producto\/bolsa-para-libros-enhanced-viz\/"},"modified":"2026-03-08T04:46:41","modified_gmt":"2026-03-08T03:46:41","slug":"bolsa-para-libros-enhanced-viz","status":"publish","type":"product","link":"https:\/\/grupotextil.es\/en\/product\/bolsa-para-libros-enhanced-viz\/","title":{"rendered":"Bag para libros Enhanced-Viz"},"content":{"rendered":"<ul>\n<li>100% poli\u00e9ster (600D)<\/li>\n<li>Asa de mano<\/li>\n<li>Panel reflectante<\/li>\n<li>Detalles fluorescentes<\/li>\n<li>Cierre Rip-Strip\u2122<\/li>\n<li>Secci\u00f3n para tarjeta identificativa<\/li>\n<li>Capacidad: 4 litros<\/li>\n<li>Medidas: 38 x 28 cm<\/li>\n<li>\u00c1rea m\u00e1xima de bordado: 18 aro tubular<\/li>\n<li>\u00c1rea m\u00e1xima de impresi\u00f3n: 28 x 16 cm<\/li>\n<\/ul>","protected":false},"excerpt":{"rendered":"<p>100% poli\u00e9ster (600D)Asa de manoPanel reflectanteDetalles fluorescentesCierre Rip-Strip\u2122Secci\u00f3n para tarjeta identificativaCapacidad: 4 litrosMedidas: 38 x 28 cm\u00c1rea m\u00e1xima de bordado: 18 aro tubular\u00c1<\/p>","protected":false},"featured_media":423357,"comment_status":"open","ping_status":"closed","template":"","meta":{"_acf_changed":false},"product_brand":[11657],"product_cat":[13954],"product_tag":[],"class_list":{"0":"post-392367","1":"product","2":"type-product","3":"status-publish","4":"has-post-thumbnail","6":"product_brand-quadra","7":"product_cat-acc-bolsas-y-mochilas","8":"tm-no-options","10":"first","11":"instock","12":"taxable","13":"shipping-taxable","14":"product-type-variable"},"acf":[],"_links":{"self":[{"href":"https:\/\/grupotextil.es\/en\/wp-json\/wp\/v2\/product\/392367","targetHints":{"allow":["GET"]}}],"collection":[{"href":"https:\/\/grupotextil.es\/en\/wp-json\/wp\/v2\/product"}],"about":[{"href":"https:\/\/grupotextil.es\/en\/wp-json\/wp\/v2\/types\/product"}],"replies":[{"embeddable":true,"href":"https:\/\/grupotextil.es\/en\/wp-json\/wp\/v2\/comments?post=392367"}],"wp:featuredmedia":[{"embeddable":true,"href":"https:\/\/grupotextil.es\/en\/wp-json\/wp\/v2\/media\/423357"}],"wp:attachment":[{"href":"https:\/\/grupotextil.es\/en\/wp-json\/wp\/v2\/media?parent=392367"}],"wp:term":[{"taxonomy":"product_brand","embeddable":true,"href":"https:\/\/grupotextil.es\/en\/wp-json\/wp\/v2\/product_brand?post=392367"},{"taxonomy":"product_cat","embeddable":true,"href":"https:\/\/grupotextil.es\/en\/wp-json\/wp\/v2\/product_cat?post=392367"},{"taxonomy":"product_tag","embeddable":true,"href":"https:\/\/grupotextil.es\/en\/wp-json\/wp\/v2\/product_tag?post=392367"}],"curies":[{"name":"wp","href":"https:\/\/api.w.org\/{rel}","templated":true}]}}

<ul>
<li>100% poliéster (600D)</li>
<li>Asa de mano</li>
<li>Panel reflectante</li>
<li>Detalles fluorescentes</li>
<li>Cierre Rip-Strip™</li>
<li>Sección para tarjeta identificativa</li>
<li>Capacidad: 4 litros</li>
<li>Medidas: 38 x 28 cm</li>
<li>Área máxima de bordado: 18 aro tubular</li>
<li>Área máxima de impresión: 28 x 16 cm</li>
</ul>

<p>100% poliéster (600D)Asa de manoPanel reflectanteDetalles fluorescentesCierre Rip-Strip™Sección para tarjeta identificativaCapacidad: 4 litrosMedidas: 38 x 28 cmÁrea máxima de bordado: 18 aro tubularÁ</p>
