{"id":392408,"date":"2026-03-08T04:46:45","date_gmt":"2026-03-08T03:46:45","guid":{"rendered":"https:\/\/grupotextil.es\/producto\/bolsa-organica-earthaware-con-correa\/"},"modified":"2026-03-08T04:46:45","modified_gmt":"2026-03-08T03:46:45","slug":"bolsa-organica-earthaware-con-correa","status":"publish","type":"product","link":"https:\/\/grupotextil.es\/en\/product\/bolsa-organica-earthaware-con-correa\/","title":{"rendered":"Bag org\u00e1nico EarthAware\u2122 con correa"},"content":{"rendered":"<ul>\n<li>407 g\/m\u00b2<\/li>\n<li>100% algod\u00f3n org\u00e1nico (lona)<\/li>\n<li>Tejido Premium<\/li>\n<li>Cierre con cremallera<\/li>\n<li>Correa (longitud: 15 cm)<\/li>\n<li>Capacidad en Litros: 1 (S), 2 (L)<\/li>\n<li>Dimensiones en cm: 19 x 17 (S), 28 x 22 (L)<\/li>\n<li>Bordado m\u00e1ximo: aro tubular: 6 (S), 18 (L)<\/li>\n<li>\u00c1rea de personalizaci\u00f3n m\u00e1xima en cm: 14 x 9 (S), 23 x 14 (L)<\/li>\n<\/ul>","protected":false},"excerpt":{"rendered":"<p>407 g\/m\u00b2100% algod\u00f3n org\u00e1nico (lona)Tejido PremiumCierre con cremalleraCorrea (longitud: 15 cm)Capacidad en Litros: 1 (S), 2 (L)Dimensiones en cm: 19 x 17 (S), 28 x 22 (L)Bordado m\u00e1ximo: aro tubular:<\/p>","protected":false},"featured_media":423415,"comment_status":"open","ping_status":"closed","template":"","meta":{"_acf_changed":false},"product_brand":[11680],"product_cat":[13954],"product_tag":[],"class_list":{"0":"post-392408","1":"product","2":"type-product","3":"status-publish","4":"has-post-thumbnail","6":"product_brand-westford-mill","7":"product_cat-acc-bolsas-y-mochilas","8":"tm-no-options","10":"first","11":"instock","12":"taxable","13":"shipping-taxable","14":"product-type-variable"},"acf":[],"_links":{"self":[{"href":"https:\/\/grupotextil.es\/en\/wp-json\/wp\/v2\/product\/392408","targetHints":{"allow":["GET"]}}],"collection":[{"href":"https:\/\/grupotextil.es\/en\/wp-json\/wp\/v2\/product"}],"about":[{"href":"https:\/\/grupotextil.es\/en\/wp-json\/wp\/v2\/types\/product"}],"replies":[{"embeddable":true,"href":"https:\/\/grupotextil.es\/en\/wp-json\/wp\/v2\/comments?post=392408"}],"wp:featuredmedia":[{"embeddable":true,"href":"https:\/\/grupotextil.es\/en\/wp-json\/wp\/v2\/media\/423415"}],"wp:attachment":[{"href":"https:\/\/grupotextil.es\/en\/wp-json\/wp\/v2\/media?parent=392408"}],"wp:term":[{"taxonomy":"product_brand","embeddable":true,"href":"https:\/\/grupotextil.es\/en\/wp-json\/wp\/v2\/product_brand?post=392408"},{"taxonomy":"product_cat","embeddable":true,"href":"https:\/\/grupotextil.es\/en\/wp-json\/wp\/v2\/product_cat?post=392408"},{"taxonomy":"product_tag","embeddable":true,"href":"https:\/\/grupotextil.es\/en\/wp-json\/wp\/v2\/product_tag?post=392408"}],"curies":[{"name":"wp","href":"https:\/\/api.w.org\/{rel}","templated":true}]}}

Bag orgánico EarthAware™ con correa

<ul>
<li>407 g/m²</li>
<li>100% algodón orgánico (lona)</li>
<li>Tejido Premium</li>
<li>Cierre con cremallera</li>
<li>Correa (longitud: 15 cm)</li>
<li>Capacidad en Litros: 1 (S), 2 (L)</li>
<li>Dimensiones en cm: 19 x 17 (S), 28 x 22 (L)</li>
<li>Bordado máximo: aro tubular: 6 (S), 18 (L)</li>
<li>Área de personalización máxima en cm: 14 x 9 (S), 23 x 14 (L)</li>
</ul>

<p>407 g/m²100% algodón orgánico (lona)Tejido PremiumCierre con cremalleraCorrea (longitud: 15 cm)Capacidad en Litros: 1 (S), 2 (L)Dimensiones en cm: 19 x 17 (S), 28 x 22 (L)Bordado máximo: aro tubular:</p>
