{"id":392610,"date":"2026-03-08T04:47:12","date_gmt":"2026-03-08T03:47:12","guid":{"rendered":"https:\/\/grupotextil.es\/producto\/gorro-de-canale\/"},"modified":"2026-03-08T04:47:12","modified_gmt":"2026-03-08T03:47:12","slug":"gorro-de-canale","status":"publish","type":"product","link":"https:\/\/grupotextil.es\/en\/product\/gorro-de-canale\/","title":{"rendered":"Beanie de canal\u00e9"},"content":{"rendered":"<ul>\n<li>104 g\/m\u00b2<\/li>\n<li>100% poliacr\u00edlico<\/li>\n<li>Punto canal\u00e9 grueso<\/li>\n<li>Dise\u00f1o con pu\u00f1os para una decoraci\u00f3n \u00f3ptima<\/li>\n<\/ul>","protected":false},"excerpt":{"rendered":"<p>104 g\/m\u00b2100% poliacr\u00edlicoPunto canal\u00e9 gruesoDise\u00f1o con pu\u00f1os para una decoraci\u00f3n \u00f3ptima<\/p>","protected":false},"featured_media":423680,"comment_status":"open","ping_status":"closed","template":"","meta":{"_acf_changed":false},"product_brand":[11678],"product_cat":[13948,13954],"product_tag":[],"class_list":{"0":"post-392610","1":"product","2":"type-product","3":"status-publish","4":"has-post-thumbnail","6":"product_brand-flexfit","7":"product_cat-accesorios","8":"product_cat-acc-bolsas-y-mochilas","9":"tm-no-options","11":"first","12":"instock","13":"taxable","14":"shipping-taxable","15":"product-type-variable"},"acf":[],"_links":{"self":[{"href":"https:\/\/grupotextil.es\/en\/wp-json\/wp\/v2\/product\/392610","targetHints":{"allow":["GET"]}}],"collection":[{"href":"https:\/\/grupotextil.es\/en\/wp-json\/wp\/v2\/product"}],"about":[{"href":"https:\/\/grupotextil.es\/en\/wp-json\/wp\/v2\/types\/product"}],"replies":[{"embeddable":true,"href":"https:\/\/grupotextil.es\/en\/wp-json\/wp\/v2\/comments?post=392610"}],"wp:featuredmedia":[{"embeddable":true,"href":"https:\/\/grupotextil.es\/en\/wp-json\/wp\/v2\/media\/423680"}],"wp:attachment":[{"href":"https:\/\/grupotextil.es\/en\/wp-json\/wp\/v2\/media?parent=392610"}],"wp:term":[{"taxonomy":"product_brand","embeddable":true,"href":"https:\/\/grupotextil.es\/en\/wp-json\/wp\/v2\/product_brand?post=392610"},{"taxonomy":"product_cat","embeddable":true,"href":"https:\/\/grupotextil.es\/en\/wp-json\/wp\/v2\/product_cat?post=392610"},{"taxonomy":"product_tag","embeddable":true,"href":"https:\/\/grupotextil.es\/en\/wp-json\/wp\/v2\/product_tag?post=392610"}],"curies":[{"name":"wp","href":"https:\/\/api.w.org\/{rel}","templated":true}]}}

Beanie de canalé

<ul>
<li>104 g/m²</li>
<li>100% poliacrílico</li>
<li>Punto canalé grueso</li>
<li>Diseño con puños para una decoración óptima</li>
</ul>

<p>104 g/m²100% poliacrílicoPunto canalé gruesoDiseño con puños para una decoración óptima</p>
