{"id":392624,"date":"2026-03-08T04:47:13","date_gmt":"2026-03-08T03:47:13","guid":{"rendered":"https:\/\/grupotextil.es\/producto\/bolsa-shopper-de-yute-y-algodon\/"},"modified":"2026-03-08T04:47:13","modified_gmt":"2026-03-08T03:47:13","slug":"bolsa-shopper-de-yute-y-algodon","status":"publish","type":"product","link":"https:\/\/grupotextil.es\/en\/product\/bolsa-shopper-de-yute-y-algodon\/","title":{"rendered":"Bag shopper Jute y algod\u00f3n"},"content":{"rendered":"<ul>\n<li>100% yute laminado<\/li>\n<li>Longitud de asa: 55 cm<\/li>\n<li>Bolsillo frontal imprimible de algod\u00f3n<\/li>\n<li>Capacidad: 21 Litros<\/li>\n<li>Medidas: 42 x 33 x 19 cm<\/li>\n<li>Max. bordado con aro tubular: 18<\/li>\n<li>\u00c1rea de impresi\u00f3n: 36 x 22 cm.<\/li>\n<\/ul>","protected":false},"excerpt":{"rendered":"<p>100% yute laminadoLongitud de asa: 55 cmBolsillo frontal imprimible de algod\u00f3nCapacidad: 21 LitrosMedidas: 42 x 33 x 19 cmMax. bordado con aro tubular: 18\u00c1rea de impresi\u00f3n: 36 x 22 cm.<\/p>","protected":false},"featured_media":423699,"comment_status":"open","ping_status":"closed","template":"","meta":{"_acf_changed":false},"product_brand":[11680],"product_cat":[13948,13954],"product_tag":[],"class_list":{"0":"post-392624","1":"product","2":"type-product","3":"status-publish","4":"has-post-thumbnail","6":"product_brand-westford-mill","7":"product_cat-accesorios","8":"product_cat-acc-bolsas-y-mochilas","9":"tm-no-options","11":"first","12":"instock","13":"taxable","14":"shipping-taxable","15":"product-type-variable"},"acf":[],"_links":{"self":[{"href":"https:\/\/grupotextil.es\/en\/wp-json\/wp\/v2\/product\/392624","targetHints":{"allow":["GET"]}}],"collection":[{"href":"https:\/\/grupotextil.es\/en\/wp-json\/wp\/v2\/product"}],"about":[{"href":"https:\/\/grupotextil.es\/en\/wp-json\/wp\/v2\/types\/product"}],"replies":[{"embeddable":true,"href":"https:\/\/grupotextil.es\/en\/wp-json\/wp\/v2\/comments?post=392624"}],"wp:featuredmedia":[{"embeddable":true,"href":"https:\/\/grupotextil.es\/en\/wp-json\/wp\/v2\/media\/423699"}],"wp:attachment":[{"href":"https:\/\/grupotextil.es\/en\/wp-json\/wp\/v2\/media?parent=392624"}],"wp:term":[{"taxonomy":"product_brand","embeddable":true,"href":"https:\/\/grupotextil.es\/en\/wp-json\/wp\/v2\/product_brand?post=392624"},{"taxonomy":"product_cat","embeddable":true,"href":"https:\/\/grupotextil.es\/en\/wp-json\/wp\/v2\/product_cat?post=392624"},{"taxonomy":"product_tag","embeddable":true,"href":"https:\/\/grupotextil.es\/en\/wp-json\/wp\/v2\/product_tag?post=392624"}],"curies":[{"name":"wp","href":"https:\/\/api.w.org\/{rel}","templated":true}]}}

Bag shopper Jute y algodón

<ul>
<li>100% yute laminado</li>
<li>Longitud de asa: 55 cm</li>
<li>Bolsillo frontal imprimible de algodón</li>
<li>Capacidad: 21 Litros</li>
<li>Medidas: 42 x 33 x 19 cm</li>
<li>Max. bordado con aro tubular: 18</li>
<li>Área de impresión: 36 x 22 cm.</li>
</ul>

<p>100% yute laminadoLongitud de asa: 55 cmBolsillo frontal imprimible de algodónCapacidad: 21 LitrosMedidas: 42 x 33 x 19 cmMax. bordado con aro tubular: 18Área de impresión: 36 x 22 cm.</p>
