{"id":392699,"date":"2026-03-08T04:47:19","date_gmt":"2026-03-08T03:47:19","guid":{"rendered":"https:\/\/grupotextil.es\/producto\/bolsa-life-asas-en-contraste\/"},"modified":"2026-03-08T04:47:19","modified_gmt":"2026-03-08T03:47:19","slug":"bolsa-life-asas-en-contraste","status":"publish","type":"product","link":"https:\/\/grupotextil.es\/en\/product\/bolsa-life-asas-en-contraste\/","title":{"rendered":"Bag Life &#8211; Asas en contraste"},"content":{"rendered":"<ul>\n<li>140 g\/m\u00b2<\/li>\n<li>100% algod\u00f3n<\/li>\n<li>Asas de color en contraste (largo: 67cm)<\/li>\n<li>Capacidad: 10 Litros<\/li>\n<li>Medidas: 38 x 42 cm<\/li>\n<li>Max. Bordado: aro tubular 18<\/li>\n<li>\u00c1rea para impresi\u00f3n: 33 x 36 cm.<\/li>\n<\/ul>","protected":false},"excerpt":{"rendered":"<p>140 g\/m\u00b2100% algod\u00f3nAsas de color en contraste (largo: 67cm)Capacidad: 10 LitrosMedidas: 38 x 42 cmMax. Bordado: aro tubular 18\u00c1rea para impresi\u00f3n: 33 x 36 cm.<\/p>","protected":false},"featured_media":423807,"comment_status":"open","ping_status":"closed","template":"","meta":{"_acf_changed":false},"product_brand":[11680],"product_cat":[13948,13954],"product_tag":[],"class_list":{"0":"post-392699","1":"product","2":"type-product","3":"status-publish","4":"has-post-thumbnail","6":"product_brand-westford-mill","7":"product_cat-accesorios","8":"product_cat-acc-bolsas-y-mochilas","9":"tm-no-options","11":"first","12":"instock","13":"taxable","14":"shipping-taxable","15":"product-type-variable"},"acf":[],"_links":{"self":[{"href":"https:\/\/grupotextil.es\/en\/wp-json\/wp\/v2\/product\/392699","targetHints":{"allow":["GET"]}}],"collection":[{"href":"https:\/\/grupotextil.es\/en\/wp-json\/wp\/v2\/product"}],"about":[{"href":"https:\/\/grupotextil.es\/en\/wp-json\/wp\/v2\/types\/product"}],"replies":[{"embeddable":true,"href":"https:\/\/grupotextil.es\/en\/wp-json\/wp\/v2\/comments?post=392699"}],"wp:featuredmedia":[{"embeddable":true,"href":"https:\/\/grupotextil.es\/en\/wp-json\/wp\/v2\/media\/423807"}],"wp:attachment":[{"href":"https:\/\/grupotextil.es\/en\/wp-json\/wp\/v2\/media?parent=392699"}],"wp:term":[{"taxonomy":"product_brand","embeddable":true,"href":"https:\/\/grupotextil.es\/en\/wp-json\/wp\/v2\/product_brand?post=392699"},{"taxonomy":"product_cat","embeddable":true,"href":"https:\/\/grupotextil.es\/en\/wp-json\/wp\/v2\/product_cat?post=392699"},{"taxonomy":"product_tag","embeddable":true,"href":"https:\/\/grupotextil.es\/en\/wp-json\/wp\/v2\/product_tag?post=392699"}],"curies":[{"name":"wp","href":"https:\/\/api.w.org\/{rel}","templated":true}]}}

<ul>
<li>140 g/m²</li>
<li>100% algodón</li>
<li>Asas de color en contraste (largo: 67cm)</li>
<li>Capacidad: 10 Litros</li>
<li>Medidas: 38 x 42 cm</li>
<li>Max. Bordado: aro tubular 18</li>
<li>Área para impresión: 33 x 36 cm.</li>
</ul>

<p>140 g/m²100% algodónAsas de color en contraste (largo: 67cm)Capacidad: 10 LitrosMedidas: 38 x 42 cmMax. Bordado: aro tubular 18Área para impresión: 33 x 36 cm.</p>
