{"id":392809,"date":"2026-03-08T04:47:34","date_gmt":"2026-03-08T03:47:34","guid":{"rendered":"https:\/\/grupotextil.es\/producto\/corona-a-rayas-melange-snapback\/"},"modified":"2026-03-08T04:47:34","modified_gmt":"2026-03-08T03:47:34","slug":"corona-a-rayas-melange-snapback","status":"publish","type":"product","link":"https:\/\/grupotextil.es\/en\/product\/corona-a-rayas-melange-snapback\/","title":{"rendered":"Corona a rayas Melange Snapback"},"content":{"rendered":"<ul>\n<li>74% poli\u00e9ster, 22% viscosa, 4% elastano<\/li>\n<li>Visera: 80% Poliacr\u00edlico, 20% Lana<\/li>\n<li>Forma cl\u00e1sica<\/li>\n<li>Tejido bucaram r\u00edgido<\/li>\n<li>6 paneles<\/li>\n<li>Visera plana con 8 filas de pespuntes<\/li>\n<li>Visera inferior a juego<\/li>\n<li>Cierre a presi\u00f3n<\/li>\n<\/ul>","protected":false},"excerpt":{"rendered":"<p>74% poli\u00e9ster, 22% viscosa, 4% elastanoVisera: 80% Poliacr\u00edlico, 20% LanaForma cl\u00e1sicaTejido bucaram r\u00edgido6 panelesVisera plana con 8 filas de pespuntesVisera inferior a juegoCierre a presi\u00f3n<\/p>","protected":false},"featured_media":423980,"comment_status":"open","ping_status":"closed","template":"","meta":{"_acf_changed":false},"product_brand":[11678],"product_cat":[13948,13954],"product_tag":[],"class_list":{"0":"post-392809","1":"product","2":"type-product","3":"status-publish","4":"has-post-thumbnail","6":"product_brand-flexfit","7":"product_cat-accesorios","8":"product_cat-acc-bolsas-y-mochilas","9":"tm-no-options","11":"first","12":"instock","13":"taxable","14":"shipping-taxable","15":"product-type-variable"},"acf":[],"_links":{"self":[{"href":"https:\/\/grupotextil.es\/en\/wp-json\/wp\/v2\/product\/392809","targetHints":{"allow":["GET"]}}],"collection":[{"href":"https:\/\/grupotextil.es\/en\/wp-json\/wp\/v2\/product"}],"about":[{"href":"https:\/\/grupotextil.es\/en\/wp-json\/wp\/v2\/types\/product"}],"replies":[{"embeddable":true,"href":"https:\/\/grupotextil.es\/en\/wp-json\/wp\/v2\/comments?post=392809"}],"wp:featuredmedia":[{"embeddable":true,"href":"https:\/\/grupotextil.es\/en\/wp-json\/wp\/v2\/media\/423980"}],"wp:attachment":[{"href":"https:\/\/grupotextil.es\/en\/wp-json\/wp\/v2\/media?parent=392809"}],"wp:term":[{"taxonomy":"product_brand","embeddable":true,"href":"https:\/\/grupotextil.es\/en\/wp-json\/wp\/v2\/product_brand?post=392809"},{"taxonomy":"product_cat","embeddable":true,"href":"https:\/\/grupotextil.es\/en\/wp-json\/wp\/v2\/product_cat?post=392809"},{"taxonomy":"product_tag","embeddable":true,"href":"https:\/\/grupotextil.es\/en\/wp-json\/wp\/v2\/product_tag?post=392809"}],"curies":[{"name":"wp","href":"https:\/\/api.w.org\/{rel}","templated":true}]}}

<ul>
<li>74% poliéster, 22% viscosa, 4% elastano</li>
<li>Visera: 80% Poliacrílico, 20% Lana</li>
<li>Forma clásica</li>
<li>Tejido bucaram rígido</li>
<li>6 paneles</li>
<li>Visera plana con 8 filas de pespuntes</li>
<li>Visera inferior a juego</li>
<li>Cierre a presión</li>
</ul>

<p>74% poliéster, 22% viscosa, 4% elastanoVisera: 80% Poliacrílico, 20% LanaForma clásicaTejido bucaram rígido6 panelesVisera plana con 8 filas de pespuntesVisera inferior a juegoCierre a presión</p>
