{"id":392965,"date":"2026-03-08T04:47:49","date_gmt":"2026-03-08T03:47:49","guid":{"rendered":"https:\/\/grupotextil.es\/producto\/mochila-algodon-poliester-reciclado-dd\/"},"modified":"2026-03-08T04:47:49","modified_gmt":"2026-03-08T03:47:49","slug":"mochila-algodon-poliester-reciclado-dd","status":"publish","type":"product","link":"https:\/\/grupotextil.es\/en\/product\/mochila-algodon-poliester-reciclado-dd\/","title":{"rendered":"Mochila Algod\u00f3n\/Poli\u00e9ster reciclado DD"},"content":{"rendered":"<ul>\n<li>140 g\/m\u00b2<\/li>\n<li>65% Algod\u00f3n (reciclado), 35% Poli\u00e9ster (reciclado)<\/li>\n<li>Correas ajustables<\/li>\n<li>Apertura a presi\u00f3n con cordones<\/li>\n<li>Ojales cosidos para mayor refuerzo<\/li>\n<li>lavable a 60\u00b0C<\/li>\n<li>Medidas: 38&#215;48 cm<\/li>\n<li>\u00c1rea m\u00e1xima de impresi\u00f3n: 30&#215;34 cm<\/li>\n<li>Apto para bordado, serigraf\u00eda y transfer print (bolsa planchada)<\/li>\n<\/ul>","protected":false},"excerpt":{"rendered":"<p>140 g\/m\u00b265% Algod\u00f3n (reciclado), 35% Poli\u00e9ster (reciclado)Correas ajustablesApertura a presi\u00f3n con cordonesOjales cosidos para mayor refuerzolavable a 60\u00b0CMedidas: 38&#215;48 cm\u00c1rea m\u00e1xima de impresi\u00f3n: 30<\/p>","protected":false},"featured_media":424189,"comment_status":"open","ping_status":"closed","template":"","meta":{"_acf_changed":false},"product_brand":[11681],"product_cat":[13948,13954],"product_tag":[],"class_list":{"0":"post-392965","1":"product","2":"type-product","3":"status-publish","4":"has-post-thumbnail","6":"product_brand-sg-accessories-bags","7":"product_cat-accesorios","8":"product_cat-acc-bolsas-y-mochilas","9":"tm-no-options","11":"first","12":"instock","13":"taxable","14":"shipping-taxable","15":"product-type-variable"},"acf":[],"_links":{"self":[{"href":"https:\/\/grupotextil.es\/en\/wp-json\/wp\/v2\/product\/392965","targetHints":{"allow":["GET"]}}],"collection":[{"href":"https:\/\/grupotextil.es\/en\/wp-json\/wp\/v2\/product"}],"about":[{"href":"https:\/\/grupotextil.es\/en\/wp-json\/wp\/v2\/types\/product"}],"replies":[{"embeddable":true,"href":"https:\/\/grupotextil.es\/en\/wp-json\/wp\/v2\/comments?post=392965"}],"wp:featuredmedia":[{"embeddable":true,"href":"https:\/\/grupotextil.es\/en\/wp-json\/wp\/v2\/media\/424189"}],"wp:attachment":[{"href":"https:\/\/grupotextil.es\/en\/wp-json\/wp\/v2\/media?parent=392965"}],"wp:term":[{"taxonomy":"product_brand","embeddable":true,"href":"https:\/\/grupotextil.es\/en\/wp-json\/wp\/v2\/product_brand?post=392965"},{"taxonomy":"product_cat","embeddable":true,"href":"https:\/\/grupotextil.es\/en\/wp-json\/wp\/v2\/product_cat?post=392965"},{"taxonomy":"product_tag","embeddable":true,"href":"https:\/\/grupotextil.es\/en\/wp-json\/wp\/v2\/product_tag?post=392965"}],"curies":[{"name":"wp","href":"https:\/\/api.w.org\/{rel}","templated":true}]}}

Mochila Algodón/Poliéster reciclado DD

<ul>
<li>140 g/m²</li>
<li>65% Algodón (reciclado), 35% Poliéster (reciclado)</li>
<li>Correas ajustables</li>
<li>Apertura a presión con cordones</li>
<li>Ojales cosidos para mayor refuerzo</li>
<li>lavable a 60°C</li>
<li>Medidas: 38&#215;48 cm</li>
<li>Área máxima de impresión: 30&#215;34 cm</li>
<li>Apto para bordado, serigrafía y transfer print (bolsa planchada)</li>
</ul>

<p>140 g/m²65% Algodón (reciclado), 35% Poliéster (reciclado)Correas ajustablesApertura a presión con cordonesOjales cosidos para mayor refuerzolavable a 60°CMedidas: 38&#215;48 cmÁrea máxima de impresión: 30</p>
