{"id":392977,"date":"2026-03-08T04:47:50","date_gmt":"2026-03-08T03:47:50","guid":{"rendered":"https:\/\/grupotextil.es\/producto\/gorra-perforada-flexfit\/"},"modified":"2026-03-08T04:47:50","modified_gmt":"2026-03-08T03:47:50","slug":"gorra-perforada-flexfit","status":"publish","type":"product","link":"https:\/\/grupotextil.es\/en\/product\/gorra-perforada-flexfit\/","title":{"rendered":"Cap perforada Flexfit"},"content":{"rendered":"<ul>\n<li>97 % poli\u00e9ster, 3 % elastano<\/li>\n<li>Corte deportivo<\/li>\n<li>bucar\u00e1n duro<\/li>\n<li>6 paneles<\/li>\n<li>Visera con 5 filas de pespuntes<\/li>\n<li>Visera inferior a juego<\/li>\n<li>Visera precurvada<\/li>\n<li>Banda el\u00e1stica integrada<\/li>\n<\/ul>","protected":false},"excerpt":{"rendered":"<p>97 % poli\u00e9ster, 3 % elastanoCorte deportivobucar\u00e1n duro6 panelesVisera con 5 filas de pespuntesVisera inferior a juegoVisera precurvadaBanda el\u00e1stica integrada<\/p>","protected":false},"featured_media":424201,"comment_status":"open","ping_status":"closed","template":"","meta":{"_acf_changed":false},"product_brand":[11678],"product_cat":[13948,13954],"product_tag":[],"class_list":{"0":"post-392977","1":"product","2":"type-product","3":"status-publish","4":"has-post-thumbnail","6":"product_brand-flexfit","7":"product_cat-accesorios","8":"product_cat-acc-bolsas-y-mochilas","9":"tm-no-options","11":"first","12":"instock","13":"taxable","14":"shipping-taxable","15":"product-type-variable"},"acf":[],"_links":{"self":[{"href":"https:\/\/grupotextil.es\/en\/wp-json\/wp\/v2\/product\/392977","targetHints":{"allow":["GET"]}}],"collection":[{"href":"https:\/\/grupotextil.es\/en\/wp-json\/wp\/v2\/product"}],"about":[{"href":"https:\/\/grupotextil.es\/en\/wp-json\/wp\/v2\/types\/product"}],"replies":[{"embeddable":true,"href":"https:\/\/grupotextil.es\/en\/wp-json\/wp\/v2\/comments?post=392977"}],"wp:featuredmedia":[{"embeddable":true,"href":"https:\/\/grupotextil.es\/en\/wp-json\/wp\/v2\/media\/424201"}],"wp:attachment":[{"href":"https:\/\/grupotextil.es\/en\/wp-json\/wp\/v2\/media?parent=392977"}],"wp:term":[{"taxonomy":"product_brand","embeddable":true,"href":"https:\/\/grupotextil.es\/en\/wp-json\/wp\/v2\/product_brand?post=392977"},{"taxonomy":"product_cat","embeddable":true,"href":"https:\/\/grupotextil.es\/en\/wp-json\/wp\/v2\/product_cat?post=392977"},{"taxonomy":"product_tag","embeddable":true,"href":"https:\/\/grupotextil.es\/en\/wp-json\/wp\/v2\/product_tag?post=392977"}],"curies":[{"name":"wp","href":"https:\/\/api.w.org\/{rel}","templated":true}]}}

<ul>
<li>97 % poliéster, 3 % elastano</li>
<li>Corte deportivo</li>
<li>bucarán duro</li>
<li>6 paneles</li>
<li>Visera con 5 filas de pespuntes</li>
<li>Visera inferior a juego</li>
<li>Visera precurvada</li>
<li>Banda elástica integrada</li>
</ul>

<p>97 % poliéster, 3 % elastanoCorte deportivobucarán duro6 panelesVisera con 5 filas de pespuntesVisera inferior a juegoVisera precurvadaBanda elástica integrada</p>
