{"id":393019,"date":"2026-03-08T04:47:59","date_gmt":"2026-03-08T03:47:59","guid":{"rendered":"https:\/\/grupotextil.es\/producto\/bolsa-accesorios-algodon-organico\/"},"modified":"2026-03-08T04:47:59","modified_gmt":"2026-03-08T03:47:59","slug":"bolsa-accesorios-algodon-organico","status":"publish","type":"product","link":"https:\/\/grupotextil.es\/en\/product\/bolsa-accesorios-algodon-organico\/","title":{"rendered":"Bag Accesorios algod\u00f3n org\u00e1nico"},"content":{"rendered":"<ul>\n<li>140 g\/m\u00b2<\/li>\n<li>100% Algod\u00f3n (Org\u00e1nico)<\/li>\n<li>Cord\u00f3n en Natural<\/li>\n<li>Costuras laterales con doble pespunte en el interior<\/li>\n<li>Lavar a mano con agua tibia solamente<\/li>\n<li>Medidas en cm: 2XS: 10&#215;14, XS: 15&#215;20, S: 25&#215;30<\/li>\n<li>\u00c1rea m\u00e1xima de impresi\u00f3n en cm: 2XS: 7&#215;10, XS: 11&#215;15, S: 20&#215;25<\/li>\n<li>Apto para bordado, DTG, serigraf\u00eda y transfer (bolsas planchadas)<\/li>\n<\/ul>","protected":false},"excerpt":{"rendered":"<p>140 g\/m\u00b2100% Algod\u00f3n (Org\u00e1nico)Cord\u00f3n en NaturalCosturas laterales con doble pespunte en el interiorLavar a mano con agua tibia solamenteMedidas en cm: 2XS: 10&#215;14, XS: 15&#215;20, S: 25&#215;30\u00c1rea m\u00e1xima de im<\/p>","protected":false},"featured_media":424261,"comment_status":"open","ping_status":"closed","template":"","meta":{"_acf_changed":false},"product_brand":[11681],"product_cat":[13948,13954],"product_tag":[],"class_list":{"0":"post-393019","1":"product","2":"type-product","3":"status-publish","4":"has-post-thumbnail","6":"product_brand-sg-accessories-bags","7":"product_cat-accesorios","8":"product_cat-acc-bolsas-y-mochilas","9":"tm-no-options","11":"first","12":"instock","13":"taxable","14":"shipping-taxable","15":"product-type-variable"},"acf":[],"_links":{"self":[{"href":"https:\/\/grupotextil.es\/en\/wp-json\/wp\/v2\/product\/393019","targetHints":{"allow":["GET"]}}],"collection":[{"href":"https:\/\/grupotextil.es\/en\/wp-json\/wp\/v2\/product"}],"about":[{"href":"https:\/\/grupotextil.es\/en\/wp-json\/wp\/v2\/types\/product"}],"replies":[{"embeddable":true,"href":"https:\/\/grupotextil.es\/en\/wp-json\/wp\/v2\/comments?post=393019"}],"wp:featuredmedia":[{"embeddable":true,"href":"https:\/\/grupotextil.es\/en\/wp-json\/wp\/v2\/media\/424261"}],"wp:attachment":[{"href":"https:\/\/grupotextil.es\/en\/wp-json\/wp\/v2\/media?parent=393019"}],"wp:term":[{"taxonomy":"product_brand","embeddable":true,"href":"https:\/\/grupotextil.es\/en\/wp-json\/wp\/v2\/product_brand?post=393019"},{"taxonomy":"product_cat","embeddable":true,"href":"https:\/\/grupotextil.es\/en\/wp-json\/wp\/v2\/product_cat?post=393019"},{"taxonomy":"product_tag","embeddable":true,"href":"https:\/\/grupotextil.es\/en\/wp-json\/wp\/v2\/product_tag?post=393019"}],"curies":[{"name":"wp","href":"https:\/\/api.w.org\/{rel}","templated":true}]}}

Bag Accesorios algodón orgánico

<ul>
<li>140 g/m²</li>
<li>100% Algodón (Orgánico)</li>
<li>Cordón en Natural</li>
<li>Costuras laterales con doble pespunte en el interior</li>
<li>Lavar a mano con agua tibia solamente</li>
<li>Medidas en cm: 2XS: 10&#215;14, XS: 15&#215;20, S: 25&#215;30</li>
<li>Área máxima de impresión en cm: 2XS: 7&#215;10, XS: 11&#215;15, S: 20&#215;25</li>
<li>Apto para bordado, DTG, serigrafía y transfer (bolsas planchadas)</li>
</ul>

<p>140 g/m²100% Algodón (Orgánico)Cordón en NaturalCosturas laterales con doble pespunte en el interiorLavar a mano con agua tibia solamenteMedidas en cm: 2XS: 10&#215;14, XS: 15&#215;20, S: 25&#215;30Área máxima de im</p>
