{"id":393132,"date":"2026-03-08T04:48:11","date_gmt":"2026-03-08T03:48:11","guid":{"rendered":"https:\/\/grupotextil.es\/producto\/bolsa-universitaria\/"},"modified":"2026-03-08T04:48:11","modified_gmt":"2026-03-08T03:48:11","slug":"bolsa-universitaria","status":"publish","type":"product","link":"https:\/\/grupotextil.es\/en\/product\/bolsa-universitaria\/","title":{"rendered":"Bag universitaria"},"content":{"rendered":"<ul>\n<li>100% poli\u00e9ster (600D)<\/li>\n<li>Correa de hombro ajustable desmontable<\/li>\n<li>Asas de mano<\/li>\n<li>Compartimento principal con cremallera<\/li>\n<li>Bolsillo con cremallera<\/li>\n<li>Etiqueta extra\u00edble para f\u00e1cil re-etiquetado<\/li>\n<li>Capacidad: 20 litros<\/li>\n<li>Tama\u00f1o: 50 x 25 x 25 cm<\/li>\n<li>Bordado m\u00e1ximo: aro tubular de 12 (parte delantera), haro tubular de 18 (extremos)<\/li>\n<li>\u00c1rea m\u00e1xima de impresi\u00f3n: 13 x 12 cm (parte delantera), 15 x 15 cm (extremos)<\/li>\n<\/ul>","protected":false},"excerpt":{"rendered":"<p>100% poli\u00e9ster (600D)Correa de hombro ajustable desmontableAsas de manoCompartimento principal con cremalleraBolsillo con cremalleraEtiqueta extra\u00edble para f\u00e1cil re-etiquetadoCapacidad: 20 litrosTama\u00f1<\/p>","protected":false},"featured_media":424418,"comment_status":"open","ping_status":"closed","template":"","meta":{"_acf_changed":false},"product_brand":[11668],"product_cat":[13948,13954],"product_tag":[],"class_list":{"0":"post-393132","1":"product","2":"type-product","3":"status-publish","4":"has-post-thumbnail","6":"product_brand-bag-base","7":"product_cat-accesorios","8":"product_cat-acc-bolsas-y-mochilas","9":"tm-no-options","11":"first","12":"instock","13":"taxable","14":"shipping-taxable","15":"product-type-variable"},"acf":[],"_links":{"self":[{"href":"https:\/\/grupotextil.es\/en\/wp-json\/wp\/v2\/product\/393132","targetHints":{"allow":["GET"]}}],"collection":[{"href":"https:\/\/grupotextil.es\/en\/wp-json\/wp\/v2\/product"}],"about":[{"href":"https:\/\/grupotextil.es\/en\/wp-json\/wp\/v2\/types\/product"}],"replies":[{"embeddable":true,"href":"https:\/\/grupotextil.es\/en\/wp-json\/wp\/v2\/comments?post=393132"}],"wp:featuredmedia":[{"embeddable":true,"href":"https:\/\/grupotextil.es\/en\/wp-json\/wp\/v2\/media\/424418"}],"wp:attachment":[{"href":"https:\/\/grupotextil.es\/en\/wp-json\/wp\/v2\/media?parent=393132"}],"wp:term":[{"taxonomy":"product_brand","embeddable":true,"href":"https:\/\/grupotextil.es\/en\/wp-json\/wp\/v2\/product_brand?post=393132"},{"taxonomy":"product_cat","embeddable":true,"href":"https:\/\/grupotextil.es\/en\/wp-json\/wp\/v2\/product_cat?post=393132"},{"taxonomy":"product_tag","embeddable":true,"href":"https:\/\/grupotextil.es\/en\/wp-json\/wp\/v2\/product_tag?post=393132"}],"curies":[{"name":"wp","href":"https:\/\/api.w.org\/{rel}","templated":true}]}}

<ul>
<li>100% poliéster (600D)</li>
<li>Correa de hombro ajustable desmontable</li>
<li>Asas de mano</li>
<li>Compartimento principal con cremallera</li>
<li>Bolsillo con cremallera</li>
<li>Etiqueta extraíble para fácil re-etiquetado</li>
<li>Capacidad: 20 litros</li>
<li>Tamaño: 50 x 25 x 25 cm</li>
<li>Bordado máximo: aro tubular de 12 (parte delantera), haro tubular de 18 (extremos)</li>
<li>Área máxima de impresión: 13 x 12 cm (parte delantera), 15 x 15 cm (extremos)</li>
</ul>

<p>100% poliéster (600D)Correa de hombro ajustable desmontableAsas de manoCompartimento principal con cremalleraBolsillo con cremalleraEtiqueta extraíble para fácil re-etiquetadoCapacidad: 20 litrosTamañ</p>
