{"id":393146,"date":"2026-03-08T04:48:12","date_gmt":"2026-03-08T03:48:12","guid":{"rendered":"https:\/\/grupotextil.es\/producto\/bolsa-de-hombro-satomi-polipiel\/"},"modified":"2026-03-08T04:48:12","modified_gmt":"2026-03-08T03:48:12","slug":"bolsa-de-hombro-satomi-polipiel","status":"publish","type":"product","link":"https:\/\/grupotextil.es\/en\/product\/bolsa-de-hombro-satomi-polipiel\/","title":{"rendered":"Bag de hombro Satomi polipiel"},"content":{"rendered":"<ul>\n<li>47% algod\u00f3n, 33% poli\u00e9ster, 21% nylon<\/li>\n<li>Forro: 100% algod\u00f3n<\/li>\n<li>Bolsa moderna de edici\u00f3n limitada<\/li>\n<li>Elegante bolsa de tela mixta en tonos verdes militares<\/li>\n<li>1 asa larga para hombro (93 cm) y 2 asas cortas (22 cm)<\/li>\n<li>Punto de cruz en asas para mayor estabilidad<\/li>\n<li>Acabados en lat\u00f3n antiguo<\/li>\n<li>Costuras interiores<\/li>\n<li>Bolsa con cierre del mismo tejido<\/li>\n<li>Etiqueta exterior para bordado<\/li>\n<li>Base plegable: 30 x 14 cm<\/li>\n<li>Dimensiones: 43 x 37 x 14 cm<\/li>\n<li>Adecuado para bordado<\/li>\n<\/ul>","protected":false},"excerpt":{"rendered":"<p>47% algod\u00f3n, 33% poli\u00e9ster, 21% nylonForro: 100% algod\u00f3nBolsa moderna de edici\u00f3n limitadaElegante bolsa de tela mixta en tonos verdes militares1 asa larga para hombro (93 cm) y 2 asas cortas (22 cm)Pu<\/p>","protected":false},"featured_media":424428,"comment_status":"open","ping_status":"closed","template":"","meta":{"_acf_changed":false},"product_brand":[11681],"product_cat":[13948,13954],"product_tag":[],"class_list":{"0":"post-393146","1":"product","2":"type-product","3":"status-publish","4":"has-post-thumbnail","6":"product_brand-sg-accessories-bags","7":"product_cat-accesorios","8":"product_cat-acc-bolsas-y-mochilas","9":"tm-no-options","11":"first","12":"instock","13":"taxable","14":"shipping-taxable","15":"product-type-variable"},"acf":[],"_links":{"self":[{"href":"https:\/\/grupotextil.es\/en\/wp-json\/wp\/v2\/product\/393146","targetHints":{"allow":["GET"]}}],"collection":[{"href":"https:\/\/grupotextil.es\/en\/wp-json\/wp\/v2\/product"}],"about":[{"href":"https:\/\/grupotextil.es\/en\/wp-json\/wp\/v2\/types\/product"}],"replies":[{"embeddable":true,"href":"https:\/\/grupotextil.es\/en\/wp-json\/wp\/v2\/comments?post=393146"}],"wp:featuredmedia":[{"embeddable":true,"href":"https:\/\/grupotextil.es\/en\/wp-json\/wp\/v2\/media\/424428"}],"wp:attachment":[{"href":"https:\/\/grupotextil.es\/en\/wp-json\/wp\/v2\/media?parent=393146"}],"wp:term":[{"taxonomy":"product_brand","embeddable":true,"href":"https:\/\/grupotextil.es\/en\/wp-json\/wp\/v2\/product_brand?post=393146"},{"taxonomy":"product_cat","embeddable":true,"href":"https:\/\/grupotextil.es\/en\/wp-json\/wp\/v2\/product_cat?post=393146"},{"taxonomy":"product_tag","embeddable":true,"href":"https:\/\/grupotextil.es\/en\/wp-json\/wp\/v2\/product_tag?post=393146"}],"curies":[{"name":"wp","href":"https:\/\/api.w.org\/{rel}","templated":true}]}}

<ul>
<li>47% algodón, 33% poliéster, 21% nylon</li>
<li>Forro: 100% algodón</li>
<li>Bolsa moderna de edición limitada</li>
<li>Elegante bolsa de tela mixta en tonos verdes militares</li>
<li>1 asa larga para hombro (93 cm) y 2 asas cortas (22 cm)</li>
<li>Punto de cruz en asas para mayor estabilidad</li>
<li>Acabados en latón antiguo</li>
<li>Costuras interiores</li>
<li>Bolsa con cierre del mismo tejido</li>
<li>Etiqueta exterior para bordado</li>
<li>Base plegable: 30 x 14 cm</li>
<li>Dimensiones: 43 x 37 x 14 cm</li>
<li>Adecuado para bordado</li>
</ul>

<p>47% algodón, 33% poliéster, 21% nylonForro: 100% algodónBolsa moderna de edición limitadaElegante bolsa de tela mixta en tonos verdes militares1 asa larga para hombro (93 cm) y 2 asas cortas (22 cm)Pu</p>
