{"id":393155,"date":"2026-03-08T04:48:13","date_gmt":"2026-03-08T03:48:13","guid":{"rendered":"https:\/\/grupotextil.es\/producto\/bolsa-kiyomi-saten-y-terciopelo\/"},"modified":"2026-03-08T04:48:13","modified_gmt":"2026-03-08T03:48:13","slug":"bolsa-kiyomi-saten-y-terciopelo","status":"publish","type":"product","link":"https:\/\/grupotextil.es\/en\/product\/bolsa-kiyomi-saten-y-terciopelo\/","title":{"rendered":"Bag Kiyomi sat\u00e9n y Velvet"},"content":{"rendered":"<ul>\n<li>97% poli\u00e9ster, 3% elastano<\/li>\n<li>Forro: 100% algod\u00f3n<\/li>\n<li>Bolsa moderna de edici\u00f3n limitada<\/li>\n<li>Bolsa de sat\u00e9n y terciopelo<\/li>\n<li>1 asa larga para hombro (93 cm) y 2 asas cortas (22 cm)<\/li>\n<li>Punto de cruz en asas para mayor estabilidad<\/li>\n<li>Acabados en lat\u00f3n antiguo<\/li>\n<li>Costuras interiores<\/li>\n<li>Bolsa con cierre del mismo tejido<\/li>\n<li>Etiqueta exterior para bordado<\/li>\n<li>Base plegable: 30 x 14 cm<\/li>\n<li>Dimensiones: 43 x 37 x 14 cm<\/li>\n<li>Adecuado para bordado<\/li>\n<\/ul>","protected":false},"excerpt":{"rendered":"<p>97% poli\u00e9ster, 3% elastanoForro: 100% algod\u00f3nBolsa moderna de edici\u00f3n limitadaBolsa de sat\u00e9n y terciopelo1 asa larga para hombro (93 cm) y 2 asas cortas (22 cm)Punto de cruz en asas para mayor estabil<\/p>","protected":false},"featured_media":424447,"comment_status":"open","ping_status":"closed","template":"","meta":{"_acf_changed":false},"product_brand":[11681],"product_cat":[13948,13954],"product_tag":[],"class_list":{"0":"post-393155","1":"product","2":"type-product","3":"status-publish","4":"has-post-thumbnail","6":"product_brand-sg-accessories-bags","7":"product_cat-accesorios","8":"product_cat-acc-bolsas-y-mochilas","9":"tm-no-options","11":"first","12":"instock","13":"taxable","14":"shipping-taxable","15":"product-type-variable"},"acf":[],"_links":{"self":[{"href":"https:\/\/grupotextil.es\/en\/wp-json\/wp\/v2\/product\/393155","targetHints":{"allow":["GET"]}}],"collection":[{"href":"https:\/\/grupotextil.es\/en\/wp-json\/wp\/v2\/product"}],"about":[{"href":"https:\/\/grupotextil.es\/en\/wp-json\/wp\/v2\/types\/product"}],"replies":[{"embeddable":true,"href":"https:\/\/grupotextil.es\/en\/wp-json\/wp\/v2\/comments?post=393155"}],"wp:featuredmedia":[{"embeddable":true,"href":"https:\/\/grupotextil.es\/en\/wp-json\/wp\/v2\/media\/424447"}],"wp:attachment":[{"href":"https:\/\/grupotextil.es\/en\/wp-json\/wp\/v2\/media?parent=393155"}],"wp:term":[{"taxonomy":"product_brand","embeddable":true,"href":"https:\/\/grupotextil.es\/en\/wp-json\/wp\/v2\/product_brand?post=393155"},{"taxonomy":"product_cat","embeddable":true,"href":"https:\/\/grupotextil.es\/en\/wp-json\/wp\/v2\/product_cat?post=393155"},{"taxonomy":"product_tag","embeddable":true,"href":"https:\/\/grupotextil.es\/en\/wp-json\/wp\/v2\/product_tag?post=393155"}],"curies":[{"name":"wp","href":"https:\/\/api.w.org\/{rel}","templated":true}]}}

Bag Kiyomi satén y Velvet

<ul>
<li>97% poliéster, 3% elastano</li>
<li>Forro: 100% algodón</li>
<li>Bolsa moderna de edición limitada</li>
<li>Bolsa de satén y terciopelo</li>
<li>1 asa larga para hombro (93 cm) y 2 asas cortas (22 cm)</li>
<li>Punto de cruz en asas para mayor estabilidad</li>
<li>Acabados en latón antiguo</li>
<li>Costuras interiores</li>
<li>Bolsa con cierre del mismo tejido</li>
<li>Etiqueta exterior para bordado</li>
<li>Base plegable: 30 x 14 cm</li>
<li>Dimensiones: 43 x 37 x 14 cm</li>
<li>Adecuado para bordado</li>
</ul>

<p>97% poliéster, 3% elastanoForro: 100% algodónBolsa moderna de edición limitadaBolsa de satén y terciopelo1 asa larga para hombro (93 cm) y 2 asas cortas (22 cm)Punto de cruz en asas para mayor estabil</p>
