{"id":393206,"date":"2026-03-08T04:48:38","date_gmt":"2026-03-08T03:48:38","guid":{"rendered":"https:\/\/grupotextil.es\/producto\/chaqueta-stormbreak\/"},"modified":"2026-03-08T04:48:38","modified_gmt":"2026-03-08T03:48:38","slug":"chaqueta-stormbreak","status":"publish","type":"product","link":"https:\/\/grupotextil.es\/en\/product\/chaqueta-stormbreak\/","title":{"rendered":"Jacket Stormbreak"},"content":{"rendered":"<ul>\n<li>100% Poli\u00e9ster (Impermeable Hydrafort 5000)<\/li>\n<li>Tejido a prueba de viento<\/li>\n<li>Costuras selladas<\/li>\n<li>Capucha integrada<\/li>\n<li>Pu\u00f1os el\u00e1sticos<\/li>\n<li>2 bolsillos inferiores<\/li>\n<li>Dobladillo con cord\u00f3n ajustable<\/li>\n<\/ul>","protected":false},"excerpt":{"rendered":"<p>100% Poli\u00e9ster (Impermeable Hydrafort 5000)Tejido a prueba de vientoCosturas selladasCapucha integradaPu\u00f1os el\u00e1sticos2 bolsillos inferioresDobladillo con cord\u00f3n ajustable<\/p>","protected":false},"featured_media":424509,"comment_status":"open","ping_status":"closed","template":"","meta":{"_acf_changed":false},"product_brand":[11656],"product_cat":[13948,13954],"product_tag":[],"class_list":{"0":"post-393206","1":"product","2":"type-product","3":"status-publish","4":"has-post-thumbnail","6":"product_brand-regatta","7":"product_cat-accesorios","8":"product_cat-acc-bolsas-y-mochilas","9":"tm-no-options","11":"first","12":"instock","13":"taxable","14":"shipping-taxable","15":"product-type-variable"},"acf":[],"_links":{"self":[{"href":"https:\/\/grupotextil.es\/en\/wp-json\/wp\/v2\/product\/393206","targetHints":{"allow":["GET"]}}],"collection":[{"href":"https:\/\/grupotextil.es\/en\/wp-json\/wp\/v2\/product"}],"about":[{"href":"https:\/\/grupotextil.es\/en\/wp-json\/wp\/v2\/types\/product"}],"replies":[{"embeddable":true,"href":"https:\/\/grupotextil.es\/en\/wp-json\/wp\/v2\/comments?post=393206"}],"wp:featuredmedia":[{"embeddable":true,"href":"https:\/\/grupotextil.es\/en\/wp-json\/wp\/v2\/media\/424509"}],"wp:attachment":[{"href":"https:\/\/grupotextil.es\/en\/wp-json\/wp\/v2\/media?parent=393206"}],"wp:term":[{"taxonomy":"product_brand","embeddable":true,"href":"https:\/\/grupotextil.es\/en\/wp-json\/wp\/v2\/product_brand?post=393206"},{"taxonomy":"product_cat","embeddable":true,"href":"https:\/\/grupotextil.es\/en\/wp-json\/wp\/v2\/product_cat?post=393206"},{"taxonomy":"product_tag","embeddable":true,"href":"https:\/\/grupotextil.es\/en\/wp-json\/wp\/v2\/product_tag?post=393206"}],"curies":[{"name":"wp","href":"https:\/\/api.w.org\/{rel}","templated":true}]}}

<ul>
<li>100% Poliéster (Impermeable Hydrafort 5000)</li>
<li>Tejido a prueba de viento</li>
<li>Costuras selladas</li>
<li>Capucha integrada</li>
<li>Puños elásticos</li>
<li>2 bolsillos inferiores</li>
<li>Dobladillo con cordón ajustable</li>
</ul>

<p>100% Poliéster (Impermeable Hydrafort 5000)Tejido a prueba de vientoCosturas selladasCapucha integradaPuños elásticos2 bolsillos inferioresDobladillo con cordón ajustable</p>
