{"id":393310,"date":"2026-03-08T04:49:54","date_gmt":"2026-03-08T03:49:54","guid":{"rendered":"https:\/\/grupotextil.es\/producto\/mochila-gymsac\/"},"modified":"2026-03-08T04:49:54","modified_gmt":"2026-03-08T03:49:54","slug":"mochila-gymsac","status":"publish","type":"product","link":"https:\/\/grupotextil.es\/en\/product\/mochila-gymsac\/","title":{"rendered":"Mochila Gymsac"},"content":{"rendered":"<ul>\n<li>140 g\/m\u00b2<\/li>\n<li>100% algod\u00f3n<\/li>\n<li>La alternativa perfecta a las mochilas de poli\u00e9ster<\/li>\n<li>Cierre con cord\u00f3n ajustable<\/li>\n<li>Capacidad: 12 litros<\/li>\n<li>Dimensiones: 37 x 46 cm<\/li>\n<li>\u00c1rea personalizaci\u00f3n: 30 x 32 cm.<\/li>\n<\/ul>","protected":false},"excerpt":{"rendered":"<p>140 g\/m\u00b2100% algod\u00f3nLa alternativa perfecta a las mochilas de poli\u00e9sterCierre con cord\u00f3n ajustableCapacidad: 12 litrosDimensiones: 37 x 46 cm\u00c1rea personalizaci\u00f3n: 30 x 32 cm.<\/p>","protected":false},"featured_media":424573,"comment_status":"open","ping_status":"closed","template":"","meta":{"_acf_changed":false},"product_brand":[11680],"product_cat":[13948,13954],"product_tag":[14009],"class_list":{"0":"post-393310","1":"product","2":"type-product","3":"status-publish","4":"has-post-thumbnail","6":"product_brand-westford-mill","7":"product_cat-accesorios","8":"product_cat-acc-bolsas-y-mochilas","9":"product_tag-top-ventas","10":"tm-no-options","12":"first","13":"instock","14":"taxable","15":"shipping-taxable","16":"product-type-variable"},"acf":[],"_links":{"self":[{"href":"https:\/\/grupotextil.es\/en\/wp-json\/wp\/v2\/product\/393310","targetHints":{"allow":["GET"]}}],"collection":[{"href":"https:\/\/grupotextil.es\/en\/wp-json\/wp\/v2\/product"}],"about":[{"href":"https:\/\/grupotextil.es\/en\/wp-json\/wp\/v2\/types\/product"}],"replies":[{"embeddable":true,"href":"https:\/\/grupotextil.es\/en\/wp-json\/wp\/v2\/comments?post=393310"}],"wp:featuredmedia":[{"embeddable":true,"href":"https:\/\/grupotextil.es\/en\/wp-json\/wp\/v2\/media\/424573"}],"wp:attachment":[{"href":"https:\/\/grupotextil.es\/en\/wp-json\/wp\/v2\/media?parent=393310"}],"wp:term":[{"taxonomy":"product_brand","embeddable":true,"href":"https:\/\/grupotextil.es\/en\/wp-json\/wp\/v2\/product_brand?post=393310"},{"taxonomy":"product_cat","embeddable":true,"href":"https:\/\/grupotextil.es\/en\/wp-json\/wp\/v2\/product_cat?post=393310"},{"taxonomy":"product_tag","embeddable":true,"href":"https:\/\/grupotextil.es\/en\/wp-json\/wp\/v2\/product_tag?post=393310"}],"curies":[{"name":"wp","href":"https:\/\/api.w.org\/{rel}","templated":true}]}}

<ul>
<li>140 g/m²</li>
<li>100% algodón</li>
<li>La alternativa perfecta a las mochilas de poliéster</li>
<li>Cierre con cordón ajustable</li>
<li>Capacidad: 12 litros</li>
<li>Dimensiones: 37 x 46 cm</li>
<li>Área personalización: 30 x 32 cm.</li>
</ul>

<p>140 g/m²100% algodónLa alternativa perfecta a las mochilas de poliésterCierre con cordón ajustableCapacidad: 12 litrosDimensiones: 37 x 46 cmÁrea personalización: 30 x 32 cm.</p>
