{"id":393626,"date":"2026-03-08T04:51:06","date_gmt":"2026-03-08T03:51:06","guid":{"rendered":"https:\/\/grupotextil.es\/producto\/camisa-stretch-luxury-mujer\/"},"modified":"2026-03-08T04:51:06","modified_gmt":"2026-03-08T03:51:06","slug":"camisa-stretch-luxury-mujer","status":"publish","type":"product","link":"https:\/\/grupotextil.es\/en\/product\/camisa-stretch-luxury-mujer\/","title":{"rendered":"Shirt Stretch Luxury mujer"},"content":{"rendered":"<ul>\n<li>113 g\/m\u00b2<\/li>\n<li>96% algod\u00f3n, 4% elastano (popelina)<\/li>\n<li>Cuello y pu\u00f1os de doble pliegue<\/li>\n<li>Botones perlados elegantes<\/li>\n<li>Canes\u00fa en espalda con dos pliegues laterales<\/li>\n<li>Pinzas traseras<\/li>\n<li>Dobladillo curvado<\/li>\n<li>F\u00e1cil planchado<\/li>\n<li>Corte ajustado.<\/li>\n<\/ul>","protected":false},"excerpt":{"rendered":"<p>113 g\/m\u00b296% algod\u00f3n, 4% elastano (popelina)Cuello y pu\u00f1os de doble pliegueBotones perlados elegantesCanes\u00fa en espalda con dos pliegues lateralesPinzas traserasDobladillo curvadoF\u00e1cil planchadoCorte&#8230;<\/p>","protected":false},"featured_media":424700,"comment_status":"open","ping_status":"closed","template":"","meta":{"_acf_changed":false},"product_brand":[11671],"product_cat":[13938],"product_tag":[],"class_list":{"0":"post-393626","1":"product","2":"type-product","3":"status-publish","4":"has-post-thumbnail","6":"product_brand-tee-jays","7":"product_cat-camisas-corporativas","8":"tm-no-options","10":"first","11":"instock","12":"taxable","13":"shipping-taxable","14":"product-type-variable"},"acf":[],"_links":{"self":[{"href":"https:\/\/grupotextil.es\/en\/wp-json\/wp\/v2\/product\/393626","targetHints":{"allow":["GET"]}}],"collection":[{"href":"https:\/\/grupotextil.es\/en\/wp-json\/wp\/v2\/product"}],"about":[{"href":"https:\/\/grupotextil.es\/en\/wp-json\/wp\/v2\/types\/product"}],"replies":[{"embeddable":true,"href":"https:\/\/grupotextil.es\/en\/wp-json\/wp\/v2\/comments?post=393626"}],"wp:featuredmedia":[{"embeddable":true,"href":"https:\/\/grupotextil.es\/en\/wp-json\/wp\/v2\/media\/424700"}],"wp:attachment":[{"href":"https:\/\/grupotextil.es\/en\/wp-json\/wp\/v2\/media?parent=393626"}],"wp:term":[{"taxonomy":"product_brand","embeddable":true,"href":"https:\/\/grupotextil.es\/en\/wp-json\/wp\/v2\/product_brand?post=393626"},{"taxonomy":"product_cat","embeddable":true,"href":"https:\/\/grupotextil.es\/en\/wp-json\/wp\/v2\/product_cat?post=393626"},{"taxonomy":"product_tag","embeddable":true,"href":"https:\/\/grupotextil.es\/en\/wp-json\/wp\/v2\/product_tag?post=393626"}],"curies":[{"name":"wp","href":"https:\/\/api.w.org\/{rel}","templated":true}]}}

<ul>
<li>113 g/m²</li>
<li>96% algodón, 4% elastano (popelina)</li>
<li>Cuello y puños de doble pliegue</li>
<li>Botones perlados elegantes</li>
<li>Canesú en espalda con dos pliegues laterales</li>
<li>Pinzas traseras</li>
<li>Dobladillo curvado</li>
<li>Fácil planchado</li>
<li>Corte ajustado.</li>
</ul>

<p>113 g/m²96% algodón, 4% elastano (popelina)Cuello y puños de doble pliegueBotones perlados elegantesCanesú en espalda con dos pliegues lateralesPinzas traserasDobladillo curvadoFácil planchadoCorte&#8230;</p>
