{"id":394066,"date":"2026-03-08T04:51:38","date_gmt":"2026-03-08T03:51:38","guid":{"rendered":"https:\/\/grupotextil.es\/producto\/camisa-ajustada-active\/"},"modified":"2026-03-08T04:51:38","modified_gmt":"2026-03-08T03:51:38","slug":"camisa-ajustada-active","status":"publish","type":"product","link":"https:\/\/grupotextil.es\/en\/product\/camisa-ajustada-active\/","title":{"rendered":"Camisa Ajustada Active"},"content":{"rendered":"<ul>\n<li>175 g\/m\u00b2<\/li>\n<li>91% Algod\u00f3n, preencogido, 9% Elastano<\/li>\n<li>Jersey sencillo de punto<\/li>\n<li>Tejido el\u00e1stico en 4 direcciones<\/li>\n<li>Cuello amplio<\/li>\n<li>Yugo trasero<\/li>\n<li>Pu\u00f1o con forma moderna<\/li>\n<li>Ajuste moldeado<\/li>\n<\/ul>","protected":false},"excerpt":{"rendered":"<p>175 g\/m\u00b291% Algod\u00f3n, preencogido, 9% ElastanoJersey sencillo de puntoTejido el\u00e1stico en 4 direccionesCuello amplioYugo traseroPu\u00f1o con forma modernaAjuste moldeado<\/p>","protected":false},"featured_media":424848,"comment_status":"open","ping_status":"closed","template":"","meta":{"_acf_changed":false},"product_brand":[11671],"product_cat":[13938],"product_tag":[],"class_list":{"0":"post-394066","1":"product","2":"type-product","3":"status-publish","4":"has-post-thumbnail","6":"product_brand-tee-jays","7":"product_cat-camisas-corporativas","8":"tm-no-options","10":"first","11":"instock","12":"taxable","13":"shipping-taxable","14":"product-type-variable"},"acf":[],"_links":{"self":[{"href":"https:\/\/grupotextil.es\/en\/wp-json\/wp\/v2\/product\/394066","targetHints":{"allow":["GET"]}}],"collection":[{"href":"https:\/\/grupotextil.es\/en\/wp-json\/wp\/v2\/product"}],"about":[{"href":"https:\/\/grupotextil.es\/en\/wp-json\/wp\/v2\/types\/product"}],"replies":[{"embeddable":true,"href":"https:\/\/grupotextil.es\/en\/wp-json\/wp\/v2\/comments?post=394066"}],"wp:featuredmedia":[{"embeddable":true,"href":"https:\/\/grupotextil.es\/en\/wp-json\/wp\/v2\/media\/424848"}],"wp:attachment":[{"href":"https:\/\/grupotextil.es\/en\/wp-json\/wp\/v2\/media?parent=394066"}],"wp:term":[{"taxonomy":"product_brand","embeddable":true,"href":"https:\/\/grupotextil.es\/en\/wp-json\/wp\/v2\/product_brand?post=394066"},{"taxonomy":"product_cat","embeddable":true,"href":"https:\/\/grupotextil.es\/en\/wp-json\/wp\/v2\/product_cat?post=394066"},{"taxonomy":"product_tag","embeddable":true,"href":"https:\/\/grupotextil.es\/en\/wp-json\/wp\/v2\/product_tag?post=394066"}],"curies":[{"name":"wp","href":"https:\/\/api.w.org\/{rel}","templated":true}]}}

<ul>
<li>175 g/m²</li>
<li>91% Algodón, preencogido, 9% Elastano</li>
<li>Jersey sencillo de punto</li>
<li>Tejido elástico en 4 direcciones</li>
<li>Cuello amplio</li>
<li>Yugo trasero</li>
<li>Puño con forma moderna</li>
<li>Ajuste moldeado</li>
</ul>

<p>175 g/m²91% Algodón, preencogido, 9% ElastanoJersey sencillo de puntoTejido elástico en 4 direccionesCuello amplioYugo traseroPuño con forma modernaAjuste moldeado</p>
