{"id":394183,"date":"2026-03-08T04:52:18","date_gmt":"2026-03-08T03:52:18","guid":{"rendered":"https:\/\/grupotextil.es\/producto\/camisa-strech-premium\/"},"modified":"2026-03-08T04:52:18","modified_gmt":"2026-03-08T03:52:18","slug":"camisa-strech-premium","status":"publish","type":"product","link":"https:\/\/grupotextil.es\/en\/product\/camisa-strech-premium\/","title":{"rendered":"Camisa strech pr\u00e9mium"},"content":{"rendered":"<ul>\n<li>215 g\/m\u00b2<\/li>\n<li>95 % algod\u00f3n (org\u00e1nico), peinado y ring-spun, certificado OCS, 5 % elastano<\/li>\n<li>Mini Piqu\u00e9<\/li>\n<li>Cuello del mismo tejido<\/li>\n<li>Pu\u00f1os con botones<\/li>\n<li>Tapeta completa con botones<\/li>\n<li>Corte entallado<\/li>\n<li>Doble preencogido<\/li>\n<li>Algod\u00f3n de fibra larga<\/li>\n<li>Lavado enzim\u00e1tico.<\/li>\n<\/ul>","protected":false},"excerpt":{"rendered":"<p>215 g\/m\u00b295 % algod\u00f3n (org\u00e1nico), peinado y ring-spun, certificado OCS, 5 % elastanoMini Piqu\u00e9Cuello del mismo tejidoPu\u00f1os con botonesTapeta completa con botonesCorte entalladoDoble preencogidoAlgod&#8230;<\/p>","protected":false},"featured_media":424884,"comment_status":"open","ping_status":"closed","template":"","meta":{"_acf_changed":false},"product_brand":[11671],"product_cat":[13938],"product_tag":[14010],"class_list":{"0":"post-394183","1":"product","2":"type-product","3":"status-publish","4":"has-post-thumbnail","6":"product_brand-tee-jays","7":"product_cat-camisas-corporativas","8":"product_tag-nuevo-2026","9":"tm-no-options","11":"first","12":"instock","13":"taxable","14":"shipping-taxable","15":"product-type-variable"},"acf":[],"_links":{"self":[{"href":"https:\/\/grupotextil.es\/en\/wp-json\/wp\/v2\/product\/394183","targetHints":{"allow":["GET"]}}],"collection":[{"href":"https:\/\/grupotextil.es\/en\/wp-json\/wp\/v2\/product"}],"about":[{"href":"https:\/\/grupotextil.es\/en\/wp-json\/wp\/v2\/types\/product"}],"replies":[{"embeddable":true,"href":"https:\/\/grupotextil.es\/en\/wp-json\/wp\/v2\/comments?post=394183"}],"wp:featuredmedia":[{"embeddable":true,"href":"https:\/\/grupotextil.es\/en\/wp-json\/wp\/v2\/media\/424884"}],"wp:attachment":[{"href":"https:\/\/grupotextil.es\/en\/wp-json\/wp\/v2\/media?parent=394183"}],"wp:term":[{"taxonomy":"product_brand","embeddable":true,"href":"https:\/\/grupotextil.es\/en\/wp-json\/wp\/v2\/product_brand?post=394183"},{"taxonomy":"product_cat","embeddable":true,"href":"https:\/\/grupotextil.es\/en\/wp-json\/wp\/v2\/product_cat?post=394183"},{"taxonomy":"product_tag","embeddable":true,"href":"https:\/\/grupotextil.es\/en\/wp-json\/wp\/v2\/product_tag?post=394183"}],"curies":[{"name":"wp","href":"https:\/\/api.w.org\/{rel}","templated":true}]}}

Camisa strech prémium

<ul>
<li>215 g/m²</li>
<li>95 % algodón (orgánico), peinado y ring-spun, certificado OCS, 5 % elastano</li>
<li>Mini Piqué</li>
<li>Cuello del mismo tejido</li>
<li>Puños con botones</li>
<li>Tapeta completa con botones</li>
<li>Corte entallado</li>
<li>Doble preencogido</li>
<li>Algodón de fibra larga</li>
<li>Lavado enzimático.</li>
</ul>

<p>215 g/m²95 % algodón (orgánico), peinado y ring-spun, certificado OCS, 5 % elastanoMini PiquéCuello del mismo tejidoPuños con botonesTapeta completa con botonesCorte entalladoDoble preencogidoAlgod&#8230;</p>
