{"id":394363,"date":"2026-03-08T04:54:58","date_gmt":"2026-03-08T03:54:58","guid":{"rendered":"https:\/\/grupotextil.es\/producto\/chaqueta-softshell-2-capas-ascender\/"},"modified":"2026-03-08T04:54:58","modified_gmt":"2026-03-08T03:54:58","slug":"chaqueta-softshell-2-capas-ascender","status":"publish","type":"product","link":"https:\/\/grupotextil.es\/en\/product\/chaqueta-softshell-2-capas-ascender\/","title":{"rendered":"Jacket Softshell 2 Layer Ascender"},"content":{"rendered":"<ul>\n<li>100% Poli\u00e9ster (Reciclado)<\/li>\n<li>Tejido softshell con elasticidad mec\u00e1nica<\/li>\n<li>Tejido exterior softshell imprimible repelente al viento y al agua<\/li>\n<li>Forro polar c\u00e1lido<\/li>\n<li>Mangas ajustadas<\/li>\n<li>Cremallera completa<\/li>\n<li>Bolsillos laterales con cremallera<\/li>\n<\/ul>","protected":false},"excerpt":{"rendered":"<p>100% Poli\u00e9ster (Reciclado)Tejido softshell con elasticidad mec\u00e1nicaTejido exterior softshell imprimible repelente al viento y al aguaForro polar c\u00e1lidoMangas ajustadasCremallera completaBolsillos late<\/p>","protected":false},"featured_media":424917,"comment_status":"open","ping_status":"closed","template":"","meta":{"_acf_changed":false},"product_brand":[11656],"product_cat":[13938],"product_tag":[],"class_list":{"0":"post-394363","1":"product","2":"type-product","3":"status-publish","4":"has-post-thumbnail","6":"product_brand-regatta","7":"product_cat-camisas-corporativas","8":"tm-no-options","10":"first","11":"instock","12":"taxable","13":"shipping-taxable","14":"product-type-variable"},"acf":[],"_links":{"self":[{"href":"https:\/\/grupotextil.es\/en\/wp-json\/wp\/v2\/product\/394363","targetHints":{"allow":["GET"]}}],"collection":[{"href":"https:\/\/grupotextil.es\/en\/wp-json\/wp\/v2\/product"}],"about":[{"href":"https:\/\/grupotextil.es\/en\/wp-json\/wp\/v2\/types\/product"}],"replies":[{"embeddable":true,"href":"https:\/\/grupotextil.es\/en\/wp-json\/wp\/v2\/comments?post=394363"}],"wp:featuredmedia":[{"embeddable":true,"href":"https:\/\/grupotextil.es\/en\/wp-json\/wp\/v2\/media\/424917"}],"wp:attachment":[{"href":"https:\/\/grupotextil.es\/en\/wp-json\/wp\/v2\/media?parent=394363"}],"wp:term":[{"taxonomy":"product_brand","embeddable":true,"href":"https:\/\/grupotextil.es\/en\/wp-json\/wp\/v2\/product_brand?post=394363"},{"taxonomy":"product_cat","embeddable":true,"href":"https:\/\/grupotextil.es\/en\/wp-json\/wp\/v2\/product_cat?post=394363"},{"taxonomy":"product_tag","embeddable":true,"href":"https:\/\/grupotextil.es\/en\/wp-json\/wp\/v2\/product_tag?post=394363"}],"curies":[{"name":"wp","href":"https:\/\/api.w.org\/{rel}","templated":true}]}}

<ul>
<li>100% Poliéster (Reciclado)</li>
<li>Tejido softshell con elasticidad mecánica</li>
<li>Tejido exterior softshell imprimible repelente al viento y al agua</li>
<li>Forro polar cálido</li>
<li>Mangas ajustadas</li>
<li>Cremallera completa</li>
<li>Bolsillos laterales con cremallera</li>
</ul>

<p>100% Poliéster (Reciclado)Tejido softshell con elasticidad mecánicaTejido exterior softshell imprimible repelente al viento y al aguaForro polar cálidoMangas ajustadasCremallera completaBolsillos late</p>
