{"id":395301,"date":"2026-03-08T04:59:42","date_gmt":"2026-03-08T03:59:42","guid":{"rendered":"https:\/\/grupotextil.es\/producto\/jersey-cuello-v-arundel-hombre-classic-fit\/"},"modified":"2026-03-08T04:59:42","modified_gmt":"2026-03-08T03:59:42","slug":"jersey-cuello-v-arundel-hombre-classic-fit","status":"publish","type":"product","link":"https:\/\/grupotextil.es\/en\/product\/jersey-cuello-v-arundel-hombre-classic-fit\/","title":{"rendered":"Jersey cuello V Arundel hombre cl\u00e1sica Fit"},"content":{"rendered":"<ul>\n<li>50% algod\u00f3n, 50% acr\u00edlico<\/li>\n<li>Punto de medida 12<\/li>\n<li>Cuello V en canal\u00e9 1&#215;1<\/li>\n<li>Pu\u00f1os en canal\u00e9 1&#215;1<\/li>\n<li>Etiqueta Kustom Kit tejida en el cuello<\/li>\n<\/ul>","protected":false},"excerpt":{"rendered":"<p>50% algod\u00f3n, 50% acr\u00edlicoPunto de medida 12Cuello V en canal\u00e9 1x1Pu\u00f1os en canal\u00e9 1x1Etiqueta Kustom Kit tejida en el cuello<\/p>","protected":false},"featured_media":425300,"comment_status":"open","ping_status":"closed","template":"","meta":{"_acf_changed":false},"product_brand":[11672],"product_cat":[13938],"product_tag":[14009],"class_list":{"0":"post-395301","1":"product","2":"type-product","3":"status-publish","4":"has-post-thumbnail","6":"product_brand-kustom-kit","7":"product_cat-camisas-corporativas","8":"product_tag-top-ventas","9":"tm-no-options","11":"first","12":"instock","13":"taxable","14":"shipping-taxable","15":"product-type-variable"},"acf":[],"_links":{"self":[{"href":"https:\/\/grupotextil.es\/en\/wp-json\/wp\/v2\/product\/395301","targetHints":{"allow":["GET"]}}],"collection":[{"href":"https:\/\/grupotextil.es\/en\/wp-json\/wp\/v2\/product"}],"about":[{"href":"https:\/\/grupotextil.es\/en\/wp-json\/wp\/v2\/types\/product"}],"replies":[{"embeddable":true,"href":"https:\/\/grupotextil.es\/en\/wp-json\/wp\/v2\/comments?post=395301"}],"wp:featuredmedia":[{"embeddable":true,"href":"https:\/\/grupotextil.es\/en\/wp-json\/wp\/v2\/media\/425300"}],"wp:attachment":[{"href":"https:\/\/grupotextil.es\/en\/wp-json\/wp\/v2\/media?parent=395301"}],"wp:term":[{"taxonomy":"product_brand","embeddable":true,"href":"https:\/\/grupotextil.es\/en\/wp-json\/wp\/v2\/product_brand?post=395301"},{"taxonomy":"product_cat","embeddable":true,"href":"https:\/\/grupotextil.es\/en\/wp-json\/wp\/v2\/product_cat?post=395301"},{"taxonomy":"product_tag","embeddable":true,"href":"https:\/\/grupotextil.es\/en\/wp-json\/wp\/v2\/product_tag?post=395301"}],"curies":[{"name":"wp","href":"https:\/\/api.w.org\/{rel}","templated":true}]}}

Jersey cuello V Arundel hombre clásica Fit

<ul>
<li>50% algodón, 50% acrílico</li>
<li>Punto de medida 12</li>
<li>Cuello V en canalé 1&#215;1</li>
<li>Puños en canalé 1&#215;1</li>
<li>Etiqueta Kustom Kit tejida en el cuello</li>
</ul>

<p>50% algodón, 50% acrílicoPunto de medida 12Cuello V en canalé 1x1Puños en canalé 1x1Etiqueta Kustom Kit tejida en el cuello</p>
