{"id":395382,"date":"2026-03-08T05:00:06","date_gmt":"2026-03-08T04:00:06","guid":{"rendered":"https:\/\/grupotextil.es\/producto\/camisa-cuello-mandarin-entallada-hombre\/"},"modified":"2026-03-08T05:00:06","modified_gmt":"2026-03-08T04:00:06","slug":"camisa-cuello-mandarin-entallada-hombre","status":"publish","type":"product","link":"https:\/\/grupotextil.es\/en\/product\/camisa-cuello-mandarin-entallada-hombre\/","title":{"rendered":"Shirt cuello mandar\u00edn entallada hombre"},"content":{"rendered":"<ul>\n<li>120 g\/m\u00b2<\/li>\n<li>57% algod\u00f3n, 40% poli\u00e9ster, 3% lycra<\/li>\n<li>Camisa estilo asi\u00e1tico de f\u00e1cil cuidado<\/li>\n<li>Cuello mandarin<\/li>\n<li>Canes\u00fa trasero con dos pliegues invertidos<\/li>\n<li>Botones del mismo color de la prenda<\/li>\n<li>Tapeta oculta (solo visible el bot\u00f3n superior)<\/li>\n<li>Pu\u00f1os ajustables<\/li>\n<li>Dobladillo redondeado<\/li>\n<\/ul>","protected":false},"excerpt":{"rendered":"<p>120 g\/m\u00b257% algod\u00f3n, 40% poli\u00e9ster, 3% lycraCamisa estilo asi\u00e1tico de f\u00e1cil cuidadoCuello mandarinCanes\u00fa trasero con dos pliegues invertidosBotones del mismo color de la prendaTapeta oculta (solo visi<\/p>","protected":false},"featured_media":425328,"comment_status":"open","ping_status":"closed","template":"","meta":{"_acf_changed":false},"product_brand":[11672],"product_cat":[13938],"product_tag":[14009],"class_list":{"0":"post-395382","1":"product","2":"type-product","3":"status-publish","4":"has-post-thumbnail","6":"product_brand-kustom-kit","7":"product_cat-camisas-corporativas","8":"product_tag-top-ventas","9":"tm-no-options","11":"first","12":"instock","13":"taxable","14":"shipping-taxable","15":"product-type-variable"},"acf":[],"_links":{"self":[{"href":"https:\/\/grupotextil.es\/en\/wp-json\/wp\/v2\/product\/395382","targetHints":{"allow":["GET"]}}],"collection":[{"href":"https:\/\/grupotextil.es\/en\/wp-json\/wp\/v2\/product"}],"about":[{"href":"https:\/\/grupotextil.es\/en\/wp-json\/wp\/v2\/types\/product"}],"replies":[{"embeddable":true,"href":"https:\/\/grupotextil.es\/en\/wp-json\/wp\/v2\/comments?post=395382"}],"wp:featuredmedia":[{"embeddable":true,"href":"https:\/\/grupotextil.es\/en\/wp-json\/wp\/v2\/media\/425328"}],"wp:attachment":[{"href":"https:\/\/grupotextil.es\/en\/wp-json\/wp\/v2\/media?parent=395382"}],"wp:term":[{"taxonomy":"product_brand","embeddable":true,"href":"https:\/\/grupotextil.es\/en\/wp-json\/wp\/v2\/product_brand?post=395382"},{"taxonomy":"product_cat","embeddable":true,"href":"https:\/\/grupotextil.es\/en\/wp-json\/wp\/v2\/product_cat?post=395382"},{"taxonomy":"product_tag","embeddable":true,"href":"https:\/\/grupotextil.es\/en\/wp-json\/wp\/v2\/product_tag?post=395382"}],"curies":[{"name":"wp","href":"https:\/\/api.w.org\/{rel}","templated":true}]}}

Shirt cuello mandarín entallada hombre

<ul>
<li>120 g/m²</li>
<li>57% algodón, 40% poliéster, 3% lycra</li>
<li>Camisa estilo asiático de fácil cuidado</li>
<li>Cuello mandarin</li>
<li>Canesú trasero con dos pliegues invertidos</li>
<li>Botones del mismo color de la prenda</li>
<li>Tapeta oculta (solo visible el botón superior)</li>
<li>Puños ajustables</li>
<li>Dobladillo redondeado</li>
</ul>

<p>120 g/m²57% algodón, 40% poliéster, 3% lycraCamisa estilo asiático de fácil cuidadoCuello mandarinCanesú trasero con dos pliegues invertidosBotones del mismo color de la prendaTapeta oculta (solo visi</p>
