{"id":395629,"date":"2026-03-08T05:01:19","date_gmt":"2026-03-08T04:01:19","guid":{"rendered":"https:\/\/grupotextil.es\/producto\/chaqueta-de-punto-cuello-v-mujer\/"},"modified":"2026-03-08T05:01:19","modified_gmt":"2026-03-08T04:01:19","slug":"chaqueta-de-punto-cuello-v-mujer","status":"publish","type":"product","link":"https:\/\/grupotextil.es\/en\/product\/chaqueta-de-punto-cuello-v-mujer\/","title":{"rendered":"Chaqueta de punto cuello V mujer"},"content":{"rendered":"<ul>\n<li>275 g\/m\u00b2<\/li>\n<li>50% algod\u00f3n, 50% acr\u00edlico<\/li>\n<li>Tejido CottonBlend\u2122 de f\u00e1cil cuidado<\/li>\n<li>De punto liso<\/li>\n<li>Cuello V en canal\u00e9<\/li>\n<li>Botones del mismo color de la prenda<\/li>\n<li>Banda ancha en canal\u00e9 en los pu\u00f1os y el bajo<\/li>\n<li>Costuras laterales<\/li>\n<\/ul>","protected":false},"excerpt":{"rendered":"<p>275 g\/m\u00b250% algod\u00f3n, 50% acr\u00edlicoTejido CottonBlend\u2122 de f\u00e1cil cuidadoDe punto lisoCuello V en canal\u00e9Botones del mismo color de la prendaBanda ancha en canal\u00e9 en los pu\u00f1os y el bajoCosturas laterales<\/p>","protected":false},"featured_media":425398,"comment_status":"open","ping_status":"closed","template":"","meta":{"_acf_changed":false},"product_brand":[11670],"product_cat":[13938],"product_tag":[],"class_list":{"0":"post-395629","1":"product","2":"type-product","3":"status-publish","4":"has-post-thumbnail","6":"product_brand-russell-europe","7":"product_cat-camisas-corporativas","8":"tm-no-options","10":"first","11":"instock","12":"taxable","13":"shipping-taxable","14":"product-type-variable"},"acf":[],"_links":{"self":[{"href":"https:\/\/grupotextil.es\/en\/wp-json\/wp\/v2\/product\/395629","targetHints":{"allow":["GET"]}}],"collection":[{"href":"https:\/\/grupotextil.es\/en\/wp-json\/wp\/v2\/product"}],"about":[{"href":"https:\/\/grupotextil.es\/en\/wp-json\/wp\/v2\/types\/product"}],"replies":[{"embeddable":true,"href":"https:\/\/grupotextil.es\/en\/wp-json\/wp\/v2\/comments?post=395629"}],"wp:featuredmedia":[{"embeddable":true,"href":"https:\/\/grupotextil.es\/en\/wp-json\/wp\/v2\/media\/425398"}],"wp:attachment":[{"href":"https:\/\/grupotextil.es\/en\/wp-json\/wp\/v2\/media?parent=395629"}],"wp:term":[{"taxonomy":"product_brand","embeddable":true,"href":"https:\/\/grupotextil.es\/en\/wp-json\/wp\/v2\/product_brand?post=395629"},{"taxonomy":"product_cat","embeddable":true,"href":"https:\/\/grupotextil.es\/en\/wp-json\/wp\/v2\/product_cat?post=395629"},{"taxonomy":"product_tag","embeddable":true,"href":"https:\/\/grupotextil.es\/en\/wp-json\/wp\/v2\/product_tag?post=395629"}],"curies":[{"name":"wp","href":"https:\/\/api.w.org\/{rel}","templated":true}]}}

<ul>
<li>275 g/m²</li>
<li>50% algodón, 50% acrílico</li>
<li>Tejido CottonBlend™ de fácil cuidado</li>
<li>De punto liso</li>
<li>Cuello V en canalé</li>
<li>Botones del mismo color de la prenda</li>
<li>Banda ancha en canalé en los puños y el bajo</li>
<li>Costuras laterales</li>
</ul>

<p>275 g/m²50% algodón, 50% acrílicoTejido CottonBlend™ de fácil cuidadoDe punto lisoCuello V en canaléBotones del mismo color de la prendaBanda ancha en canalé en los puños y el bajoCosturas laterales</p>
