{"id":396044,"date":"2026-03-08T05:05:42","date_gmt":"2026-03-08T04:05:42","guid":{"rendered":"https:\/\/grupotextil.es\/producto\/softshell-3-capas-con-capucha-junior-ablaze\/"},"modified":"2026-03-08T05:05:42","modified_gmt":"2026-03-08T04:05:42","slug":"softshell-3-capas-con-capucha-junior-ablaze","status":"publish","type":"product","link":"https:\/\/grupotextil.es\/en\/product\/softshell-3-capas-con-capucha-junior-ablaze\/","title":{"rendered":"Softshell 3 capas con capucha Junior Ablaze"},"content":{"rendered":"<ul>\n<li>Exterior: 100% Poli\u00e9ster reciclado parcialmente<\/li>\n<li>Capa intermedia: membrana transpirable<\/li>\n<li>Forro interior: 100% poli\u00e9ster (forro polar reciclado)<\/li>\n<li>Extensi\u00f3n el\u00e1stica en la capucha<\/li>\n<li>Cremallera completa en color de contraste con solapa interior y protector de barbilla<\/li>\n<li>2 bolsillos inferiores con cremallera<\/li>\n<li>Detalles reflectantes para mayor visibilidad<\/li>\n<\/ul>","protected":false},"excerpt":{"rendered":"<p>Exterior: 100% Poli\u00e9ster reciclado parcialmenteCapa intermedia: membrana transpirableForro interior: 100% poli\u00e9ster (forro polar reciclado)Extensi\u00f3n el\u00e1stica en la capuchaCremallera completa en color<\/p>","protected":false},"featured_media":425514,"comment_status":"open","ping_status":"closed","template":"","meta":{"_acf_changed":false},"product_brand":[11656],"product_cat":[13938,13973],"product_tag":[],"class_list":{"0":"post-396044","1":"product","2":"type-product","3":"status-publish","4":"has-post-thumbnail","6":"product_brand-regatta","7":"product_cat-camisas-corporativas","8":"product_cat-ropa","9":"tm-no-options","11":"first","12":"instock","13":"taxable","14":"shipping-taxable","15":"product-type-variable"},"acf":[],"_links":{"self":[{"href":"https:\/\/grupotextil.es\/en\/wp-json\/wp\/v2\/product\/396044","targetHints":{"allow":["GET"]}}],"collection":[{"href":"https:\/\/grupotextil.es\/en\/wp-json\/wp\/v2\/product"}],"about":[{"href":"https:\/\/grupotextil.es\/en\/wp-json\/wp\/v2\/types\/product"}],"replies":[{"embeddable":true,"href":"https:\/\/grupotextil.es\/en\/wp-json\/wp\/v2\/comments?post=396044"}],"wp:featuredmedia":[{"embeddable":true,"href":"https:\/\/grupotextil.es\/en\/wp-json\/wp\/v2\/media\/425514"}],"wp:attachment":[{"href":"https:\/\/grupotextil.es\/en\/wp-json\/wp\/v2\/media?parent=396044"}],"wp:term":[{"taxonomy":"product_brand","embeddable":true,"href":"https:\/\/grupotextil.es\/en\/wp-json\/wp\/v2\/product_brand?post=396044"},{"taxonomy":"product_cat","embeddable":true,"href":"https:\/\/grupotextil.es\/en\/wp-json\/wp\/v2\/product_cat?post=396044"},{"taxonomy":"product_tag","embeddable":true,"href":"https:\/\/grupotextil.es\/en\/wp-json\/wp\/v2\/product_tag?post=396044"}],"curies":[{"name":"wp","href":"https:\/\/api.w.org\/{rel}","templated":true}]}}

<ul>
<li>Exterior: 100% Poliéster reciclado parcialmente</li>
<li>Capa intermedia: membrana transpirable</li>
<li>Forro interior: 100% poliéster (forro polar reciclado)</li>
<li>Extensión elástica en la capucha</li>
<li>Cremallera completa en color de contraste con solapa interior y protector de barbilla</li>
<li>2 bolsillos inferiores con cremallera</li>
<li>Detalles reflectantes para mayor visibilidad</li>
</ul>

<p>Exterior: 100% Poliéster reciclado parcialmenteCapa intermedia: membrana transpirableForro interior: 100% poliéster (forro polar reciclado)Extensión elástica en la capuchaCremallera completa en color</p>
