{"id":396141,"date":"2026-03-08T05:07:30","date_gmt":"2026-03-08T04:07:30","guid":{"rendered":"https:\/\/grupotextil.es\/producto\/jersey-mujer-cuello-redondo\/"},"modified":"2026-03-08T05:07:30","modified_gmt":"2026-03-08T04:07:30","slug":"jersey-mujer-cuello-redondo","status":"publish","type":"product","link":"https:\/\/grupotextil.es\/en\/product\/jersey-mujer-cuello-redondo\/","title":{"rendered":"Jersey mujer cuello redondo"},"content":{"rendered":"<ul>\n<li>275 g\/m\u00b2<\/li>\n<li>50% algod\u00f3n, 50% poliacr\u00edlico<\/li>\n<li>Tejido f\u00e1cil cuidadoCottonBlend \u2122<\/li>\n<li>Secado r\u00e1pido<\/li>\n<li>Cuello redondo<\/li>\n<li>Pu\u00f1os y dobladillo en canal\u00e9 con elastano<\/li>\n<li>Ajuste cl\u00e1sico<\/li>\n<li>Ideal para bordado<\/li>\n<li>Lavable a m\u00e1quina a 40 \u00b0 C.<\/li>\n<\/ul>","protected":false},"excerpt":{"rendered":"<p>275 g\/m\u00b250% algod\u00f3n, 50% poliacr\u00edlicoTejido f\u00e1cil cuidadoCottonBlend \u2122Secado r\u00e1pidoCuello redondoPu\u00f1os y dobladillo en canal\u00e9 con elastanoAjuste cl\u00e1sicoIdeal para bordadoLavable a m\u00e1quina a 40 \u00b0 C.<\/p>","protected":false},"featured_media":425539,"comment_status":"open","ping_status":"closed","template":"","meta":{"_acf_changed":false},"product_brand":[11670],"product_cat":[13938,13973],"product_tag":[],"class_list":{"0":"post-396141","1":"product","2":"type-product","3":"status-publish","4":"has-post-thumbnail","6":"product_brand-russell-europe","7":"product_cat-camisas-corporativas","8":"product_cat-ropa","9":"tm-no-options","11":"first","12":"instock","13":"taxable","14":"shipping-taxable","15":"product-type-variable"},"acf":[],"_links":{"self":[{"href":"https:\/\/grupotextil.es\/en\/wp-json\/wp\/v2\/product\/396141","targetHints":{"allow":["GET"]}}],"collection":[{"href":"https:\/\/grupotextil.es\/en\/wp-json\/wp\/v2\/product"}],"about":[{"href":"https:\/\/grupotextil.es\/en\/wp-json\/wp\/v2\/types\/product"}],"replies":[{"embeddable":true,"href":"https:\/\/grupotextil.es\/en\/wp-json\/wp\/v2\/comments?post=396141"}],"wp:featuredmedia":[{"embeddable":true,"href":"https:\/\/grupotextil.es\/en\/wp-json\/wp\/v2\/media\/425539"}],"wp:attachment":[{"href":"https:\/\/grupotextil.es\/en\/wp-json\/wp\/v2\/media?parent=396141"}],"wp:term":[{"taxonomy":"product_brand","embeddable":true,"href":"https:\/\/grupotextil.es\/en\/wp-json\/wp\/v2\/product_brand?post=396141"},{"taxonomy":"product_cat","embeddable":true,"href":"https:\/\/grupotextil.es\/en\/wp-json\/wp\/v2\/product_cat?post=396141"},{"taxonomy":"product_tag","embeddable":true,"href":"https:\/\/grupotextil.es\/en\/wp-json\/wp\/v2\/product_tag?post=396141"}],"curies":[{"name":"wp","href":"https:\/\/api.w.org\/{rel}","templated":true}]}}

<ul>
<li>275 g/m²</li>
<li>50% algodón, 50% poliacrílico</li>
<li>Tejido fácil cuidadoCottonBlend ™</li>
<li>Secado rápido</li>
<li>Cuello redondo</li>
<li>Puños y dobladillo en canalé con elastano</li>
<li>Ajuste clásico</li>
<li>Ideal para bordado</li>
<li>Lavable a máquina a 40 ° C.</li>
</ul>

<p>275 g/m²50% algodón, 50% poliacrílicoTejido fácil cuidadoCottonBlend ™Secado rápidoCuello redondoPuños y dobladillo en canalé con elastanoAjuste clásicoIdeal para bordadoLavable a máquina a 40 ° C.</p>
