{"id":396185,"date":"2026-03-08T05:07:32","date_gmt":"2026-03-08T04:07:32","guid":{"rendered":"https:\/\/grupotextil.es\/producto\/camisa-oxford-manga-corta-hombre-3\/"},"modified":"2026-03-08T05:07:32","modified_gmt":"2026-03-08T04:07:32","slug":"camisa-oxford-manga-corta-hombre-3","status":"publish","type":"product","link":"https:\/\/grupotextil.es\/en\/product\/camisa-oxford-manga-corta-hombre-3\/","title":{"rendered":"Shirt Oxford manga corta hombre"},"content":{"rendered":"<ul>\n<li>135 g\/m\u00b2 (White: 130 g\/m\u00b2)<\/li>\n<li>70% algod\u00f3n<\/li>\n<li>30% poli\u00e9ster<\/li>\n<li>Camisa Oxford de cuidado f\u00e1cil<\/li>\n<li>Bot\u00f3n para sujetar el cuello a la camisa<\/li>\n<li>Botones con nacarados (para Black y Navy son del mismo tono de la prenda)<\/li>\n<li>Canes\u00fa en la espalda con dos pliegues invertidos<\/li>\n<li>Bolsillo de parche en el pecho<\/li>\n<li>Bajo redondeado<\/li>\n<\/ul>","protected":false},"excerpt":{"rendered":"<p>135 g\/m\u00b2 (White: 130 g\/m\u00b2)70% algod\u00f3n30% poli\u00e9sterCamisa Oxford de cuidado f\u00e1cilBot\u00f3n para sujetar el cuello a la camisaBotones con nacarados (para Black y Navy son del mismo tono de la prenda)Canes\u00fa<\/p>","protected":false},"featured_media":425559,"comment_status":"open","ping_status":"closed","template":"","meta":{"_acf_changed":false},"product_brand":[11665],"product_cat":[13938,13973],"product_tag":[],"class_list":{"0":"post-396185","1":"product","2":"type-product","3":"status-publish","4":"has-post-thumbnail","6":"product_brand-fruit-of-the-loom","7":"product_cat-camisas-corporativas","8":"product_cat-ropa","9":"tm-no-options","11":"first","12":"instock","13":"taxable","14":"shipping-taxable","15":"product-type-variable"},"acf":[],"_links":{"self":[{"href":"https:\/\/grupotextil.es\/en\/wp-json\/wp\/v2\/product\/396185","targetHints":{"allow":["GET"]}}],"collection":[{"href":"https:\/\/grupotextil.es\/en\/wp-json\/wp\/v2\/product"}],"about":[{"href":"https:\/\/grupotextil.es\/en\/wp-json\/wp\/v2\/types\/product"}],"replies":[{"embeddable":true,"href":"https:\/\/grupotextil.es\/en\/wp-json\/wp\/v2\/comments?post=396185"}],"wp:featuredmedia":[{"embeddable":true,"href":"https:\/\/grupotextil.es\/en\/wp-json\/wp\/v2\/media\/425559"}],"wp:attachment":[{"href":"https:\/\/grupotextil.es\/en\/wp-json\/wp\/v2\/media?parent=396185"}],"wp:term":[{"taxonomy":"product_brand","embeddable":true,"href":"https:\/\/grupotextil.es\/en\/wp-json\/wp\/v2\/product_brand?post=396185"},{"taxonomy":"product_cat","embeddable":true,"href":"https:\/\/grupotextil.es\/en\/wp-json\/wp\/v2\/product_cat?post=396185"},{"taxonomy":"product_tag","embeddable":true,"href":"https:\/\/grupotextil.es\/en\/wp-json\/wp\/v2\/product_tag?post=396185"}],"curies":[{"name":"wp","href":"https:\/\/api.w.org\/{rel}","templated":true}]}}

<ul>
<li>135 g/m² (White: 130 g/m²)</li>
<li>70% algodón</li>
<li>30% poliéster</li>
<li>Camisa Oxford de cuidado fácil</li>
<li>Botón para sujetar el cuello a la camisa</li>
<li>Botones con nacarados (para Black y Navy son del mismo tono de la prenda)</li>
<li>Canesú en la espalda con dos pliegues invertidos</li>
<li>Bolsillo de parche en el pecho</li>
<li>Bajo redondeado</li>
</ul>

<p>135 g/m² (White: 130 g/m²)70% algodón30% poliésterCamisa Oxford de cuidado fácilBotón para sujetar el cuello a la camisaBotones con nacarados (para Black y Navy son del mismo tono de la prenda)Canesú</p>
