{"id":397135,"date":"2026-03-08T05:16:03","date_gmt":"2026-03-08T04:16:03","guid":{"rendered":"https:\/\/grupotextil.es\/producto\/forro-polar-con-capucha-mountain\/"},"modified":"2026-03-08T05:16:03","modified_gmt":"2026-03-08T04:16:03","slug":"forro-polar-con-capucha-mountain","status":"publish","type":"product","link":"https:\/\/grupotextil.es\/en\/product\/forro-polar-con-capucha-mountain\/","title":{"rendered":"Forro Polar con capucha Mountain"},"content":{"rendered":"<ul>\n<li>344 g\/m\u00b2<\/li>\n<li>100% Poli\u00e9ster (Forro polar)<\/li>\n<li>Inserciones: 92% Poli\u00e9ster, 8% Elastano (Antidesgarro)<\/li>\n<li>Capucha de 3 paneles<\/li>\n<li>Cremallera completa<\/li>\n<li>Paneles reforzados<\/li>\n<li>Ribete el\u00e1stico en el dobladillo de las mangas<\/li>\n<li>Bolsillos laterales<\/li>\n<li>Bolsillo interior<\/li>\n<li>Dobladillo ajustable con cord\u00f3n y tope.<\/li>\n<\/ul>","protected":false},"excerpt":{"rendered":"<p>344 g\/m\u00b2100% Poli\u00e9ster (Forro polar)Inserciones: 92% Poli\u00e9ster, 8% Elastano (Antidesgarro)Capucha de 3 panelesCremallera completaPaneles reforzadosRibete el\u00e1stico en el dobladillo de las mangasBols&#8230;<\/p>","protected":false},"featured_media":425846,"comment_status":"open","ping_status":"closed","template":"","meta":{"_acf_changed":false},"product_brand":[11671],"product_cat":[13981,13990,13974,13975,13973],"product_tag":[],"class_list":{"0":"post-397135","1":"product","2":"type-product","3":"status-publish","4":"has-post-thumbnail","6":"product_brand-tee-jays","7":"product_cat-h-chaquetas-y-abrigos","8":"product_cat-m-chaquetas-y-abrigos","9":"product_cat-ropa-hombre","10":"product_cat-ropa-mujer","11":"product_cat-ropa","12":"tm-no-options","14":"first","15":"instock","16":"taxable","17":"shipping-taxable","18":"product-type-variable"},"acf":[],"_links":{"self":[{"href":"https:\/\/grupotextil.es\/en\/wp-json\/wp\/v2\/product\/397135","targetHints":{"allow":["GET"]}}],"collection":[{"href":"https:\/\/grupotextil.es\/en\/wp-json\/wp\/v2\/product"}],"about":[{"href":"https:\/\/grupotextil.es\/en\/wp-json\/wp\/v2\/types\/product"}],"replies":[{"embeddable":true,"href":"https:\/\/grupotextil.es\/en\/wp-json\/wp\/v2\/comments?post=397135"}],"wp:featuredmedia":[{"embeddable":true,"href":"https:\/\/grupotextil.es\/en\/wp-json\/wp\/v2\/media\/425846"}],"wp:attachment":[{"href":"https:\/\/grupotextil.es\/en\/wp-json\/wp\/v2\/media?parent=397135"}],"wp:term":[{"taxonomy":"product_brand","embeddable":true,"href":"https:\/\/grupotextil.es\/en\/wp-json\/wp\/v2\/product_brand?post=397135"},{"taxonomy":"product_cat","embeddable":true,"href":"https:\/\/grupotextil.es\/en\/wp-json\/wp\/v2\/product_cat?post=397135"},{"taxonomy":"product_tag","embeddable":true,"href":"https:\/\/grupotextil.es\/en\/wp-json\/wp\/v2\/product_tag?post=397135"}],"curies":[{"name":"wp","href":"https:\/\/api.w.org\/{rel}","templated":true}]}}

<ul>
<li>344 g/m²</li>
<li>100% Poliéster (Forro polar)</li>
<li>Inserciones: 92% Poliéster, 8% Elastano (Antidesgarro)</li>
<li>Capucha de 3 paneles</li>
<li>Cremallera completa</li>
<li>Paneles reforzados</li>
<li>Ribete elástico en el dobladillo de las mangas</li>
<li>Bolsillos laterales</li>
<li>Bolsillo interior</li>
<li>Dobladillo ajustable con cordón y tope.</li>
</ul>

<p>344 g/m²100% Poliéster (Forro polar)Inserciones: 92% Poliéster, 8% Elastano (Antidesgarro)Capucha de 3 panelesCremallera completaPaneles reforzadosRibete elástico en el dobladillo de las mangasBols&#8230;</p>
