{"id":397695,"date":"2026-03-08T05:17:32","date_gmt":"2026-03-08T04:17:32","guid":{"rendered":"https:\/\/grupotextil.es\/producto\/chaqueta-channel-mujer\/"},"modified":"2026-03-08T05:17:32","modified_gmt":"2026-03-08T04:17:32","slug":"chaqueta-channel-mujer","status":"publish","type":"product","link":"https:\/\/grupotextil.es\/en\/product\/chaqueta-channel-mujer\/","title":{"rendered":"Chaqueta Channel mujer"},"content":{"rendered":"<ul>\n<li>Exterior: 100% poli\u00e9ster (StormDri 2000) con capa PU<\/li>\n<li>Relleno: 100% poli\u00e9ster<\/li>\n<li>Forro: busto 250 g\/m\u00b2, 100% poli\u00e9ster (polar); mangas: 100% poli\u00e9ster (Taffeta)<\/li>\n<li>Costuras impermeables selladas<\/li>\n<li>Corta viento y repelente al agua (4.000 mm)<\/li>\n<li>Cremallera con solapa<\/li>\n<li>Capucha enrollable oculta<\/li>\n<li>Pu\u00f1os ajustable<\/li>\n<li>Bajo el\u00e1stico<\/li>\n<li>Dos bolsillos laterales, bolsillo para m\u00f3vil y bolsillo interior<\/li>\n<li>Adecuado para bordado, impresi\u00f3n digital y serigraf\u00eda<\/li>\n<li>COLORES DESCATALOGADOS: Se retiran 1 colores de la colecci\u00f3n Falk&amp;Ross (Todav\u00eda est\u00e1n en el portfolio del fabricante).<\/li>\n<\/ul>","protected":false},"excerpt":{"rendered":"<p>Exterior: 100% poli\u00e9ster (StormDri 2000) con capa PURelleno: 100% poli\u00e9sterForro: busto 250 g\/m\u00b2, 100% poli\u00e9ster (polar); mangas: 100% poli\u00e9ster (Taffeta)Costuras impermeables selladasCorta viento &#8230;<\/p>","protected":false},"featured_media":425985,"comment_status":"open","ping_status":"closed","template":"","meta":{"_acf_changed":false},"product_brand":[11669],"product_cat":[13931,13981,13990,13974,13930,13975,13973],"product_tag":[],"class_list":{"0":"post-397695","1":"product","2":"type-product","3":"status-publish","4":"has-post-thumbnail","6":"product_brand-result","7":"product_cat-rl-alta-visibilidad","8":"product_cat-h-chaquetas-y-abrigos","9":"product_cat-m-chaquetas-y-abrigos","10":"product_cat-ropa-hombre","11":"product_cat-laboral","12":"product_cat-ropa-mujer","13":"product_cat-ropa","14":"tm-no-options","16":"first","17":"instock","18":"taxable","19":"shipping-taxable","20":"product-type-variable"},"acf":[],"_links":{"self":[{"href":"https:\/\/grupotextil.es\/en\/wp-json\/wp\/v2\/product\/397695","targetHints":{"allow":["GET"]}}],"collection":[{"href":"https:\/\/grupotextil.es\/en\/wp-json\/wp\/v2\/product"}],"about":[{"href":"https:\/\/grupotextil.es\/en\/wp-json\/wp\/v2\/types\/product"}],"replies":[{"embeddable":true,"href":"https:\/\/grupotextil.es\/en\/wp-json\/wp\/v2\/comments?post=397695"}],"wp:featuredmedia":[{"embeddable":true,"href":"https:\/\/grupotextil.es\/en\/wp-json\/wp\/v2\/media\/425985"}],"wp:attachment":[{"href":"https:\/\/grupotextil.es\/en\/wp-json\/wp\/v2\/media?parent=397695"}],"wp:term":[{"taxonomy":"product_brand","embeddable":true,"href":"https:\/\/grupotextil.es\/en\/wp-json\/wp\/v2\/product_brand?post=397695"},{"taxonomy":"product_cat","embeddable":true,"href":"https:\/\/grupotextil.es\/en\/wp-json\/wp\/v2\/product_cat?post=397695"},{"taxonomy":"product_tag","embeddable":true,"href":"https:\/\/grupotextil.es\/en\/wp-json\/wp\/v2\/product_tag?post=397695"}],"curies":[{"name":"wp","href":"https:\/\/api.w.org\/{rel}","templated":true}]}}

<ul>
<li>Exterior: 100% poliéster (StormDri 2000) con capa PU</li>
<li>Relleno: 100% poliéster</li>
<li>Forro: busto 250 g/m², 100% poliéster (polar); mangas: 100% poliéster (Taffeta)</li>
<li>Costuras impermeables selladas</li>
<li>Corta viento y repelente al agua (4.000 mm)</li>
<li>Cremallera con solapa</li>
<li>Capucha enrollable oculta</li>
<li>Puños ajustable</li>
<li>Bajo elástico</li>
<li>Dos bolsillos laterales, bolsillo para móvil y bolsillo interior</li>
<li>Adecuado para bordado, impresión digital y serigrafía</li>
<li>COLORES DESCATALOGADOS: Se retiran 1 colores de la colección Falk&amp;Ross (Todavía están en el portfolio del fabricante).</li>
</ul>

<p>Exterior: 100% poliéster (StormDri 2000) con capa PURelleno: 100% poliésterForro: busto 250 g/m², 100% poliéster (polar); mangas: 100% poliéster (Taffeta)Costuras impermeables selladasCorta viento &#8230;</p>
