{"id":400127,"date":"2026-03-08T05:24:42","date_gmt":"2026-03-08T04:24:42","guid":{"rendered":"https:\/\/grupotextil.es\/producto\/chaleco-reversible-de-seguridad\/"},"modified":"2026-03-08T05:24:42","modified_gmt":"2026-03-08T04:24:42","slug":"chaleco-reversible-de-seguridad","status":"publish","type":"product","link":"https:\/\/grupotextil.es\/en\/product\/chaleco-reversible-de-seguridad\/","title":{"rendered":"Vest reversible Safety"},"content":{"rendered":"<ul>\n<li>Exterior: 100% poli\u00e9ster (sarga el\u00e1stica mec\u00e1nica \/ pel\u00edcula de TPU)<\/li>\n<li>Relleno: 220 g\/m\u00b2, 100% poli\u00e9ster<\/li>\n<li>Forro: 100% nylon (azul marino)<\/li>\n<li>EN ISO 20471:2013 + A1, clase 2<\/li>\n<li>S\u00faper suave, ligero y c\u00e1lido<\/li>\n<li>Cuello alto<\/li>\n<li>Cremallera completa<\/li>\n<li>Sisas y dobladillo inferiores suaves<\/li>\n<li>Bolsillos laterales y bolsillo en el pecho con cremallera<\/li>\n<li>Reverso acolchado en azul marino<\/li>\n<li>Adecuado para bordado<\/li>\n<li>Bandas reflectantes impresas<\/li>\n<li>RIS-3279-TOM (solo Naranja fluorescente \/ Azul marino).<\/li>\n<\/ul>","protected":false},"excerpt":{"rendered":"<p>Exterior: 100% poli\u00e9ster (sarga el\u00e1stica mec\u00e1nica \/ pel\u00edcula de TPU)Relleno: 220 g\/m\u00b2, 100% poli\u00e9sterForro: 100% nylon (azul marino)EN ISO 20471:2013 + A1, clase 2S\u00faper suave, ligero y c\u00e1lidoCuello&#8230;<\/p>","protected":false},"featured_media":426697,"comment_status":"open","ping_status":"closed","template":"","meta":{"_acf_changed":false},"product_brand":[11669],"product_cat":[13991,13981,13990,13974,13930,13975,13973],"product_tag":[],"class_list":{"0":"post-400127","1":"product","2":"type-product","3":"status-publish","4":"has-post-thumbnail","6":"product_brand-result","7":"product_cat-m-chalecos","8":"product_cat-h-chaquetas-y-abrigos","9":"product_cat-m-chaquetas-y-abrigos","10":"product_cat-ropa-hombre","11":"product_cat-laboral","12":"product_cat-ropa-mujer","13":"product_cat-ropa","14":"tm-no-options","16":"first","17":"instock","18":"taxable","19":"shipping-taxable","20":"product-type-variable"},"acf":[],"_links":{"self":[{"href":"https:\/\/grupotextil.es\/en\/wp-json\/wp\/v2\/product\/400127","targetHints":{"allow":["GET"]}}],"collection":[{"href":"https:\/\/grupotextil.es\/en\/wp-json\/wp\/v2\/product"}],"about":[{"href":"https:\/\/grupotextil.es\/en\/wp-json\/wp\/v2\/types\/product"}],"replies":[{"embeddable":true,"href":"https:\/\/grupotextil.es\/en\/wp-json\/wp\/v2\/comments?post=400127"}],"wp:featuredmedia":[{"embeddable":true,"href":"https:\/\/grupotextil.es\/en\/wp-json\/wp\/v2\/media\/426697"}],"wp:attachment":[{"href":"https:\/\/grupotextil.es\/en\/wp-json\/wp\/v2\/media?parent=400127"}],"wp:term":[{"taxonomy":"product_brand","embeddable":true,"href":"https:\/\/grupotextil.es\/en\/wp-json\/wp\/v2\/product_brand?post=400127"},{"taxonomy":"product_cat","embeddable":true,"href":"https:\/\/grupotextil.es\/en\/wp-json\/wp\/v2\/product_cat?post=400127"},{"taxonomy":"product_tag","embeddable":true,"href":"https:\/\/grupotextil.es\/en\/wp-json\/wp\/v2\/product_tag?post=400127"}],"curies":[{"name":"wp","href":"https:\/\/api.w.org\/{rel}","templated":true}]}}

<ul>
<li>Exterior: 100% poliéster (sarga elástica mecánica / película de TPU)</li>
<li>Relleno: 220 g/m², 100% poliéster</li>
<li>Forro: 100% nylon (azul marino)</li>
<li>EN ISO 20471:2013 + A1, clase 2</li>
<li>Súper suave, ligero y cálido</li>
<li>Cuello alto</li>
<li>Cremallera completa</li>
<li>Sisas y dobladillo inferiores suaves</li>
<li>Bolsillos laterales y bolsillo en el pecho con cremallera</li>
<li>Reverso acolchado en azul marino</li>
<li>Adecuado para bordado</li>
<li>Bandas reflectantes impresas</li>
<li>RIS-3279-TOM (solo Naranja fluorescente / Azul marino).</li>
</ul>

<p>Exterior: 100% poliéster (sarga elástica mecánica / película de TPU)Relleno: 220 g/m², 100% poliésterForro: 100% nylon (azul marino)EN ISO 20471:2013 + A1, clase 2Súper suave, ligero y cálidoCuello&#8230;</p>
