{"id":400684,"date":"2026-03-08T05:27:09","date_gmt":"2026-03-08T04:27:09","guid":{"rendered":"https:\/\/grupotextil.es\/producto\/pantalon-ajustado\/"},"modified":"2026-03-08T05:27:09","modified_gmt":"2026-03-08T04:27:09","slug":"pantalon-ajustado","status":"publish","type":"product","link":"https:\/\/grupotextil.es\/en\/product\/pantalon-ajustado\/","title":{"rendered":"Pantal\u00f3n ajustado"},"content":{"rendered":"<ul>\n<li>250 g\/m\u00b2<\/li>\n<li>65% poli\u00e9ster, 35% algod\u00f3n<\/li>\n<li>Cintura el\u00e1stica con ajuste de cord\u00f3n plano del mismo color<\/li>\n<li>Bolsillos laterales<\/li>\n<li>Bolsillo trasero<\/li>\n<li>Pu\u00f1os en canal\u00e9<\/li>\n<li>Etiqueta extra\u00edble<\/li>\n<li>Ajustado.<\/li>\n<\/ul>","protected":false},"excerpt":{"rendered":"<p>250 g\/m\u00b265% poli\u00e9ster, 35% algod\u00f3nCintura el\u00e1stica con ajuste de cord\u00f3n plano del mismo colorBolsillos lateralesBolsillo traseroPu\u00f1os en canal\u00e9Etiqueta extra\u00edbleAjustado.<\/p>","protected":false},"featured_media":426879,"comment_status":"open","ping_status":"closed","template":"","meta":{"_acf_changed":false},"product_brand":[11672],"product_cat":[13939,13974,13975,13983,13992,13973],"product_tag":[],"class_list":{"0":"post-400684","1":"product","2":"type-product","3":"status-publish","4":"has-post-thumbnail","6":"product_brand-kustom-kit","7":"product_cat-deportivo","8":"product_cat-ropa-hombre","9":"product_cat-ropa-mujer","10":"product_cat-h-pantalones","11":"product_cat-m-pantalones","12":"product_cat-ropa","13":"tm-no-options","15":"first","16":"instock","17":"taxable","18":"shipping-taxable","19":"product-type-variable"},"acf":[],"_links":{"self":[{"href":"https:\/\/grupotextil.es\/en\/wp-json\/wp\/v2\/product\/400684","targetHints":{"allow":["GET"]}}],"collection":[{"href":"https:\/\/grupotextil.es\/en\/wp-json\/wp\/v2\/product"}],"about":[{"href":"https:\/\/grupotextil.es\/en\/wp-json\/wp\/v2\/types\/product"}],"replies":[{"embeddable":true,"href":"https:\/\/grupotextil.es\/en\/wp-json\/wp\/v2\/comments?post=400684"}],"wp:featuredmedia":[{"embeddable":true,"href":"https:\/\/grupotextil.es\/en\/wp-json\/wp\/v2\/media\/426879"}],"wp:attachment":[{"href":"https:\/\/grupotextil.es\/en\/wp-json\/wp\/v2\/media?parent=400684"}],"wp:term":[{"taxonomy":"product_brand","embeddable":true,"href":"https:\/\/grupotextil.es\/en\/wp-json\/wp\/v2\/product_brand?post=400684"},{"taxonomy":"product_cat","embeddable":true,"href":"https:\/\/grupotextil.es\/en\/wp-json\/wp\/v2\/product_cat?post=400684"},{"taxonomy":"product_tag","embeddable":true,"href":"https:\/\/grupotextil.es\/en\/wp-json\/wp\/v2\/product_tag?post=400684"}],"curies":[{"name":"wp","href":"https:\/\/api.w.org\/{rel}","templated":true}]}}

Pantalón ajustado

<ul>
<li>250 g/m²</li>
<li>65% poliéster, 35% algodón</li>
<li>Cintura elástica con ajuste de cordón plano del mismo color</li>
<li>Bolsillos laterales</li>
<li>Bolsillo trasero</li>
<li>Puños en canalé</li>
<li>Etiqueta extraíble</li>
<li>Ajustado.</li>
</ul>

<p>250 g/m²65% poliéster, 35% algodónCintura elástica con ajuste de cordón plano del mismo colorBolsillos lateralesBolsillo traseroPuños en canaléEtiqueta extraíbleAjustado.</p>
