{"id":401059,"date":"2026-03-08T05:29:54","date_gmt":"2026-03-08T04:29:54","guid":{"rendered":"https:\/\/grupotextil.es\/producto\/mochila-airside-underseat\/"},"modified":"2026-03-08T05:29:54","modified_gmt":"2026-03-08T04:29:54","slug":"mochila-airside-underseat","status":"publish","type":"product","link":"https:\/\/grupotextil.es\/en\/product\/mochila-airside-underseat\/","title":{"rendered":"Mochila Airside Underseat"},"content":{"rendered":"<ul>\n<li>252 g\/m\u00b2<\/li>\n<li>100 % poli\u00e9ster 600D (reciclado)<\/li>\n<li>Estilo minimalista<\/li>\n<li>Compartimento principal con cremallera<\/li>\n<li>Amplia apertura con cremallera para f\u00e1cil acceso.<\/li>\n<li>Funda acolchada interna para tableta o port\u00e1til de hasta 13<\/li>\n<li>Bolsillo interior de malla con cremallera<\/li>\n<li>Dos bolsillos interiores de malla deslizante<\/li>\n<li>Aro interior para botellas<\/li>\n<li>Revestimiento interior con acabado de primera calidad.<\/li>\n<li>Bolsillo frontal exterior con cremallera, solapa para lluvia y bolsillos deslizantes internos<\/li>\n<li>Correa de equipaje con discreto bolsillo con cremallera.<\/li>\n<li>Asa de mano<\/li>\n<li>Tama\u00f1o de equipaje de cabina debajo del asiento: se adapta a la mayor\u00eda de las aerol\u00edneas (40 x 30 x 20 cm)<\/li>\n<li>etiqueta extra\u00edble para facilitar el cambio de marca<\/li>\n<\/ul>","protected":false},"excerpt":{"rendered":"<p>252 g\/m\u00b2100 % poli\u00e9ster 600D (reciclado)Estilo minimalistaCompartimento principal con cremalleraAmplia apertura con cremallera para f\u00e1cil acceso.<\/p>","protected":false},"featured_media":427050,"comment_status":"open","ping_status":"closed","template":"","meta":{"_acf_changed":false},"product_brand":[11657],"product_cat":[13948,13954,13939,13974,13930,13975,13983,13992,13973],"product_tag":[],"class_list":{"0":"post-401059","1":"product","2":"type-product","3":"status-publish","4":"has-post-thumbnail","6":"product_brand-quadra","7":"product_cat-accesorios","8":"product_cat-acc-bolsas-y-mochilas","9":"product_cat-deportivo","10":"product_cat-ropa-hombre","11":"product_cat-laboral","12":"product_cat-ropa-mujer","13":"product_cat-h-pantalones","14":"product_cat-m-pantalones","15":"product_cat-ropa","16":"tm-no-options","18":"first","19":"instock","20":"taxable","21":"shipping-taxable","22":"product-type-variable"},"acf":[],"_links":{"self":[{"href":"https:\/\/grupotextil.es\/en\/wp-json\/wp\/v2\/product\/401059","targetHints":{"allow":["GET"]}}],"collection":[{"href":"https:\/\/grupotextil.es\/en\/wp-json\/wp\/v2\/product"}],"about":[{"href":"https:\/\/grupotextil.es\/en\/wp-json\/wp\/v2\/types\/product"}],"replies":[{"embeddable":true,"href":"https:\/\/grupotextil.es\/en\/wp-json\/wp\/v2\/comments?post=401059"}],"wp:featuredmedia":[{"embeddable":true,"href":"https:\/\/grupotextil.es\/en\/wp-json\/wp\/v2\/media\/427050"}],"wp:attachment":[{"href":"https:\/\/grupotextil.es\/en\/wp-json\/wp\/v2\/media?parent=401059"}],"wp:term":[{"taxonomy":"product_brand","embeddable":true,"href":"https:\/\/grupotextil.es\/en\/wp-json\/wp\/v2\/product_brand?post=401059"},{"taxonomy":"product_cat","embeddable":true,"href":"https:\/\/grupotextil.es\/en\/wp-json\/wp\/v2\/product_cat?post=401059"},{"taxonomy":"product_tag","embeddable":true,"href":"https:\/\/grupotextil.es\/en\/wp-json\/wp\/v2\/product_tag?post=401059"}],"curies":[{"name":"wp","href":"https:\/\/api.w.org\/{rel}","templated":true}]}}

<ul>
<li>252 g/m²</li>
<li>100 % poliéster 600D (reciclado)</li>
<li>Estilo minimalista</li>
<li>Compartimento principal con cremallera</li>
<li>Amplia apertura con cremallera para fácil acceso.</li>
<li>Funda acolchada interna para tableta o portátil de hasta 13</li>
<li>Bolsillo interior de malla con cremallera</li>
<li>Dos bolsillos interiores de malla deslizante</li>
<li>Aro interior para botellas</li>
<li>Revestimiento interior con acabado de primera calidad.</li>
<li>Bolsillo frontal exterior con cremallera, solapa para lluvia y bolsillos deslizantes internos</li>
<li>Correa de equipaje con discreto bolsillo con cremallera.</li>
<li>Asa de mano</li>
<li>Tamaño de equipaje de cabina debajo del asiento: se adapta a la mayoría de las aerolíneas (40 x 30 x 20 cm)</li>
<li>etiqueta extraíble para facilitar el cambio de marca</li>
</ul>

<p>252 g/m²100 % poliéster 600D (reciclado)Estilo minimalistaCompartimento principal con cremalleraAmplia apertura con cremallera para fácil acceso.</p>
