{"id":401404,"date":"2026-03-08T05:33:11","date_gmt":"2026-03-08T04:33:11","guid":{"rendered":"https:\/\/grupotextil.es\/producto\/gorra-trucker-microknit\/"},"modified":"2026-03-08T05:33:11","modified_gmt":"2026-03-08T04:33:11","slug":"gorra-trucker-microknit","status":"publish","type":"product","link":"https:\/\/grupotextil.es\/en\/product\/gorra-trucker-microknit\/","title":{"rendered":"Cap Trucker Microknit"},"content":{"rendered":"<ul>\n<li>Panel frontal: 96% poli\u00e9ster, 4% elast\u00e1n<\/li>\n<li>Paneles traseros: 100% poli\u00e9ster (malla)<\/li>\n<li>5 paneles<\/li>\n<li>Paneles frontales sin costura<\/li>\n<li>Visera semicurvada<\/li>\n<li>Cierre ajustable Snapback<\/li>\n<li>Etiqueta extra\u00edble.<\/li>\n<\/ul>","protected":false},"excerpt":{"rendered":"<p>Panel frontal: 96% poli\u00e9ster, 4% elast\u00e1nPaneles traseros: 100% poli\u00e9ster (malla)5 panelesPaneles frontales sin costuraVisera semicurvadaCierre ajustable SnapbackEtiqueta extra\u00edble.<\/p>","protected":false},"featured_media":427326,"comment_status":"open","ping_status":"closed","template":"","meta":{"_acf_changed":false},"product_brand":[11655],"product_cat":[13948,13954,13939,13974,13930,13975,13992,13983,13973],"product_tag":[],"class_list":{"0":"post-401404","1":"product","2":"type-product","3":"status-publish","4":"has-post-thumbnail","6":"product_brand-beechfield","7":"product_cat-accesorios","8":"product_cat-acc-bolsas-y-mochilas","9":"product_cat-deportivo","10":"product_cat-ropa-hombre","11":"product_cat-laboral","12":"product_cat-ropa-mujer","13":"product_cat-m-pantalones","14":"product_cat-h-pantalones","15":"product_cat-ropa","16":"tm-no-options","18":"first","19":"instock","20":"taxable","21":"shipping-taxable","22":"product-type-variable"},"acf":[],"_links":{"self":[{"href":"https:\/\/grupotextil.es\/en\/wp-json\/wp\/v2\/product\/401404","targetHints":{"allow":["GET"]}}],"collection":[{"href":"https:\/\/grupotextil.es\/en\/wp-json\/wp\/v2\/product"}],"about":[{"href":"https:\/\/grupotextil.es\/en\/wp-json\/wp\/v2\/types\/product"}],"replies":[{"embeddable":true,"href":"https:\/\/grupotextil.es\/en\/wp-json\/wp\/v2\/comments?post=401404"}],"wp:featuredmedia":[{"embeddable":true,"href":"https:\/\/grupotextil.es\/en\/wp-json\/wp\/v2\/media\/427326"}],"wp:attachment":[{"href":"https:\/\/grupotextil.es\/en\/wp-json\/wp\/v2\/media?parent=401404"}],"wp:term":[{"taxonomy":"product_brand","embeddable":true,"href":"https:\/\/grupotextil.es\/en\/wp-json\/wp\/v2\/product_brand?post=401404"},{"taxonomy":"product_cat","embeddable":true,"href":"https:\/\/grupotextil.es\/en\/wp-json\/wp\/v2\/product_cat?post=401404"},{"taxonomy":"product_tag","embeddable":true,"href":"https:\/\/grupotextil.es\/en\/wp-json\/wp\/v2\/product_tag?post=401404"}],"curies":[{"name":"wp","href":"https:\/\/api.w.org\/{rel}","templated":true}]}}

<ul>
<li>Panel frontal: 96% poliéster, 4% elastán</li>
<li>Paneles traseros: 100% poliéster (malla)</li>
<li>5 paneles</li>
<li>Paneles frontales sin costura</li>
<li>Visera semicurvada</li>
<li>Cierre ajustable Snapback</li>
<li>Etiqueta extraíble.</li>
</ul>

<p>Panel frontal: 96% poliéster, 4% elastánPaneles traseros: 100% poliéster (malla)5 panelesPaneles frontales sin costuraVisera semicurvadaCierre ajustable SnapbackEtiqueta extraíble.</p>
