{"id":401586,"date":"2026-03-08T05:34:43","date_gmt":"2026-03-08T04:34:43","guid":{"rendered":"https:\/\/grupotextil.es\/producto\/bolsa-de-yoga-organica-earthaware\/"},"modified":"2026-03-08T05:34:43","modified_gmt":"2026-03-08T04:34:43","slug":"bolsa-de-yoga-organica-earthaware","status":"publish","type":"product","link":"https:\/\/grupotextil.es\/en\/product\/bolsa-de-yoga-organica-earthaware\/","title":{"rendered":"Bag de yoga org\u00e1nico EarthAware\u00ae"},"content":{"rendered":"<ul>\n<li>340 g\/m\u00b2<\/li>\n<li>100% algod\u00f3n (org\u00e1nico)<\/li>\n<li>Tejido resistente<\/li>\n<li>Funda externa para guardar esterillas de yoga de f\u00e1cil acceso<\/li>\n<li>Se adapta a la mayor\u00eda de los tama\u00f1os de esterillas de yoga (no incluida)<\/li>\n<li>Capacidad: 27 litros<\/li>\n<li>Dimensiones: 50x36x13 cm<\/li>\n<\/ul>","protected":false},"excerpt":{"rendered":"<p>340 g\/m\u00b2100% algod\u00f3n (org\u00e1nico)Tejido resistenteFunda externa para guardar esterillas de yoga de f\u00e1cil accesoSe adapta a la mayor\u00eda de los tama\u00f1os de esterillas de yoga (no incluida)Capacidad: 27 litr<\/p>","protected":false},"featured_media":427388,"comment_status":"open","ping_status":"closed","template":"","meta":{"_acf_changed":false},"product_brand":[11680],"product_cat":[13954],"product_tag":[],"class_list":{"0":"post-401586","1":"product","2":"type-product","3":"status-publish","4":"has-post-thumbnail","6":"product_brand-westford-mill","7":"product_cat-acc-bolsas-y-mochilas","8":"tm-no-options","10":"first","11":"instock","12":"taxable","13":"shipping-taxable","14":"product-type-variable"},"acf":[],"_links":{"self":[{"href":"https:\/\/grupotextil.es\/en\/wp-json\/wp\/v2\/product\/401586","targetHints":{"allow":["GET"]}}],"collection":[{"href":"https:\/\/grupotextil.es\/en\/wp-json\/wp\/v2\/product"}],"about":[{"href":"https:\/\/grupotextil.es\/en\/wp-json\/wp\/v2\/types\/product"}],"replies":[{"embeddable":true,"href":"https:\/\/grupotextil.es\/en\/wp-json\/wp\/v2\/comments?post=401586"}],"wp:featuredmedia":[{"embeddable":true,"href":"https:\/\/grupotextil.es\/en\/wp-json\/wp\/v2\/media\/427388"}],"wp:attachment":[{"href":"https:\/\/grupotextil.es\/en\/wp-json\/wp\/v2\/media?parent=401586"}],"wp:term":[{"taxonomy":"product_brand","embeddable":true,"href":"https:\/\/grupotextil.es\/en\/wp-json\/wp\/v2\/product_brand?post=401586"},{"taxonomy":"product_cat","embeddable":true,"href":"https:\/\/grupotextil.es\/en\/wp-json\/wp\/v2\/product_cat?post=401586"},{"taxonomy":"product_tag","embeddable":true,"href":"https:\/\/grupotextil.es\/en\/wp-json\/wp\/v2\/product_tag?post=401586"}],"curies":[{"name":"wp","href":"https:\/\/api.w.org\/{rel}","templated":true}]}}

Bag de yoga orgánico EarthAware®

<ul>
<li>340 g/m²</li>
<li>100% algodón (orgánico)</li>
<li>Tejido resistente</li>
<li>Funda externa para guardar esterillas de yoga de fácil acceso</li>
<li>Se adapta a la mayoría de los tamaños de esterillas de yoga (no incluida)</li>
<li>Capacidad: 27 litros</li>
<li>Dimensiones: 50x36x13 cm</li>
</ul>

<p>340 g/m²100% algodón (orgánico)Tejido resistenteFunda externa para guardar esterillas de yoga de fácil accesoSe adapta a la mayoría de los tamaños de esterillas de yoga (no incluida)Capacidad: 27 litr</p>
