{"id":401795,"date":"2026-03-08T05:35:08","date_gmt":"2026-03-08T04:35:08","guid":{"rendered":"https:\/\/grupotextil.es\/producto\/bolsa-para-conservar-el-frio-kolding\/"},"modified":"2026-03-08T05:35:08","modified_gmt":"2026-03-08T04:35:08","slug":"bolsa-para-conservar-el-frio-kolding","status":"publish","type":"product","link":"https:\/\/grupotextil.es\/en\/product\/bolsa-para-conservar-el-frio-kolding\/","title":{"rendered":"Bag para conservar el fr\u00edo Kolding"},"content":{"rendered":"<ul>\n<li>100% polipropileno (no tejido)<\/li>\n<li>Bolsa ligera con capa de aislamiento t\u00e9rmico<\/li>\n<li>Dos asas de manos<\/li>\n<li>Apto para serigraf\u00eda<\/li>\n<li>Capacidad: 23 litros<\/li>\n<li>Dimensiones: 36x43x15 cm<\/li>\n<li>Superficie de decoraci\u00f3n: 24&#215;20 cm<\/li>\n<\/ul>","protected":false},"excerpt":{"rendered":"<p>100% polipropileno (no tejido)Bolsa ligera con capa de aislamiento t\u00e9rmicoDos asas de manosApto para serigraf\u00edaCapacidad: 23 litrosDimensiones: 36x43x15 cmSuperficie de decoraci\u00f3n: 24&#215;20 cm<\/p>","protected":false},"featured_media":427674,"comment_status":"open","ping_status":"closed","template":"","meta":{"_acf_changed":false},"product_brand":[11660],"product_cat":[13954],"product_tag":[],"class_list":{"0":"post-401795","1":"product","2":"type-product","3":"status-publish","4":"has-post-thumbnail","6":"product_brand-shugon","7":"product_cat-acc-bolsas-y-mochilas","8":"tm-no-options","10":"first","11":"instock","12":"taxable","13":"shipping-taxable","14":"product-type-variable"},"acf":[],"_links":{"self":[{"href":"https:\/\/grupotextil.es\/en\/wp-json\/wp\/v2\/product\/401795","targetHints":{"allow":["GET"]}}],"collection":[{"href":"https:\/\/grupotextil.es\/en\/wp-json\/wp\/v2\/product"}],"about":[{"href":"https:\/\/grupotextil.es\/en\/wp-json\/wp\/v2\/types\/product"}],"replies":[{"embeddable":true,"href":"https:\/\/grupotextil.es\/en\/wp-json\/wp\/v2\/comments?post=401795"}],"wp:featuredmedia":[{"embeddable":true,"href":"https:\/\/grupotextil.es\/en\/wp-json\/wp\/v2\/media\/427674"}],"wp:attachment":[{"href":"https:\/\/grupotextil.es\/en\/wp-json\/wp\/v2\/media?parent=401795"}],"wp:term":[{"taxonomy":"product_brand","embeddable":true,"href":"https:\/\/grupotextil.es\/en\/wp-json\/wp\/v2\/product_brand?post=401795"},{"taxonomy":"product_cat","embeddable":true,"href":"https:\/\/grupotextil.es\/en\/wp-json\/wp\/v2\/product_cat?post=401795"},{"taxonomy":"product_tag","embeddable":true,"href":"https:\/\/grupotextil.es\/en\/wp-json\/wp\/v2\/product_tag?post=401795"}],"curies":[{"name":"wp","href":"https:\/\/api.w.org\/{rel}","templated":true}]}}

Bag para conservar el frío Kolding

<ul>
<li>100% polipropileno (no tejido)</li>
<li>Bolsa ligera con capa de aislamiento térmico</li>
<li>Dos asas de manos</li>
<li>Apto para serigrafía</li>
<li>Capacidad: 23 litros</li>
<li>Dimensiones: 36x43x15 cm</li>
<li>Superficie de decoración: 24&#215;20 cm</li>
</ul>

<p>100% polipropileno (no tejido)Bolsa ligera con capa de aislamiento térmicoDos asas de manosApto para serigrafíaCapacidad: 23 litrosDimensiones: 36x43x15 cmSuperficie de decoración: 24&#215;20 cm</p>
