{"id":401997,"date":"2026-03-08T05:35:42","date_gmt":"2026-03-08T04:35:42","guid":{"rendered":"https:\/\/grupotextil.es\/producto\/pantalones-high-profile\/"},"modified":"2026-03-08T05:35:42","modified_gmt":"2026-03-08T04:35:42","slug":"pantalones-high-profile","status":"publish","type":"product","link":"https:\/\/grupotextil.es\/en\/product\/pantalones-high-profile\/","title":{"rendered":"Pantalones High Profile"},"content":{"rendered":"<ul>\n<li>200 g\/m\u00b2<\/li>\n<li>100% poli\u00e9ster ( con recubrimiento PU)<\/li>\n<li>EN ISO 20471:2013, class 1<\/li>\n<li>Resistente al viento y al agua<\/li>\n<li>Costuras selladas<\/li>\n<li>Cintura el\u00e1stica y con cord\u00f3n de ajuste<\/li>\n<li>Dos bolsillos lateriales y un bolsillo trasero para llaves<\/li>\n<li>Cierre con bot\u00f3n a presi\u00f3n en el tobillo<\/li>\n<li>50 mm cosidos en las cintas de seguridad incorporando<\/li>\n<\/ul>","protected":false},"excerpt":{"rendered":"<p>200 g\/m\u00b2100% poli\u00e9ster ( con recubrimiento PU)EN ISO 20471:2013, class 1Resistente al viento y al aguaCosturas selladasCintura el\u00e1stica y con cord\u00f3n de ajusteDos bolsillos lateriales y un bolsillo tra<\/p>","protected":false},"featured_media":427857,"comment_status":"open","ping_status":"closed","template":"","meta":{"_acf_changed":false},"product_brand":[11669],"product_cat":[13954],"product_tag":[],"class_list":{"0":"post-401997","1":"product","2":"type-product","3":"status-publish","4":"has-post-thumbnail","6":"product_brand-result","7":"product_cat-acc-bolsas-y-mochilas","8":"tm-no-options","10":"first","11":"instock","12":"taxable","13":"shipping-taxable","14":"product-type-variable"},"acf":[],"_links":{"self":[{"href":"https:\/\/grupotextil.es\/en\/wp-json\/wp\/v2\/product\/401997","targetHints":{"allow":["GET"]}}],"collection":[{"href":"https:\/\/grupotextil.es\/en\/wp-json\/wp\/v2\/product"}],"about":[{"href":"https:\/\/grupotextil.es\/en\/wp-json\/wp\/v2\/types\/product"}],"replies":[{"embeddable":true,"href":"https:\/\/grupotextil.es\/en\/wp-json\/wp\/v2\/comments?post=401997"}],"wp:featuredmedia":[{"embeddable":true,"href":"https:\/\/grupotextil.es\/en\/wp-json\/wp\/v2\/media\/427857"}],"wp:attachment":[{"href":"https:\/\/grupotextil.es\/en\/wp-json\/wp\/v2\/media?parent=401997"}],"wp:term":[{"taxonomy":"product_brand","embeddable":true,"href":"https:\/\/grupotextil.es\/en\/wp-json\/wp\/v2\/product_brand?post=401997"},{"taxonomy":"product_cat","embeddable":true,"href":"https:\/\/grupotextil.es\/en\/wp-json\/wp\/v2\/product_cat?post=401997"},{"taxonomy":"product_tag","embeddable":true,"href":"https:\/\/grupotextil.es\/en\/wp-json\/wp\/v2\/product_tag?post=401997"}],"curies":[{"name":"wp","href":"https:\/\/api.w.org\/{rel}","templated":true}]}}

<ul>
<li>200 g/m²</li>
<li>100% poliéster ( con recubrimiento PU)</li>
<li>EN ISO 20471:2013, class 1</li>
<li>Resistente al viento y al agua</li>
<li>Costuras selladas</li>
<li>Cintura elástica y con cordón de ajuste</li>
<li>Dos bolsillos lateriales y un bolsillo trasero para llaves</li>
<li>Cierre con botón a presión en el tobillo</li>
<li>50 mm cosidos en las cintas de seguridad incorporando</li>
</ul>

<p>200 g/m²100% poliéster ( con recubrimiento PU)EN ISO 20471:2013, class 1Resistente al viento y al aguaCosturas selladasCintura elástica y con cordón de ajusteDos bolsillos lateriales y un bolsillo tra</p>
