{"id":402018,"date":"2026-03-08T05:35:48","date_gmt":"2026-03-08T04:35:48","guid":{"rendered":"https:\/\/grupotextil.es\/producto\/gorro-con-parche-redondo\/"},"modified":"2026-03-08T05:35:48","modified_gmt":"2026-03-08T04:35:48","slug":"gorro-con-parche-redondo","status":"publish","type":"product","link":"https:\/\/grupotextil.es\/en\/product\/gorro-con-parche-redondo\/","title":{"rendered":"Beanie con parche redondo"},"content":{"rendered":"<ul>\n<li>100% poliacr\u00edlico (tacto suave)<\/li>\n<li>Doble capa<\/li>\n<li>Parche redondo de algod\u00f3n para la decoraci\u00f3n<\/li>\n<li>\u00c1rea de decoraci\u00f3n: 6cm de di\u00e1metro<\/li>\n<li>Etiqueta extra\u00edble<\/li>\n<\/ul>","protected":false},"excerpt":{"rendered":"<p>100% poliacr\u00edlico (tacto suave)Doble capaParche redondo de algod\u00f3n para la decoraci\u00f3n\u00c1rea de decoraci\u00f3n: 6cm de di\u00e1metroEtiqueta extra\u00edble<\/p>","protected":false},"featured_media":427877,"comment_status":"open","ping_status":"closed","template":"","meta":{"_acf_changed":false},"product_brand":[11655],"product_cat":[13954],"product_tag":[],"class_list":{"0":"post-402018","1":"product","2":"type-product","3":"status-publish","4":"has-post-thumbnail","6":"product_brand-beechfield","7":"product_cat-acc-bolsas-y-mochilas","8":"tm-no-options","10":"first","11":"instock","12":"taxable","13":"shipping-taxable","14":"product-type-variable"},"acf":[],"_links":{"self":[{"href":"https:\/\/grupotextil.es\/en\/wp-json\/wp\/v2\/product\/402018","targetHints":{"allow":["GET"]}}],"collection":[{"href":"https:\/\/grupotextil.es\/en\/wp-json\/wp\/v2\/product"}],"about":[{"href":"https:\/\/grupotextil.es\/en\/wp-json\/wp\/v2\/types\/product"}],"replies":[{"embeddable":true,"href":"https:\/\/grupotextil.es\/en\/wp-json\/wp\/v2\/comments?post=402018"}],"wp:featuredmedia":[{"embeddable":true,"href":"https:\/\/grupotextil.es\/en\/wp-json\/wp\/v2\/media\/427877"}],"wp:attachment":[{"href":"https:\/\/grupotextil.es\/en\/wp-json\/wp\/v2\/media?parent=402018"}],"wp:term":[{"taxonomy":"product_brand","embeddable":true,"href":"https:\/\/grupotextil.es\/en\/wp-json\/wp\/v2\/product_brand?post=402018"},{"taxonomy":"product_cat","embeddable":true,"href":"https:\/\/grupotextil.es\/en\/wp-json\/wp\/v2\/product_cat?post=402018"},{"taxonomy":"product_tag","embeddable":true,"href":"https:\/\/grupotextil.es\/en\/wp-json\/wp\/v2\/product_tag?post=402018"}],"curies":[{"name":"wp","href":"https:\/\/api.w.org\/{rel}","templated":true}]}}

<ul>
<li>100% poliacrílico (tacto suave)</li>
<li>Doble capa</li>
<li>Parche redondo de algodón para la decoración</li>
<li>Área de decoración: 6cm de diámetro</li>
<li>Etiqueta extraíble</li>
</ul>

<p>100% poliacrílico (tacto suave)Doble capaParche redondo de algodón para la decoraciónÁrea de decoración: 6cm de diámetroEtiqueta extraíble</p>
