{"id":402104,"date":"2026-03-08T05:35:57","date_gmt":"2026-03-08T04:35:57","guid":{"rendered":"https:\/\/grupotextil.es\/producto\/bolsa-para-calzado-multideporte\/"},"modified":"2026-03-08T05:35:57","modified_gmt":"2026-03-08T04:35:57","slug":"bolsa-para-calzado-multideporte","status":"publish","type":"product","link":"https:\/\/grupotextil.es\/en\/product\/bolsa-para-calzado-multideporte\/","title":{"rendered":"Bag para calzado multideporte"},"content":{"rendered":"<ul>\n<li>100% Poli\u00e9ster (Reciclado, 900D)<\/li>\n<li>Asa de transporte con correas<\/li>\n<li>Compartimento principal con apertura con cremallera de 2 v\u00edas para f\u00e1cil acceso<\/li>\n<li>Panel de ventilaci\u00f3n<\/li>\n<li>etiqueta extra\u00edble para facilitar el cambio de marca<\/li>\n<li>Capacidad: 9Litros<\/li>\n<li>Dimensiones: 35x17x15cm<\/li>\n<li>M\u00e1x. bordado: aro de 15 tubulares<\/li>\n<li>M\u00e1x. \u00e1rea de impresi\u00f3n: 28&#215;15 cm<\/li>\n<\/ul>","protected":false},"excerpt":{"rendered":"<p>100% Poli\u00e9ster (Reciclado, 900D)Asa de transporte con correasCompartimento principal con apertura con cremallera de 2 v\u00edas para f\u00e1cil accesoPanel de ventilaci\u00f3netiqueta extra\u00edble para facilitar el &#8230;<\/p>","protected":false},"featured_media":427988,"comment_status":"open","ping_status":"closed","template":"","meta":{"_acf_changed":false},"product_brand":[11657],"product_cat":[13954],"product_tag":[],"class_list":{"0":"post-402104","1":"product","2":"type-product","3":"status-publish","4":"has-post-thumbnail","6":"product_brand-quadra","7":"product_cat-acc-bolsas-y-mochilas","8":"tm-no-options","10":"first","11":"instock","12":"taxable","13":"shipping-taxable","14":"product-type-variable"},"acf":[],"_links":{"self":[{"href":"https:\/\/grupotextil.es\/en\/wp-json\/wp\/v2\/product\/402104","targetHints":{"allow":["GET"]}}],"collection":[{"href":"https:\/\/grupotextil.es\/en\/wp-json\/wp\/v2\/product"}],"about":[{"href":"https:\/\/grupotextil.es\/en\/wp-json\/wp\/v2\/types\/product"}],"replies":[{"embeddable":true,"href":"https:\/\/grupotextil.es\/en\/wp-json\/wp\/v2\/comments?post=402104"}],"wp:featuredmedia":[{"embeddable":true,"href":"https:\/\/grupotextil.es\/en\/wp-json\/wp\/v2\/media\/427988"}],"wp:attachment":[{"href":"https:\/\/grupotextil.es\/en\/wp-json\/wp\/v2\/media?parent=402104"}],"wp:term":[{"taxonomy":"product_brand","embeddable":true,"href":"https:\/\/grupotextil.es\/en\/wp-json\/wp\/v2\/product_brand?post=402104"},{"taxonomy":"product_cat","embeddable":true,"href":"https:\/\/grupotextil.es\/en\/wp-json\/wp\/v2\/product_cat?post=402104"},{"taxonomy":"product_tag","embeddable":true,"href":"https:\/\/grupotextil.es\/en\/wp-json\/wp\/v2\/product_tag?post=402104"}],"curies":[{"name":"wp","href":"https:\/\/api.w.org\/{rel}","templated":true}]}}

<ul>
<li>100% Poliéster (Reciclado, 900D)</li>
<li>Asa de transporte con correas</li>
<li>Compartimento principal con apertura con cremallera de 2 vías para fácil acceso</li>
<li>Panel de ventilación</li>
<li>etiqueta extraíble para facilitar el cambio de marca</li>
<li>Capacidad: 9Litros</li>
<li>Dimensiones: 35x17x15cm</li>
<li>Máx. bordado: aro de 15 tubulares</li>
<li>Máx. área de impresión: 28&#215;15 cm</li>
</ul>

<p>100% Poliéster (Reciclado, 900D)Asa de transporte con correasCompartimento principal con apertura con cremallera de 2 vías para fácil accesoPanel de ventilaciónetiqueta extraíble para facilitar el &#8230;</p>
