{"id":402137,"date":"2026-03-08T05:35:59","date_gmt":"2026-03-08T04:35:59","guid":{"rendered":"https:\/\/grupotextil.es\/producto\/funda-portatil-11-essential\/"},"modified":"2026-03-08T05:35:59","modified_gmt":"2026-03-08T04:35:59","slug":"funda-portatil-11-essential","status":"publish","type":"product","link":"https:\/\/grupotextil.es\/en\/product\/funda-portatil-11-essential\/","title":{"rendered":"Funda port\u00e1til 11 Essential"},"content":{"rendered":"<ul>\n<li>100% poli\u00e9ster (600D)<\/li>\n<li>Recubrimiento suave al tacto<\/li>\n<li>Dise\u00f1o contempor\u00e1neo<\/li>\n<li>Compartimento principal acolchado con cremallera<\/li>\n<li>Compartimento interno acolchado para iPad\/tablet, compatible hasta 11<\/li>\n<li>Bolsillo frontal antideslizante (dise\u00f1ado para una f\u00e1cil decoraci\u00f3n)<\/li>\n<li>Bolsillo interno de malla con cremallera<\/li>\n<li>M\u00faltiples bolsillos internos<\/li>\n<li>Organizador de cable el\u00e1stico<\/li>\n<li>Etiqueta extra\u00edble para facilitar el rebranding<\/li>\n<li>Se puede decorar en la parte delantera y trasera<\/li>\n<li>Capacidad: 1.25 litros<\/li>\n<li>Medidas: 30 x 22 x 2 cm<\/li>\n<li>Max. bordado: 12 aros tubulares<\/li>\n<li>Max. \u00c1rea de impresi\u00f3n: 26 x 12 cm<\/li>\n<\/ul>","protected":false},"excerpt":{"rendered":"<p>100% poli\u00e9ster (600D)Recubrimiento suave al tactoDise\u00f1o contempor\u00e1neoCompartimento principal acolchado con cremalleraCompartimento interno acolchado para iPad\/tablet, compatible hasta 11Bolsillo fr&#8230;<\/p>","protected":false},"featured_media":428020,"comment_status":"open","ping_status":"closed","template":"","meta":{"_acf_changed":false},"product_brand":[11668],"product_cat":[13954],"product_tag":[],"class_list":{"0":"post-402137","1":"product","2":"type-product","3":"status-publish","4":"has-post-thumbnail","6":"product_brand-bag-base","7":"product_cat-acc-bolsas-y-mochilas","8":"tm-no-options","10":"first","11":"instock","12":"taxable","13":"shipping-taxable","14":"product-type-variable"},"acf":[],"_links":{"self":[{"href":"https:\/\/grupotextil.es\/en\/wp-json\/wp\/v2\/product\/402137","targetHints":{"allow":["GET"]}}],"collection":[{"href":"https:\/\/grupotextil.es\/en\/wp-json\/wp\/v2\/product"}],"about":[{"href":"https:\/\/grupotextil.es\/en\/wp-json\/wp\/v2\/types\/product"}],"replies":[{"embeddable":true,"href":"https:\/\/grupotextil.es\/en\/wp-json\/wp\/v2\/comments?post=402137"}],"wp:featuredmedia":[{"embeddable":true,"href":"https:\/\/grupotextil.es\/en\/wp-json\/wp\/v2\/media\/428020"}],"wp:attachment":[{"href":"https:\/\/grupotextil.es\/en\/wp-json\/wp\/v2\/media?parent=402137"}],"wp:term":[{"taxonomy":"product_brand","embeddable":true,"href":"https:\/\/grupotextil.es\/en\/wp-json\/wp\/v2\/product_brand?post=402137"},{"taxonomy":"product_cat","embeddable":true,"href":"https:\/\/grupotextil.es\/en\/wp-json\/wp\/v2\/product_cat?post=402137"},{"taxonomy":"product_tag","embeddable":true,"href":"https:\/\/grupotextil.es\/en\/wp-json\/wp\/v2\/product_tag?post=402137"}],"curies":[{"name":"wp","href":"https:\/\/api.w.org\/{rel}","templated":true}]}}

Funda portátil 11 Essential

<ul>
<li>100% poliéster (600D)</li>
<li>Recubrimiento suave al tacto</li>
<li>Diseño contemporáneo</li>
<li>Compartimento principal acolchado con cremallera</li>
<li>Compartimento interno acolchado para iPad/tablet, compatible hasta 11</li>
<li>Bolsillo frontal antideslizante (diseñado para una fácil decoración)</li>
<li>Bolsillo interno de malla con cremallera</li>
<li>Múltiples bolsillos internos</li>
<li>Organizador de cable elástico</li>
<li>Etiqueta extraíble para facilitar el rebranding</li>
<li>Se puede decorar en la parte delantera y trasera</li>
<li>Capacidad: 1.25 litros</li>
<li>Medidas: 30 x 22 x 2 cm</li>
<li>Max. bordado: 12 aros tubulares</li>
<li>Max. Área de impresión: 26 x 12 cm</li>
</ul>

<p>100% poliéster (600D)Recubrimiento suave al tactoDiseño contemporáneoCompartimento principal acolchado con cremalleraCompartimento interno acolchado para iPad/tablet, compatible hasta 11Bolsillo fr&#8230;</p>
