{"id":402140,"date":"2026-03-08T05:35:59","date_gmt":"2026-03-08T04:35:59","guid":{"rendered":"https:\/\/grupotextil.es\/producto\/bolsa-para-taquilla-multideporte\/"},"modified":"2026-03-08T05:35:59","modified_gmt":"2026-03-08T04:35:59","slug":"bolsa-para-taquilla-multideporte","status":"publish","type":"product","link":"https:\/\/grupotextil.es\/en\/product\/bolsa-para-taquilla-multideporte\/","title":{"rendered":"Bag para taquilla multideporte"},"content":{"rendered":"<ul>\n<li>100% Poli\u00e9ster (Reciclado, 900D)<\/li>\n<li>Asas de mano<\/li>\n<li>Correa de hombro desmontable<\/li>\n<li>Compartimento principal con apertura con cremallera de 2 v\u00edas para f\u00e1cil acceso<\/li>\n<li>Bolsillo delantero y trasero con cremallera<\/li>\n<li>Bolsillo lateral de malla el\u00e1stica<\/li>\n<li>Bolsillo exclusivo para raquetas, apto para raquetas de hasta aprox. 23cm de ancho<\/li>\n<li>Funda para palo de hockey con retenedor el\u00e1stico.<\/li>\n<li>T\u00fanel para zapatos\/bolsillo h\u00famedo<\/li>\n<li>etiqueta extra\u00edble para facilitar el cambio de marca<\/li>\n<li>Capacidad: 1,5litros<\/li>\n<li>Dimensiones: 28x19cm<\/li>\n<li>M\u00e1x. bordado: aro de 12 tubulares<\/li>\n<li>M\u00e1x. \u00e1rea de impresi\u00f3n: 25&#215;16 cm.<\/li>\n<\/ul>","protected":false},"excerpt":{"rendered":"<p>100% Poli\u00e9ster (Reciclado, 900D)Asas de manoCorrea de hombro desmontableCompartimento principal con apertura con cremallera de 2 v\u00edas para f\u00e1cil accesoBolsillo delantero y trasero con cremalleraBol&#8230;<\/p>","protected":false},"featured_media":428027,"comment_status":"open","ping_status":"closed","template":"","meta":{"_acf_changed":false},"product_brand":[11657],"product_cat":[13954],"product_tag":[],"class_list":{"0":"post-402140","1":"product","2":"type-product","3":"status-publish","4":"has-post-thumbnail","6":"product_brand-quadra","7":"product_cat-acc-bolsas-y-mochilas","8":"tm-no-options","10":"first","11":"instock","12":"taxable","13":"shipping-taxable","14":"product-type-variable"},"acf":[],"_links":{"self":[{"href":"https:\/\/grupotextil.es\/en\/wp-json\/wp\/v2\/product\/402140","targetHints":{"allow":["GET"]}}],"collection":[{"href":"https:\/\/grupotextil.es\/en\/wp-json\/wp\/v2\/product"}],"about":[{"href":"https:\/\/grupotextil.es\/en\/wp-json\/wp\/v2\/types\/product"}],"replies":[{"embeddable":true,"href":"https:\/\/grupotextil.es\/en\/wp-json\/wp\/v2\/comments?post=402140"}],"wp:featuredmedia":[{"embeddable":true,"href":"https:\/\/grupotextil.es\/en\/wp-json\/wp\/v2\/media\/428027"}],"wp:attachment":[{"href":"https:\/\/grupotextil.es\/en\/wp-json\/wp\/v2\/media?parent=402140"}],"wp:term":[{"taxonomy":"product_brand","embeddable":true,"href":"https:\/\/grupotextil.es\/en\/wp-json\/wp\/v2\/product_brand?post=402140"},{"taxonomy":"product_cat","embeddable":true,"href":"https:\/\/grupotextil.es\/en\/wp-json\/wp\/v2\/product_cat?post=402140"},{"taxonomy":"product_tag","embeddable":true,"href":"https:\/\/grupotextil.es\/en\/wp-json\/wp\/v2\/product_tag?post=402140"}],"curies":[{"name":"wp","href":"https:\/\/api.w.org\/{rel}","templated":true}]}}

<ul>
<li>100% Poliéster (Reciclado, 900D)</li>
<li>Asas de mano</li>
<li>Correa de hombro desmontable</li>
<li>Compartimento principal con apertura con cremallera de 2 vías para fácil acceso</li>
<li>Bolsillo delantero y trasero con cremallera</li>
<li>Bolsillo lateral de malla elástica</li>
<li>Bolsillo exclusivo para raquetas, apto para raquetas de hasta aprox. 23cm de ancho</li>
<li>Funda para palo de hockey con retenedor elástico.</li>
<li>Túnel para zapatos/bolsillo húmedo</li>
<li>etiqueta extraíble para facilitar el cambio de marca</li>
<li>Capacidad: 1,5litros</li>
<li>Dimensiones: 28x19cm</li>
<li>Máx. bordado: aro de 12 tubulares</li>
<li>Máx. área de impresión: 25&#215;16 cm.</li>
</ul>

<p>100% Poliéster (Reciclado, 900D)Asas de manoCorrea de hombro desmontableCompartimento principal con apertura con cremallera de 2 vías para fácil accesoBolsillo delantero y trasero con cremalleraBol&#8230;</p>
