{"id":402499,"date":"2026-03-08T05:37:41","date_gmt":"2026-03-08T04:37:41","guid":{"rendered":"https:\/\/grupotextil.es\/producto\/bolsa-de-rayas-de-algodon-organico\/"},"modified":"2026-03-08T05:37:41","modified_gmt":"2026-03-08T04:37:41","slug":"bolsa-de-rayas-de-algodon-organico","status":"publish","type":"product","link":"https:\/\/grupotextil.es\/en\/product\/bolsa-de-rayas-de-algodon-organico\/","title":{"rendered":"Bag de rayas de algod\u00f3n org\u00e1nico"},"content":{"rendered":"<ul>\n<li>200 g\/m\u00b2<\/li>\n<li>100% Algod\u00f3n (Org\u00e1nico)<\/li>\n<li>hilo te\u00f1ido<\/li>\n<li>Dise\u00f1o a rayas<\/li>\n<li>Asas de transporte (longitud: 69cm)<\/li>\n<li>Se puede llevar en la mano o al hombro<\/li>\n<li>Bolsillo delantero profundo<\/li>\n<li>Gran capacidad<\/li>\n<li>Etiqueta extra\u00edble para facilitar el cambio de marca<\/li>\n<li>Capacidad: 21 Litros<\/li>\n<li>Dimensiones: 45x37x14cm<\/li>\n<li>M\u00e1x. bordado: aro de 18 tubulares<\/li>\n<li>M\u00e1x. \u00e1rea de impresi\u00f3n: 19x24cm.<\/li>\n<\/ul>","protected":false},"excerpt":{"rendered":"<p>200 g\/m\u00b2100% Algod\u00f3n (Org\u00e1nico)hilo te\u00f1idoDise\u00f1o a rayasAsas de transporte (longitud: 69cm)Se puede llevar en la mano o al hombroBolsillo delantero profundoGran capacidadEtiqueta extra\u00edble para fac&#8230;<\/p>","protected":false},"featured_media":428291,"comment_status":"open","ping_status":"closed","template":"","meta":{"_acf_changed":false},"product_brand":[11680],"product_cat":[13954,13974,13930,13975,13973],"product_tag":[],"class_list":{"0":"post-402499","1":"product","2":"type-product","3":"status-publish","4":"has-post-thumbnail","6":"product_brand-westford-mill","7":"product_cat-acc-bolsas-y-mochilas","8":"product_cat-ropa-hombre","9":"product_cat-laboral","10":"product_cat-ropa-mujer","11":"product_cat-ropa","12":"tm-no-options","14":"first","15":"instock","16":"taxable","17":"shipping-taxable","18":"product-type-variable"},"acf":[],"_links":{"self":[{"href":"https:\/\/grupotextil.es\/en\/wp-json\/wp\/v2\/product\/402499","targetHints":{"allow":["GET"]}}],"collection":[{"href":"https:\/\/grupotextil.es\/en\/wp-json\/wp\/v2\/product"}],"about":[{"href":"https:\/\/grupotextil.es\/en\/wp-json\/wp\/v2\/types\/product"}],"replies":[{"embeddable":true,"href":"https:\/\/grupotextil.es\/en\/wp-json\/wp\/v2\/comments?post=402499"}],"wp:featuredmedia":[{"embeddable":true,"href":"https:\/\/grupotextil.es\/en\/wp-json\/wp\/v2\/media\/428291"}],"wp:attachment":[{"href":"https:\/\/grupotextil.es\/en\/wp-json\/wp\/v2\/media?parent=402499"}],"wp:term":[{"taxonomy":"product_brand","embeddable":true,"href":"https:\/\/grupotextil.es\/en\/wp-json\/wp\/v2\/product_brand?post=402499"},{"taxonomy":"product_cat","embeddable":true,"href":"https:\/\/grupotextil.es\/en\/wp-json\/wp\/v2\/product_cat?post=402499"},{"taxonomy":"product_tag","embeddable":true,"href":"https:\/\/grupotextil.es\/en\/wp-json\/wp\/v2\/product_tag?post=402499"}],"curies":[{"name":"wp","href":"https:\/\/api.w.org\/{rel}","templated":true}]}}

Bag de rayas de algodón orgánico

<ul>
<li>200 g/m²</li>
<li>100% Algodón (Orgánico)</li>
<li>hilo teñido</li>
<li>Diseño a rayas</li>
<li>Asas de transporte (longitud: 69cm)</li>
<li>Se puede llevar en la mano o al hombro</li>
<li>Bolsillo delantero profundo</li>
<li>Gran capacidad</li>
<li>Etiqueta extraíble para facilitar el cambio de marca</li>
<li>Capacidad: 21 Litros</li>
<li>Dimensiones: 45x37x14cm</li>
<li>Máx. bordado: aro de 18 tubulares</li>
<li>Máx. área de impresión: 19x24cm.</li>
</ul>

<p>200 g/m²100% Algodón (Orgánico)hilo teñidoDiseño a rayasAsas de transporte (longitud: 69cm)Se puede llevar en la mano o al hombroBolsillo delantero profundoGran capacidadEtiqueta extraíble para fac&#8230;</p>
