{"id":402506,"date":"2026-03-08T05:37:42","date_gmt":"2026-03-08T04:37:42","guid":{"rendered":"https:\/\/grupotextil.es\/producto\/pantalon-slim-fit\/"},"modified":"2026-03-08T05:37:42","modified_gmt":"2026-03-08T04:37:42","slug":"pantalon-slim-fit","status":"publish","type":"product","link":"https:\/\/grupotextil.es\/en\/product\/pantalon-slim-fit\/","title":{"rendered":"Pantal\u00f3n ajustado"},"content":{"rendered":"<ul>\n<li>220 g\/m\u00b2<\/li>\n<li>100% poli\u00e9ster<\/li>\n<li>Tela el\u00e1stica<\/li>\n<li>Secado r\u00e1pido<\/li>\n<li>Cintura con cord\u00f3n<\/li>\n<li>Bolsillos laterales de malla con cremallera, incluyendo bolsillo para llaves<\/li>\n<li>Cremalleras en el tobillo<\/li>\n<li>Costuras ergon\u00f3micas.<\/li>\n<\/ul>","protected":false},"excerpt":{"rendered":"<p>220 g\/m\u00b2100% poli\u00e9sterTela el\u00e1sticaSecado r\u00e1pidoCintura con cord\u00f3nBolsillos laterales de malla con cremallera, incluyendo bolsillo para llavesCremalleras en el tobilloCosturas ergon\u00f3micas.<\/p>","protected":false},"featured_media":428304,"comment_status":"open","ping_status":"closed","template":"","meta":{"_acf_changed":false},"product_brand":[11669],"product_cat":[13954,13974,13930,13975,13973],"product_tag":[],"class_list":{"0":"post-402506","1":"product","2":"type-product","3":"status-publish","4":"has-post-thumbnail","6":"product_brand-result","7":"product_cat-acc-bolsas-y-mochilas","8":"product_cat-ropa-hombre","9":"product_cat-laboral","10":"product_cat-ropa-mujer","11":"product_cat-ropa","12":"tm-no-options","14":"first","15":"instock","16":"taxable","17":"shipping-taxable","18":"product-type-variable"},"acf":[],"_links":{"self":[{"href":"https:\/\/grupotextil.es\/en\/wp-json\/wp\/v2\/product\/402506","targetHints":{"allow":["GET"]}}],"collection":[{"href":"https:\/\/grupotextil.es\/en\/wp-json\/wp\/v2\/product"}],"about":[{"href":"https:\/\/grupotextil.es\/en\/wp-json\/wp\/v2\/types\/product"}],"replies":[{"embeddable":true,"href":"https:\/\/grupotextil.es\/en\/wp-json\/wp\/v2\/comments?post=402506"}],"wp:featuredmedia":[{"embeddable":true,"href":"https:\/\/grupotextil.es\/en\/wp-json\/wp\/v2\/media\/428304"}],"wp:attachment":[{"href":"https:\/\/grupotextil.es\/en\/wp-json\/wp\/v2\/media?parent=402506"}],"wp:term":[{"taxonomy":"product_brand","embeddable":true,"href":"https:\/\/grupotextil.es\/en\/wp-json\/wp\/v2\/product_brand?post=402506"},{"taxonomy":"product_cat","embeddable":true,"href":"https:\/\/grupotextil.es\/en\/wp-json\/wp\/v2\/product_cat?post=402506"},{"taxonomy":"product_tag","embeddable":true,"href":"https:\/\/grupotextil.es\/en\/wp-json\/wp\/v2\/product_tag?post=402506"}],"curies":[{"name":"wp","href":"https:\/\/api.w.org\/{rel}","templated":true}]}}

Pantalón ajustado

<ul>
<li>220 g/m²</li>
<li>100% poliéster</li>
<li>Tela elástica</li>
<li>Secado rápido</li>
<li>Cintura con cordón</li>
<li>Bolsillos laterales de malla con cremallera, incluyendo bolsillo para llaves</li>
<li>Cremalleras en el tobillo</li>
<li>Costuras ergonómicas.</li>
</ul>

<p>220 g/m²100% poliésterTela elásticaSecado rápidoCintura con cordónBolsillos laterales de malla con cremallera, incluyendo bolsillo para llavesCremalleras en el tobilloCosturas ergonómicas.</p>
