{"id":402646,"date":"2026-03-08T05:37:49","date_gmt":"2026-03-08T04:37:49","guid":{"rendered":"https:\/\/grupotextil.es\/producto\/bolsa-shopper-classic-de-yute-natural-almidonado\/"},"modified":"2026-03-08T05:37:49","modified_gmt":"2026-03-08T04:37:49","slug":"bolsa-shopper-classic-de-yute-natural-almidonado","status":"publish","type":"product","link":"https:\/\/grupotextil.es\/en\/product\/bolsa-shopper-classic-de-yute-natural-almidonado\/","title":{"rendered":"Bag Shopper Classic Jute natural almidonado"},"content":{"rendered":"<ul>\n<li>100% Yute (Sin Laminar y Almidonado)<\/li>\n<li>Asas de transporte de algod\u00f3n (longitud: 55 cm)<\/li>\n<li>Se puede llevar en la mano o al hombro<\/li>\n<li>Etiqueta extra\u00edble para facilitar el cambio de marca<\/li>\n<li>Capacidad: 21 Litros<\/li>\n<li>Dimensiones: 42x33x19cm<\/li>\n<li>M\u00e1x. bordado: aro de 18 tubulares<\/li>\n<li>M\u00e1x. \u00e1rea de impresi\u00f3n: 34&#215;24 cm<\/li>\n<\/ul>","protected":false},"excerpt":{"rendered":"<p>100% Yute (Sin Laminar y Almidonado)Asas de transporte de algod\u00f3n (longitud: 55 cm)Se puede llevar en la mano o al hombroEtiqueta extra\u00edble para facilitar el cambio de marcaCapacidad: 21 LitrosDime&#8230;<\/p>","protected":false},"featured_media":428401,"comment_status":"open","ping_status":"closed","template":"","meta":{"_acf_changed":false},"product_brand":[11680],"product_cat":[13954,13974,13930,13975,13973],"product_tag":[],"class_list":{"0":"post-402646","1":"product","2":"type-product","3":"status-publish","4":"has-post-thumbnail","6":"product_brand-westford-mill","7":"product_cat-acc-bolsas-y-mochilas","8":"product_cat-ropa-hombre","9":"product_cat-laboral","10":"product_cat-ropa-mujer","11":"product_cat-ropa","12":"tm-no-options","14":"first","15":"instock","16":"taxable","17":"shipping-taxable","18":"product-type-variable"},"acf":[],"_links":{"self":[{"href":"https:\/\/grupotextil.es\/en\/wp-json\/wp\/v2\/product\/402646","targetHints":{"allow":["GET"]}}],"collection":[{"href":"https:\/\/grupotextil.es\/en\/wp-json\/wp\/v2\/product"}],"about":[{"href":"https:\/\/grupotextil.es\/en\/wp-json\/wp\/v2\/types\/product"}],"replies":[{"embeddable":true,"href":"https:\/\/grupotextil.es\/en\/wp-json\/wp\/v2\/comments?post=402646"}],"wp:featuredmedia":[{"embeddable":true,"href":"https:\/\/grupotextil.es\/en\/wp-json\/wp\/v2\/media\/428401"}],"wp:attachment":[{"href":"https:\/\/grupotextil.es\/en\/wp-json\/wp\/v2\/media?parent=402646"}],"wp:term":[{"taxonomy":"product_brand","embeddable":true,"href":"https:\/\/grupotextil.es\/en\/wp-json\/wp\/v2\/product_brand?post=402646"},{"taxonomy":"product_cat","embeddable":true,"href":"https:\/\/grupotextil.es\/en\/wp-json\/wp\/v2\/product_cat?post=402646"},{"taxonomy":"product_tag","embeddable":true,"href":"https:\/\/grupotextil.es\/en\/wp-json\/wp\/v2\/product_tag?post=402646"}],"curies":[{"name":"wp","href":"https:\/\/api.w.org\/{rel}","templated":true}]}}

<ul>
<li>100% Yute (Sin Laminar y Almidonado)</li>
<li>Asas de transporte de algodón (longitud: 55 cm)</li>
<li>Se puede llevar en la mano o al hombro</li>
<li>Etiqueta extraíble para facilitar el cambio de marca</li>
<li>Capacidad: 21 Litros</li>
<li>Dimensiones: 42x33x19cm</li>
<li>Máx. bordado: aro de 18 tubulares</li>
<li>Máx. área de impresión: 34&#215;24 cm</li>
</ul>

<p>100% Yute (Sin Laminar y Almidonado)Asas de transporte de algodón (longitud: 55 cm)Se puede llevar en la mano o al hombroEtiqueta extraíble para facilitar el cambio de marcaCapacidad: 21 LitrosDime&#8230;</p>
