{"id":402789,"date":"2026-03-08T05:38:38","date_gmt":"2026-03-08T04:38:38","guid":{"rendered":"https:\/\/grupotextil.es\/producto\/mini-bolsa-de-regalo-de-yute-natural-almidonado\/"},"modified":"2026-03-08T05:38:38","modified_gmt":"2026-03-08T04:38:38","slug":"mini-bolsa-de-regalo-de-yute-natural-almidonado","status":"publish","type":"product","link":"https:\/\/grupotextil.es\/en\/product\/mini-bolsa-de-regalo-de-yute-natural-almidonado\/","title":{"rendered":"Mini Bag de regalo Jute natural almidonado"},"content":{"rendered":"<ul>\n<li>100% Yute (Sin Laminar y Almidonado)<\/li>\n<li>Asas de transporte de algod\u00f3n (longitud: 35cm)<\/li>\n<li>Etiqueta extra\u00edble para facilitar el cambio de marca<\/li>\n<li>Capacidad: 6 Litros<\/li>\n<li>Dimensiones: 26x22x14cm<\/li>\n<li>M\u00e1x. bordado: aro de 15 tubulares<\/li>\n<li>M\u00e1x. \u00e1rea de impresi\u00f3n: 22&#215;17 cm.<\/li>\n<\/ul>","protected":false},"excerpt":{"rendered":"<p>100% Yute (Sin Laminar y Almidonado)Asas de transporte de algod\u00f3n (longitud: 35cm)Etiqueta extra\u00edble para facilitar el cambio de marcaCapacidad: 6 LitrosDimensiones: 26x22x14cmM\u00e1x. bordado: aro de &#8230;<\/p>","protected":false},"featured_media":428512,"comment_status":"open","ping_status":"closed","template":"","meta":{"_acf_changed":false},"product_brand":[11680],"product_cat":[13954,13974,13932,13930,13975,13983,13973],"product_tag":[],"class_list":{"0":"post-402789","1":"product","2":"type-product","3":"status-publish","4":"has-post-thumbnail","6":"product_brand-westford-mill","7":"product_cat-acc-bolsas-y-mochilas","8":"product_cat-ropa-hombre","9":"product_cat-hosteleria-horeca","10":"product_cat-laboral","11":"product_cat-ropa-mujer","12":"product_cat-h-pantalones","13":"product_cat-ropa","14":"tm-no-options","16":"first","17":"instock","18":"taxable","19":"shipping-taxable","20":"product-type-variable"},"acf":[],"_links":{"self":[{"href":"https:\/\/grupotextil.es\/en\/wp-json\/wp\/v2\/product\/402789","targetHints":{"allow":["GET"]}}],"collection":[{"href":"https:\/\/grupotextil.es\/en\/wp-json\/wp\/v2\/product"}],"about":[{"href":"https:\/\/grupotextil.es\/en\/wp-json\/wp\/v2\/types\/product"}],"replies":[{"embeddable":true,"href":"https:\/\/grupotextil.es\/en\/wp-json\/wp\/v2\/comments?post=402789"}],"wp:featuredmedia":[{"embeddable":true,"href":"https:\/\/grupotextil.es\/en\/wp-json\/wp\/v2\/media\/428512"}],"wp:attachment":[{"href":"https:\/\/grupotextil.es\/en\/wp-json\/wp\/v2\/media?parent=402789"}],"wp:term":[{"taxonomy":"product_brand","embeddable":true,"href":"https:\/\/grupotextil.es\/en\/wp-json\/wp\/v2\/product_brand?post=402789"},{"taxonomy":"product_cat","embeddable":true,"href":"https:\/\/grupotextil.es\/en\/wp-json\/wp\/v2\/product_cat?post=402789"},{"taxonomy":"product_tag","embeddable":true,"href":"https:\/\/grupotextil.es\/en\/wp-json\/wp\/v2\/product_tag?post=402789"}],"curies":[{"name":"wp","href":"https:\/\/api.w.org\/{rel}","templated":true}]}}

<ul>
<li>100% Yute (Sin Laminar y Almidonado)</li>
<li>Asas de transporte de algodón (longitud: 35cm)</li>
<li>Etiqueta extraíble para facilitar el cambio de marca</li>
<li>Capacidad: 6 Litros</li>
<li>Dimensiones: 26x22x14cm</li>
<li>Máx. bordado: aro de 15 tubulares</li>
<li>Máx. área de impresión: 22&#215;17 cm.</li>
</ul>

<p>100% Yute (Sin Laminar y Almidonado)Asas de transporte de algodón (longitud: 35cm)Etiqueta extraíble para facilitar el cambio de marcaCapacidad: 6 LitrosDimensiones: 26x22x14cmMáx. bordado: aro de &#8230;</p>
