{"id":403230,"date":"2026-03-08T05:39:19","date_gmt":"2026-03-08T04:39:19","guid":{"rendered":"https:\/\/grupotextil.es\/producto\/pantalones-athletic\/"},"modified":"2026-03-08T05:39:19","modified_gmt":"2026-03-08T04:39:19","slug":"pantalones-athletic","status":"publish","type":"product","link":"https:\/\/grupotextil.es\/en\/product\/pantalones-athletic\/","title":{"rendered":"Pantalones Athletic"},"content":{"rendered":"<ul>\n<li>320 g\/m\u00b2<\/li>\n<li>60% Algod\u00f3n, hilado en anillos, 40% Poli\u00e9ster<\/li>\n<li>Cintura el\u00e1stica con cord\u00f3n<\/li>\n<li>Bolsillos laterales con cremallera SBS<\/li>\n<li>Pu\u00f1os del mismo tejido<\/li>\n<\/ul>","protected":false},"excerpt":{"rendered":"<p>320 g\/m\u00b260% Algod\u00f3n, hilado en anillos, 40% Poli\u00e9sterCintura el\u00e1stica con cord\u00f3nBolsillos laterales con cremallera SBSPu\u00f1os del mismo tejido<\/p>","protected":false},"featured_media":428821,"comment_status":"open","ping_status":"closed","template":"","meta":{"_acf_changed":false},"product_brand":[11671],"product_cat":[13954,13974,13932,13930,13975,13983,13973],"product_tag":[14010],"class_list":{"0":"post-403230","1":"product","2":"type-product","3":"status-publish","4":"has-post-thumbnail","6":"product_brand-tee-jays","7":"product_cat-acc-bolsas-y-mochilas","8":"product_cat-ropa-hombre","9":"product_cat-hosteleria-horeca","10":"product_cat-laboral","11":"product_cat-ropa-mujer","12":"product_cat-h-pantalones","13":"product_cat-ropa","14":"product_tag-nuevo-2026","15":"tm-no-options","17":"first","18":"instock","19":"taxable","20":"shipping-taxable","21":"product-type-variable"},"acf":[],"_links":{"self":[{"href":"https:\/\/grupotextil.es\/en\/wp-json\/wp\/v2\/product\/403230","targetHints":{"allow":["GET"]}}],"collection":[{"href":"https:\/\/grupotextil.es\/en\/wp-json\/wp\/v2\/product"}],"about":[{"href":"https:\/\/grupotextil.es\/en\/wp-json\/wp\/v2\/types\/product"}],"replies":[{"embeddable":true,"href":"https:\/\/grupotextil.es\/en\/wp-json\/wp\/v2\/comments?post=403230"}],"wp:featuredmedia":[{"embeddable":true,"href":"https:\/\/grupotextil.es\/en\/wp-json\/wp\/v2\/media\/428821"}],"wp:attachment":[{"href":"https:\/\/grupotextil.es\/en\/wp-json\/wp\/v2\/media?parent=403230"}],"wp:term":[{"taxonomy":"product_brand","embeddable":true,"href":"https:\/\/grupotextil.es\/en\/wp-json\/wp\/v2\/product_brand?post=403230"},{"taxonomy":"product_cat","embeddable":true,"href":"https:\/\/grupotextil.es\/en\/wp-json\/wp\/v2\/product_cat?post=403230"},{"taxonomy":"product_tag","embeddable":true,"href":"https:\/\/grupotextil.es\/en\/wp-json\/wp\/v2\/product_tag?post=403230"}],"curies":[{"name":"wp","href":"https:\/\/api.w.org\/{rel}","templated":true}]}}

<ul>
<li>320 g/m²</li>
<li>60% Algodón, hilado en anillos, 40% Poliéster</li>
<li>Cintura elástica con cordón</li>
<li>Bolsillos laterales con cremallera SBS</li>
<li>Puños del mismo tejido</li>
</ul>

<p>320 g/m²60% Algodón, hilado en anillos, 40% PoliésterCintura elástica con cordónBolsillos laterales con cremallera SBSPuños del mismo tejido</p>
